66.249.66.72 - - [31/Jul/2008:18:33:55 -0700] "GET / HTTP/1.1" 200 3283 "-" "Mozilla/5.0 (compatible; Googlebot/2.1; +http://www.google.com/bot.html)" "www.fleca.org"
216.145.54.196 - - [31/Jul/2008:19:40:53 -0700] "GET / HTTP/1.1" 200 3283 "-" "Mozilla/4.0 (compatible; MSIE 6.0; Windows NT 5.1)" "fleca.org"
67.195.37.108 - - [31/Jul/2008:20:08:49 -0700] "GET /billofrights.html HTTP/1.0" 200 16487 "-" "Mozilla/5.0 (compatible; Yahoo! Slurp; http://help.yahoo.com/help/us/ysearch/slurp)" "www.fleca.org"
72.186.159.194 - - [31/Jul/2008:20:58:53 -0700] "GET / HTTP/1.1" 200 3283 "-" "Mozilla/4.0 (compatible; MSIE 7.0; Windows NT 6.0; SLCC1; .NET CLR 2.0.50727; .NET CLR 3.0.04506; .NET CLR 1.1.4322)" "www.fleca.org"
72.186.159.194 - - [31/Jul/2008:20:58:54 -0700] "GET /clipart/images/sidebars/blueSquareFadedColumnLeft.gif HTTP/1.1" 200 2778 "http://www.fleca.org/" "Mozilla/4.0 (compatible; MSIE 7.0; Windows NT 6.0; SLCC1; .NET CLR 2.0.50727; .NET CLR 3.0.04506; .NET CLR 1.1.4322)" "www.fleca.org"
72.186.159.194 - - [31/Jul/2008:20:58:54 -0700] "GET /clipart/images/sidebars/blueSquareFadedColumn.gif HTTP/1.1" 200 3111 "http://www.fleca.org/" "Mozilla/4.0 (compatible; MSIE 7.0; Windows NT 6.0; SLCC1; .NET CLR 2.0.50727; .NET CLR 3.0.04506; .NET CLR 1.1.4322)" "www.fleca.org"
72.186.159.194 - - [31/Jul/2008:20:58:54 -0700] "GET /sitebuilder/images/1symbolfleca-265x414.jpg HTTP/1.1" 200 20702 "http://www.fleca.org/" "Mozilla/4.0 (compatible; MSIE 7.0; Windows NT 6.0; SLCC1; .NET CLR 2.0.50727; .NET CLR 3.0.04506; .NET CLR 1.1.4322)" "www.fleca.org"
72.186.159.194 - - [31/Jul/2008:20:59:06 -0700] "GET /sounds/Dierks_Bentley_-_Long_Trip_Alone_.wav HTTP/1.1" 200 5636096 "http://www.fleca.org/" "Mozilla/4.0 (compatible; MSIE 7.0; Windows NT 6.0; SLCC1; .NET CLR 2.0.50727; .NET CLR 3.0.04506; .NET CLR 1.1.4322)" "www.fleca.org"
66.228.161.111 - - [31/Jul/2008:21:37:21 -0700] "GET / HTTP/1.1" 200 3283 "-" "Mozilla/4.0 (compatible; MSIE 6.0; Windows NT 5.1)" "www.fleca.org"
74.6.17.174 - - [31/Jul/2008:21:41:04 -0700] "GET /robots.txt HTTP/1.0" 200 36 "-" "Mozilla/5.0 (compatible; Yahoo! Slurp; http://help.yahoo.com/help/us/ysearch/slurp)" "www.fleca.org"
74.6.17.174 - - [31/Jul/2008:21:41:04 -0700] "GET /tmp/?D=A HTTP/1.0" 200 504 "-" "Mozilla/5.0 (compatible; Yahoo! Slurp; http://help.yahoo.com/help/us/ysearch/slurp)" "www.fleca.org"
74.6.17.151 - - [31/Jul/2008:22:33:19 -0700] "GET /robots.txt HTTP/1.0" 200 36 "-" "Mozilla/5.0 (compatible; Yahoo! Slurp; http://help.yahoo.com/help/us/ysearch/slurp)" "fleca.org"
74.6.17.151 - - [31/Jul/2008:22:33:19 -0700] "GET /blog.html?t=t&pg=1&cnt=5 HTTP/1.0" 404 275 "-" "Mozilla/5.0 (compatible; Yahoo! Slurp; http://help.yahoo.com/help/us/ysearch/slurp)" "fleca.org"
64.13.160.36 - - [01/Aug/2008:01:13:11 -0700] "GET /robots.txt HTTP/1.1" 200 36 "-" "Mozilla/5.0 (compatible; ScoutJet; +http://www.scoutjet.com/)" "www.fleca.org"
64.13.160.36 - - [01/Aug/2008:01:13:27 -0700] "GET / HTTP/1.1" 200 3283 "-" "Mozilla/5.0 (compatible; ScoutJet; +http://www.scoutjet.com/)" "www.fleca.org"
64.13.160.36 - - [01/Aug/2008:01:13:42 -0700] "GET /favicon.ico HTTP/1.1" 404 275 "-" "Mozilla/5.0 (compatible; ScoutJet; +http://www.scoutjet.com/)" "www.fleca.org"
74.6.17.151 - - [01/Aug/2008:02:21:04 -0700] "GET /robots.txt HTTP/1.0" 200 36 "-" "Mozilla/5.0 (compatible; Yahoo! Slurp; http://help.yahoo.com/help/us/ysearch/slurp)" "fleca.org"
74.6.17.151 - - [01/Aug/2008:02:21:04 -0700] "GET / HTTP/1.0" 200 3283 "-" "Mozilla/5.0 (compatible; Yahoo! Slurp; http://help.yahoo.com/help/us/ysearch/slurp)" "fleca.org"
74.6.17.151 - - [01/Aug/2008:02:23:22 -0700] "GET /aboutus.html HTTP/1.0" 304 - "-" "Mozilla/5.0 (compatible; Yahoo! Slurp; http://help.yahoo.com/help/us/ysearch/slurp)" "fleca.org"
74.6.17.151 - - [01/Aug/2008:02:45:29 -0700] "GET /yahoo_site_admin/assets/ HTTP/1.0" 404 275 "-" "Mozilla/5.0 (compatible; Yahoo! Slurp; http://help.yahoo.com/help/us/ysearch/slurp)" "fleca.org"
66.249.66.72 - - [01/Aug/2008:05:18:20 -0700] "GET /robots.txt HTTP/1.1" 200 36 "-" "Mozilla/5.0 (compatible; Googlebot/2.1; +http://www.google.com/bot.html)" "fleca.org"
66.249.66.72 - - [01/Aug/2008:05:18:20 -0700] "GET /sitemap.xml HTTP/1.1" 200 188 "-" "Mozilla/5.0 (compatible; Googlebot/2.1; +http://www.google.com/bot.html)" "fleca.org"
208.80.193.48 - - [01/Aug/2008:05:52:37 -0700] "GET / HTTP/1.0" 200 3283 "-" "Mozilla/4.0 (compatible; MSIE 7.0; Windows NT 5.1; (R1 1.6); .NET CLR 1.1.4322; .NET CLR 2.0.50727; .NET CLR 3.0.04506.30)" "www.fleca.org"
74.6.17.174 - - [01/Aug/2008:06:31:03 -0700] "GET /tmp/?D=D HTTP/1.0" 200 504 "-" "Mozilla/5.0 (compatible; Yahoo! Slurp; http://help.yahoo.com/help/us/ysearch/slurp)" "www.fleca.org"
67.195.37.108 - - [01/Aug/2008:08:01:13 -0700] "GET /robots.txt HTTP/1.0" 200 36 "-" "Mozilla/5.0 (compatible; Yahoo! Slurp; http://help.yahoo.com/help/us/ysearch/slurp)" "www.fleca.org"
67.195.37.108 - - [01/Aug/2008:08:02:41 -0700] "GET /contactus.html HTTP/1.0" 200 22004 "-" "Mozilla/5.0 (compatible; Yahoo! Slurp; http://help.yahoo.com/help/us/ysearch/slurp)" "www.fleca.org"
67.195.37.108 - - [01/Aug/2008:10:27:15 -0700] "GET / HTTP/1.0" 304 - "-" "Mozilla/5.0 (compatible; Yahoo! Slurp; http://help.yahoo.com/help/us/ysearch/slurp)" "www.fleca.org"
208.99.195.54 - - [01/Aug/2008:10:51:26 -0700] "GET / HTTP/1.1" 200 3283 "-" "Mozilla/4.0 (compatible; MSIE 6.0; Windows NT 5.1)" "www.fleca.org"
208.99.195.54 - - [01/Aug/2008:10:56:06 -0700] "GET / HTTP/1.1" 200 3283 "-" "Mozilla/4.0 (compatible; MSIE 6.0; Windows NT 5.1)" "fleca.org"
66.249.66.72 - - [01/Aug/2008:13:19:25 -0700] "GET /sitemap.xml HTTP/1.1" 200 188 "-" "Mozilla/5.0 (compatible; Googlebot/2.1; +http://www.google.com/bot.html)" "fleca.org"
64.13.160.36 - - [01/Aug/2008:15:25:41 -0700] "GET /robots.txt HTTP/1.1" 200 36 "-" "Mozilla/5.0 (compatible; ScoutJet; +http://www.scoutjet.com/)" "www.fleca.org"
64.13.160.36 - - [01/Aug/2008:15:25:57 -0700] "GET /aboutus.html HTTP/1.1" 200 8037 "-" "Mozilla/5.0 (compatible; ScoutJet; +http://www.scoutjet.com/)" "www.fleca.org"
70.129.16.37 - - [01/Aug/2008:16:01:22 -0700] "GET /logs/ HTTP/1.0" 200 2215 "-" "Wget/1.5.3.1" "fleca.org"
70.129.16.37 - - [01/Aug/2008:16:01:23 -0700] "GET /robots.txt HTTP/1.0" 200 36 "-" "Wget/1.5.3.1" "fleca.org"
70.129.16.37 - - [01/Aug/2008:16:01:23 -0700] "GET /logs/access.log HTTP/1.0" 200 6052 "http://fleca.org/logs/" "Wget/1.5.3.1" "fleca.org"
70.129.16.37 - - [01/Aug/2008:16:15:15 -0700] "GET /robots.txt HTTP/1.0" 200 36 "-" "Wget/1.5.3.1" "fleca.org"
70.129.16.37 - - [01/Aug/2008:16:15:16 -0700] "GET /logs/contactus.html HTTP/1.0" 404 275 "http://smlstudios.com/logs/" "Wget/1.5.3.1" "fleca.org"
70.129.16.37 - - [01/Aug/2008:16:15:16 -0700] "GET /logs/print.html HTTP/1.0" 404 275 "http://smlstudios.com/logs/" "Wget/1.5.3.1" "fleca.org"
66.249.66.72 - - [01/Aug/2008:16:19:01 -0700] "GET / HTTP/1.1" 200 3283 "-" "Mozilla/5.0 (compatible; Googlebot/2.1; +http://www.google.com/bot.html)" "fleca.org"
74.6.17.151 - - [01/Aug/2008:16:51:47 -0700] "GET /blog.html?t=p&pg=1&cnt=5 HTTP/1.0" 404 275 "-" "Mozilla/5.0 (compatible; Yahoo! Slurp; http://help.yahoo.com/help/us/ysearch/slurp)" "fleca.org"
208.80.193.34 - - [01/Aug/2008:18:56:16 -0700] "GET / HTTP/1.0" 200 3283 "-" "Mozilla/4.0 (compatible; MSIE 7.0; Windows NT 5.1; .NET CLR 1.0.3705; .NET CLR 1.1.4322; AM Browser 2.0.1)" "www.fleca.org"
74.6.17.151 - - [01/Aug/2008:19:39:24 -0700] "GET /robots.txt HTTP/1.0" 200 36 "-" "Mozilla/5.0 (compatible; Yahoo! Slurp; http://help.yahoo.com/help/us/ysearch/slurp)" "fleca.org"
74.6.17.151 - - [01/Aug/2008:19:39:24 -0700] "GET /yahoo_site_admin/assets/docs/internal_affairs_012008.311195616.docx HTTP/1.0" 404 275 "-" "Mozilla/5.0 (compatible; Yahoo! Slurp; http://help.yahoo.com/help/us/ysearch/slurp)" "fleca.org"
208.99.195.54 - - [01/Aug/2008:20:32:29 -0700] "GET / HTTP/1.0" 200 3283 "-" "Mozilla/4.0 (compatible; MSIE 6.0; Windows NT 5.1; SV1; .NET CLR 2.0.50727)" "fleca.org"
208.99.195.54 - - [01/Aug/2008:20:32:31 -0700] "GET / HTTP/1.0" 200 3283 "-" "Mozilla/4.0 (compatible; MSIE 6.0; Windows NT 5.1; SV1; .NET CLR 2.0.50727)" "www.fleca.org"
208.99.195.54 - - [01/Aug/2008:20:41:54 -0700] "GET /aboutus.html HTTP/1.0" 200 8037 "-" "Mozilla/4.0 (compatible; MSIE 6.0; Windows NT 5.1; SV1; .NET CLR 2.0.50727)" "www.fleca.org"
208.99.195.54 - - [01/Aug/2008:20:41:57 -0700] "GET /sounds/Dierks_Bentley_-_Long_Trip_Alone_.wav HTTP/1.0" 200 262144 "-" "Mozilla/4.0 (compatible; MSIE 6.0; Windows NT 5.1; SV1; .NET CLR 2.0.50727)" "www.fleca.org"
66.249.66.72 - - [01/Aug/2008:22:50:52 -0700] "GET /robots.txt HTTP/1.1" 200 36 "-" "Mozilla/5.0 (compatible; Googlebot/2.1; +http://www.google.com/bot.html)" "www.fleca.org"
66.249.66.72 - - [01/Aug/2008:22:50:52 -0700] "GET /contactus.html HTTP/1.1" 304 - "-" "Mozilla/5.0 (compatible; Googlebot/2.1; +http://www.google.com/bot.html)" "www.fleca.org"
64.13.160.36 - - [02/Aug/2008:07:18:59 -0700] "GET /robots.txt HTTP/1.1" 200 36 "-" "Mozilla/5.0 (compatible; ScoutJet; +http://www.scoutjet.com/)" "www.fleca.org"
64.13.160.36 - - [02/Aug/2008:07:19:14 -0700] "GET /services.html HTTP/1.1" 200 6929 "-" "Mozilla/5.0 (compatible; ScoutJet; +http://www.scoutjet.com/)" "www.fleca.org"
74.6.17.174 - - [02/Aug/2008:08:00:06 -0700] "GET /robots.txt HTTP/1.0" 200 36 "-" "Mozilla/5.0 (compatible; Yahoo! Slurp; http://help.yahoo.com/help/us/ysearch/slurp)" "www.fleca.org"
74.6.17.174 - - [02/Aug/2008:08:00:06 -0700] "GET / HTTP/1.0" 200 3283 "-" "Mozilla/5.0 (compatible; Yahoo! Slurp; http://help.yahoo.com/help/us/ysearch/slurp)" "www.fleca.org"
74.6.17.151 - - [02/Aug/2008:10:33:56 -0700] "GET /robots.txt HTTP/1.0" 200 36 "-" "Mozilla/5.0 (compatible; Yahoo! Slurp; http://help.yahoo.com/help/us/ysearch/slurp)" "fleca.org"
74.6.17.151 - - [02/Aug/2008:10:33:56 -0700] "GET /yahoo_site_admin/assets/?N=D HTTP/1.0" 404 275 "-" "Mozilla/5.0 (compatible; Yahoo! Slurp; http://help.yahoo.com/help/us/ysearch/slurp)" "fleca.org"
74.6.17.174 - - [02/Aug/2008:14:23:05 -0700] "GET /aboutus.html HTTP/1.0" 200 8037 "-" "Mozilla/5.0 (compatible; Yahoo! Slurp; http://help.yahoo.com/help/us/ysearch/slurp)" "www.fleca.org"
74.6.17.174 - - [02/Aug/2008:19:56:08 -0700] "GET /robots.txt HTTP/1.0" 200 36 "-" "Mozilla/5.0 (compatible; Yahoo! Slurp; http://help.yahoo.com/help/us/ysearch/slurp)" "www.fleca.org"
74.6.17.174 - - [02/Aug/2008:19:56:08 -0700] "GET /logs/?S=D HTTP/1.0" 200 2215 "-" "Mozilla/5.0 (compatible; Yahoo! Slurp; http://help.yahoo.com/help/us/ysearch/slurp)" "www.fleca.org"
12.189.7.226 - - [03/Aug/2008:00:22:34 -0700] "GET /billofrights.html HTTP/1.1" 200 16487 "http://www.google.com/search?hl=en&rlz=1T4GGIH_enUS244US244&q=112.533&start=40&sa=N" "Mozilla/4.0 (compatible; MSIE 7.0; Windows NT 5.1; FunWebProducts; .NET CLR 1.1.4322; .NET CLR 2.0.50727; .NET CLR 3.0.04506.30)" "www.fleca.org"
12.189.7.226 - - [03/Aug/2008:00:22:36 -0700] "GET /clipart/images/sidebars/blueSquareFadedColumnLeft.gif HTTP/1.1" 200 2778 "http://www.fleca.org/billofrights.html" "Mozilla/4.0 (compatible; MSIE 7.0; Windows NT 5.1; FunWebProducts; .NET CLR 1.1.4322; .NET CLR 2.0.50727; .NET CLR 3.0.04506.30)" "www.fleca.org"
12.189.7.226 - - [03/Aug/2008:00:22:37 -0700] "GET /clipart/pageHeaders/ladyJusticeBlueClouds.jpg HTTP/1.1" 200 12537 "http://www.fleca.org/billofrights.html" "Mozilla/4.0 (compatible; MSIE 7.0; Windows NT 5.1; FunWebProducts; .NET CLR 1.1.4322; .NET CLR 2.0.50727; .NET CLR 3.0.04506.30)" "www.fleca.org"
12.189.7.226 - - [03/Aug/2008:00:22:37 -0700] "GET /sitebuilder/images/garrity-0-inactive-70387.png HTTP/1.1" 200 3154 "http://www.fleca.org/billofrights.html" "Mozilla/4.0 (compatible; MSIE 7.0; Windows NT 5.1; FunWebProducts; .NET CLR 1.1.4322; .NET CLR 2.0.50727; .NET CLR 3.0.04506.30)" "www.fleca.org"
12.189.7.226 - - [03/Aug/2008:00:22:39 -0700] "GET /sitebuilder/images/garrity-1-inactive-70646.png HTTP/1.1" 200 3357 "http://www.fleca.org/billofrights.html" "Mozilla/4.0 (compatible; MSIE 7.0; Windows NT 5.1; FunWebProducts; .NET CLR 1.1.4322; .NET CLR 2.0.50727; .NET CLR 3.0.04506.30)" "www.fleca.org"
12.189.7.226 - - [03/Aug/2008:00:22:40 -0700] "GET /sitebuilder/images/garrity-2-inactive-70931.png HTTP/1.1" 200 3363 "http://www.fleca.org/billofrights.html" "Mozilla/4.0 (compatible; MSIE 7.0; Windows NT 5.1; FunWebProducts; .NET CLR 1.1.4322; .NET CLR 2.0.50727; .NET CLR 3.0.04506.30)" "www.fleca.org"
12.189.7.226 - - [03/Aug/2008:00:22:40 -0700] "GET /sitebuilder/images/garrity-3-inactive-71211.png HTTP/1.1" 200 3329 "http://www.fleca.org/billofrights.html" "Mozilla/4.0 (compatible; MSIE 7.0; Windows NT 5.1; FunWebProducts; .NET CLR 1.1.4322; .NET CLR 2.0.50727; .NET CLR 3.0.04506.30)" "www.fleca.org"
12.189.7.226 - - [03/Aug/2008:00:22:42 -0700] "GET /sitebuilder/images/garrity-4-active-71608.png HTTP/1.1" 200 2997 "http://www.fleca.org/billofrights.html" "Mozilla/4.0 (compatible; MSIE 7.0; Windows NT 5.1; FunWebProducts; .NET CLR 1.1.4322; .NET CLR 2.0.50727; .NET CLR 3.0.04506.30)" "www.fleca.org"
12.189.7.226 - - [03/Aug/2008:00:22:42 -0700] "GET /sitebuilder/images/garrity-5-inactive-71794.png HTTP/1.1" 200 3558 "http://www.fleca.org/billofrights.html" "Mozilla/4.0 (compatible; MSIE 7.0; Windows NT 5.1; FunWebProducts; .NET CLR 1.1.4322; .NET CLR 2.0.50727; .NET CLR 3.0.04506.30)" "www.fleca.org"
12.189.7.226 - - [03/Aug/2008:00:22:43 -0700] "GET /sitebuilder/images/garrity-6-inactive-72095.png HTTP/1.1" 200 3154 "http://www.fleca.org/billofrights.html" "Mozilla/4.0 (compatible; MSIE 7.0; Windows NT 5.1; FunWebProducts; .NET CLR 1.1.4322; .NET CLR 2.0.50727; .NET CLR 3.0.04506.30)" "www.fleca.org"
12.189.7.226 - - [03/Aug/2008:00:22:43 -0700] "GET /sitebuilder/images/garrity-7-inactive-72352.png HTTP/1.1" 200 3360 "http://www.fleca.org/billofrights.html" "Mozilla/4.0 (compatible; MSIE 7.0; Windows NT 5.1; FunWebProducts; .NET CLR 1.1.4322; .NET CLR 2.0.50727; .NET CLR 3.0.04506.30)" "www.fleca.org"
12.189.7.226 - - [03/Aug/2008:00:22:45 -0700] "GET /sitebuilder/images/garrity-8-inactive-50060.png HTTP/1.1" 200 3423 "http://www.fleca.org/billofrights.html" "Mozilla/4.0 (compatible; MSIE 7.0; Windows NT 5.1; FunWebProducts; .NET CLR 1.1.4322; .NET CLR 2.0.50727; .NET CLR 3.0.04506.30)" "www.fleca.org"
12.189.7.226 - - [03/Aug/2008:00:22:45 -0700] "GET /sitebuilder/images/1symbolfleca-91x161.jpg HTTP/1.1" 200 5554 "http://www.fleca.org/billofrights.html" "Mozilla/4.0 (compatible; MSIE 7.0; Windows NT 5.1; FunWebProducts; .NET CLR 1.1.4322; .NET CLR 2.0.50727; .NET CLR 3.0.04506.30)" "www.fleca.org"
12.189.7.226 - - [03/Aug/2008:00:22:47 -0700] "GET /favicon.ico HTTP/1.1" 404 275 "-" "Mozilla/4.0 (compatible; MSIE 7.0; Windows NT 5.1; FunWebProducts; .NET CLR 1.1.4322; .NET CLR 2.0.50727; .NET CLR 3.0.04506.30)" "www.fleca.org"
12.189.7.226 - - [03/Aug/2008:00:24:11 -0700] "GET /sitebuilder/images/garrity-5-mouseOver-71995.png HTTP/1.1" 200 3349 "http://www.fleca.org/billofrights.html" "Mozilla/4.0 (compatible; MSIE 7.0; Windows NT 5.1; FunWebProducts; .NET CLR 1.1.4322; .NET CLR 2.0.50727; .NET CLR 3.0.04506.30)" "www.fleca.org"
12.189.7.226 - - [03/Aug/2008:00:24:12 -0700] "GET /GarrityWarning.html HTTP/1.1" 200 6647 "http://www.fleca.org/billofrights.html" "Mozilla/4.0 (compatible; MSIE 7.0; Windows NT 5.1; FunWebProducts; .NET CLR 1.1.4322; .NET CLR 2.0.50727; .NET CLR 3.0.04506.30)" "www.fleca.org"
12.189.7.226 - - [03/Aug/2008:00:24:12 -0700] "GET /sitebuilder/images/garrity-4-inactive-71515.png HTTP/1.1" 200 3347 "http://www.fleca.org/GarrityWarning.html" "Mozilla/4.0 (compatible; MSIE 7.0; Windows NT 5.1; FunWebProducts; .NET CLR 1.1.4322; .NET CLR 2.0.50727; .NET CLR 3.0.04506.30)" "www.fleca.org"
12.189.7.226 - - [03/Aug/2008:00:24:13 -0700] "GET /sitebuilder/images/garrity-5-active-71893.png HTTP/1.1" 200 3252 "http://www.fleca.org/GarrityWarning.html" "Mozilla/4.0 (compatible; MSIE 7.0; Windows NT 5.1; FunWebProducts; .NET CLR 1.1.4322; .NET CLR 2.0.50727; .NET CLR 3.0.04506.30)" "www.fleca.org"
12.189.7.226 - - [03/Aug/2008:00:24:13 -0700] "GET /images/1symbolfleca.jpg HTTP/1.1" 200 15455 "http://www.fleca.org/GarrityWarning.html" "Mozilla/4.0 (compatible; MSIE 7.0; Windows NT 5.1; FunWebProducts; .NET CLR 1.1.4322; .NET CLR 2.0.50727; .NET CLR 3.0.04506.30)" "www.fleca.org"
12.189.7.226 - - [03/Aug/2008:00:24:14 -0700] "GET /sitebuilder/images/garrity-5-active-71893.png HTTP/1.1" 200 3252 "http://www.fleca.org/GarrityWarning.html" "Mozilla/4.0 (compatible; MSIE 7.0; Windows NT 5.1; FunWebProducts; .NET CLR 1.1.4322; .NET CLR 2.0.50727; .NET CLR 3.0.04506.30)" "www.fleca.org"
66.249.65.134 - - [03/Aug/2008:01:28:43 -0700] "GET /sitemap.xml HTTP/1.1" 200 188 "-" "Mozilla/5.0 (compatible; Googlebot/2.1; +http://www.google.com/bot.html)" "fleca.org"
67.195.37.108 - - [03/Aug/2008:02:31:54 -0700] "GET /robots.txt HTTP/1.0" 200 36 "-" "Mozilla/5.0 (compatible; Yahoo! Slurp; http://help.yahoo.com/help/us/ysearch/slurp)" "www.fleca.org"
67.195.37.108 - - [03/Aug/2008:02:33:25 -0700] "GET / HTTP/1.0" 200 3283 "-" "Mozilla/5.0 (X11; U; Linux i686 (x86_64); en-US; rv:1.8.1.4) Gecko/20080721 BonEcho/2.0.0.4" "www.fleca.org"
67.195.37.108 - - [03/Aug/2008:10:22:52 -0700] "GET /robots.txt HTTP/1.0" 200 36 "-" "Mozilla/5.0 (compatible; Yahoo! Slurp; http://help.yahoo.com/help/us/ysearch/slurp)" "www.fleca.org"
208.80.193.41 - - [03/Aug/2008:10:59:34 -0700] "GET / HTTP/1.0" 200 3283 "-" "Mozilla/4.0 (compatible; MSIE 7.0; Windows NT 5.1; YPC 3.2.0; ZangoToolbar 4.8.3; .NET CLR 2.0.50727; .NET CLR 1.1.4322; Windows-Media-Player/10.00.00.3990; yplus 5.6.04b)" "www.fleca.org"
72.232.237.202 - - [03/Aug/2008:12:02:54 -0700] "GET /robots.txt HTTP/1.0" 200 36 "-" "Python-urllib/1.17" "fleca.org"
72.232.237.202 - - [03/Aug/2008:12:02:54 -0700] "GET / HTTP/1.1" 200 3283 "http://therarestwords.com/fleca.org" "TheRarestParser/0.4b (http://rarestblog.com/therarestparser/)" "fleca.org"
72.232.237.202 - - [03/Aug/2008:12:02:59 -0700] "GET /aboutus.html HTTP/1.1" 200 8037 "" "TheRarestParser/0.4b (http://rarestblog.com/therarestparser/)" "fleca.org"
72.232.237.202 - - [03/Aug/2008:12:03:05 -0700] "GET /index.html HTTP/1.1" 200 3283 "" "TheRarestParser/0.4b (http://rarestblog.com/therarestparser/)" "fleca.org"
66.249.65.134 - - [03/Aug/2008:13:47:58 -0700] "GET /robots.txt HTTP/1.1" 200 36 "-" "Mozilla/5.0 (compatible; Googlebot/2.1; +http://www.google.com/bot.html)" "fleca.org"
66.249.65.134 - - [03/Aug/2008:13:47:58 -0700] "GET / HTTP/1.1" 200 3283 "-" "Mozilla/5.0 (compatible; Googlebot/2.1; +http://www.google.com/bot.html)" "fleca.org"
74.6.17.174 - - [03/Aug/2008:17:09:21 -0700] "GET /robots.txt HTTP/1.0" 200 36 "-" "Mozilla/5.0 (compatible; Yahoo! Slurp; http://help.yahoo.com/help/us/ysearch/slurp)" "www.fleca.org"
74.6.17.174 - - [03/Aug/2008:17:09:21 -0700] "GET /Links.html HTTP/1.0" 200 12159 "-" "Mozilla/5.0 (compatible; Yahoo! Slurp; http://help.yahoo.com/help/us/ysearch/slurp)" "www.fleca.org"
74.6.17.174 - - [03/Aug/2008:17:25:59 -0700] "GET /Courses.html HTTP/1.0" 200 7696 "-" "Mozilla/5.0 (compatible; Yahoo! Slurp; http://help.yahoo.com/help/us/ysearch/slurp)" "www.fleca.org"
74.6.17.174 - - [03/Aug/2008:18:42:02 -0700] "GET /GarrityWarning.html HTTP/1.0" 200 6647 "-" "Mozilla/5.0 (compatible; Yahoo! Slurp; http://help.yahoo.com/help/us/ysearch/slurp)" "www.fleca.org"
74.6.17.174 - - [03/Aug/2008:19:01:42 -0700] "GET /membership.html HTTP/1.0" 200 25801 "-" "Mozilla/5.0 (compatible; Yahoo! Slurp; http://help.yahoo.com/help/us/ysearch/slurp)" "www.fleca.org"
66.249.65.134 - - [03/Aug/2008:19:32:49 -0700] "GET /sitemap.xml HTTP/1.1" 304 - "-" "Mozilla/5.0 (compatible; Googlebot/2.1; +http://www.google.com/bot.html)" "fleca.org"
67.195.37.108 - - [03/Aug/2008:21:26:44 -0700] "GET /robots.txt HTTP/1.0" 200 36 "-" "Mozilla/5.0 (compatible; Yahoo! Slurp; http://help.yahoo.com/help/us/ysearch/slurp)" "www.fleca.org"
67.195.37.108 - - [03/Aug/2008:21:28:14 -0700] "GET / HTTP/1.0" 304 - "-" "Mozilla/5.0 (compatible; Yahoo! Slurp; http://help.yahoo.com/help/us/ysearch/slurp)" "www.fleca.org"
77.91.224.14 - - [03/Aug/2008:22:15:52 -0700] "GET /robots.txt HTTP/1.1" 200 36 "-" "WebAlta Crawler/2.0 (http://www.webalta.net/ru/about_webmaster.html) (Windows; U; Windows NT 5.1; ru-RU)" "www.fleca.org"
77.91.224.14 - - [03/Aug/2008:22:15:53 -0700] "GET / HTTP/1.1" 200 3283 "-" "WebAlta Crawler/2.0 (http://www.webalta.net/ru/about_webmaster.html) (Windows; U; Windows NT 5.1; ru-RU)" "www.fleca.org"
74.6.17.174 - - [03/Aug/2008:23:30:57 -0700] "GET /robots.txt HTTP/1.0" 200 36 "-" "Mozilla/5.0 (compatible; Yahoo! Slurp; http://help.yahoo.com/help/us/ysearch/slurp)" "www.fleca.org"
74.6.17.174 - - [03/Aug/2008:23:30:57 -0700] "GET /index.html HTTP/1.0" 200 3283 "-" "Mozilla/5.0 (compatible; Yahoo! Slurp; http://help.yahoo.com/help/us/ysearch/slurp)" "www.fleca.org"
74.6.17.174 - - [04/Aug/2008:10:51:11 -0700] "GET /robots.txt HTTP/1.0" 200 36 "-" "Mozilla/5.0 (compatible; Yahoo! Slurp; http://help.yahoo.com/help/us/ysearch/slurp)" "www.fleca.org"
74.6.17.174 - - [04/Aug/2008:10:51:11 -0700] "GET /services.html HTTP/1.0" 200 6929 "-" "Mozilla/5.0 (compatible; Yahoo! Slurp; http://help.yahoo.com/help/us/ysearch/slurp)" "www.fleca.org"
74.6.17.174 - - [04/Aug/2008:11:30:00 -0700] "GET /contactus.html HTTP/1.0" 200 22004 "-" "Mozilla/5.0 (compatible; Yahoo! Slurp; http://help.yahoo.com/help/us/ysearch/slurp)" "www.fleca.org"
74.6.17.174 - - [04/Aug/2008:11:36:07 -0700] "GET /?N=D HTTP/1.0" 200 3283 "-" "Mozilla/5.0 (compatible; Yahoo! Slurp; http://help.yahoo.com/help/us/ysearch/slurp)" "www.fleca.org"
208.80.193.40 - - [04/Aug/2008:12:36:17 -0700] "GET / HTTP/1.0" 200 3283 "-" "Mozilla/4.0 (compatible; MSIE 7.0; Windows NT 5.1; CDSource=V2.15e.00; .NET CLR 2.0.50727)" "www.fleca.org"
65.10.204.89 - - [04/Aug/2008:13:12:33 -0700] "GET /GarrityWarning.html HTTP/1.1" 200 6647 "http://www.google.com/search?hl=en&q=garrity+rights+florida&start=10&sa=N" "Mozilla/4.0 (compatible; MSIE 7.0; Windows NT 6.0; FunWebProducts; SLCC1; .NET CLR 2.0.50727; Media Center PC 5.0; .NET CLR 3.0.04506)" "www.fleca.org"
65.10.204.89 - - [04/Aug/2008:13:12:33 -0700] "GET /clipart/images/sidebars/blueSquareFadedColumnLeft.gif HTTP/1.1" 200 2778 "http://www.fleca.org/GarrityWarning.html" "Mozilla/4.0 (compatible; MSIE 7.0; Windows NT 6.0; FunWebProducts; SLCC1; .NET CLR 2.0.50727; Media Center PC 5.0; .NET CLR 3.0.04506)" "www.fleca.org"
65.10.204.89 - - [04/Aug/2008:13:12:33 -0700] "GET /clipart/pageHeaders/ladyJusticeBlueClouds.jpg HTTP/1.1" 200 12537 "http://www.fleca.org/GarrityWarning.html" "Mozilla/4.0 (compatible; MSIE 7.0; Windows NT 6.0; FunWebProducts; SLCC1; .NET CLR 2.0.50727; Media Center PC 5.0; .NET CLR 3.0.04506)" "www.fleca.org"
65.10.204.89 - - [04/Aug/2008:13:12:34 -0700] "GET /sitebuilder/images/garrity-0-inactive-70387.png HTTP/1.1" 200 3154 "http://www.fleca.org/GarrityWarning.html" "Mozilla/4.0 (compatible; MSIE 7.0; Windows NT 6.0; FunWebProducts; SLCC1; .NET CLR 2.0.50727; Media Center PC 5.0; .NET CLR 3.0.04506)" "www.fleca.org"
65.10.204.89 - - [04/Aug/2008:13:12:34 -0700] "GET /sitebuilder/images/garrity-1-inactive-70646.png HTTP/1.1" 200 3357 "http://www.fleca.org/GarrityWarning.html" "Mozilla/4.0 (compatible; MSIE 7.0; Windows NT 6.0; FunWebProducts; SLCC1; .NET CLR 2.0.50727; Media Center PC 5.0; .NET CLR 3.0.04506)" "www.fleca.org"
65.10.204.89 - - [04/Aug/2008:13:12:34 -0700] "GET /sitebuilder/images/garrity-5-active-71893.png HTTP/1.1" 200 3252 "http://www.fleca.org/GarrityWarning.html" "Mozilla/4.0 (compatible; MSIE 7.0; Windows NT 6.0; FunWebProducts; SLCC1; .NET CLR 2.0.50727; Media Center PC 5.0; .NET CLR 3.0.04506)" "www.fleca.org"
65.10.204.89 - - [04/Aug/2008:13:12:34 -0700] "GET /sitebuilder/images/garrity-6-inactive-72095.png HTTP/1.1" 200 3154 "http://www.fleca.org/GarrityWarning.html" "Mozilla/4.0 (compatible; MSIE 7.0; Windows NT 6.0; FunWebProducts; SLCC1; .NET CLR 2.0.50727; Media Center PC 5.0; .NET CLR 3.0.04506)" "www.fleca.org"
65.10.204.89 - - [04/Aug/2008:13:12:35 -0700] "GET /sitebuilder/images/garrity-7-inactive-72352.png HTTP/1.1" 200 3360 "http://www.fleca.org/GarrityWarning.html" "Mozilla/4.0 (compatible; MSIE 7.0; Windows NT 6.0; FunWebProducts; SLCC1; .NET CLR 2.0.50727; Media Center PC 5.0; .NET CLR 3.0.04506)" "www.fleca.org"
65.10.204.89 - - [04/Aug/2008:13:12:35 -0700] "GET /sitebuilder/images/garrity-8-inactive-50060.png HTTP/1.1" 200 3423 "http://www.fleca.org/GarrityWarning.html" "Mozilla/4.0 (compatible; MSIE 7.0; Windows NT 6.0; FunWebProducts; SLCC1; .NET CLR 2.0.50727; Media Center PC 5.0; .NET CLR 3.0.04506)" "www.fleca.org"
65.10.204.89 - - [04/Aug/2008:13:12:35 -0700] "GET /images/1symbolfleca.jpg HTTP/1.1" 200 15455 "http://www.fleca.org/GarrityWarning.html" "Mozilla/4.0 (compatible; MSIE 7.0; Windows NT 6.0; FunWebProducts; SLCC1; .NET CLR 2.0.50727; Media Center PC 5.0; .NET CLR 3.0.04506)" "www.fleca.org"
65.10.204.89 - - [04/Aug/2008:13:12:36 -0700] "GET /favicon.ico HTTP/1.1" 404 275 "-" "Mozilla/4.0 (compatible; MSIE 7.0; Windows NT 6.0; FunWebProducts; SLCC1; .NET CLR 2.0.50727; Media Center PC 5.0; .NET CLR 3.0.04506)" "www.fleca.org"
65.10.204.89 - - [04/Aug/2008:13:12:44 -0700] "GET /billofrights.html HTTP/1.1" 200 16487 "http://www.fleca.org/GarrityWarning.html" "Mozilla/4.0 (compatible; MSIE 7.0; Windows NT 6.0; FunWebProducts; SLCC1; .NET CLR 2.0.50727; Media Center PC 5.0; .NET CLR 3.0.04506)" "www.fleca.org"
65.10.204.89 - - [04/Aug/2008:13:12:44 -0700] "GET /sitebuilder/images/garrity-5-inactive-71794.png HTTP/1.1" 200 3558 "http://www.fleca.org/billofrights.html" "Mozilla/4.0 (compatible; MSIE 7.0; Windows NT 6.0; FunWebProducts; SLCC1; .NET CLR 2.0.50727; Media Center PC 5.0; .NET CLR 3.0.04506)" "www.fleca.org"
65.10.204.89 - - [04/Aug/2008:13:12:44 -0700] "GET /sitebuilder/images/garrity-4-active-71608.png HTTP/1.1" 200 2997 "http://www.fleca.org/billofrights.html" "Mozilla/4.0 (compatible; MSIE 7.0; Windows NT 6.0; FunWebProducts; SLCC1; .NET CLR 2.0.50727; Media Center PC 5.0; .NET CLR 3.0.04506)" "www.fleca.org"
65.10.204.89 - - [04/Aug/2008:13:12:44 -0700] "GET /sitebuilder/images/1symbolfleca-91x161.jpg HTTP/1.1" 200 5554 "http://www.fleca.org/billofrights.html" "Mozilla/4.0 (compatible; MSIE 7.0; Windows NT 6.0; FunWebProducts; SLCC1; .NET CLR 2.0.50727; Media Center PC 5.0; .NET CLR 3.0.04506)" "www.fleca.org"
74.6.17.174 - - [04/Aug/2008:13:43:52 -0700] "GET /logs/access_080501.log HTTP/1.0" 200 200392 "-" "Mozilla/5.0 (compatible; Yahoo! Slurp; http://help.yahoo.com/help/us/ysearch/slurp)" "www.fleca.org"
66.249.66.72 - - [04/Aug/2008:15:43:06 -0700] "GET /robots.txt HTTP/1.1" 200 36 "-" "Mozilla/5.0 (compatible; Googlebot/2.1; +http://www.google.com/bot.html)" "fleca.org"
66.249.66.72 - - [04/Aug/2008:15:43:06 -0700] "GET /sitemap.xml HTTP/1.1" 304 - "-" "Mozilla/5.0 (compatible; Googlebot/2.1; +http://www.google.com/bot.html)" "fleca.org"
70.129.16.37 - - [04/Aug/2008:16:01:19 -0700] "GET /logs/ HTTP/1.0" 200 2215 "-" "Wget/1.5.3.1" "fleca.org"
70.129.16.37 - - [04/Aug/2008:16:01:20 -0700] "GET /robots.txt HTTP/1.0" 200 36 "-" "Wget/1.5.3.1" "fleca.org"
70.129.16.37 - - [04/Aug/2008:16:01:20 -0700] "GET /logs/access.log HTTP/1.0" 200 26859 "http://fleca.org/logs/" "Wget/1.5.3.1" "fleca.org"
74.6.17.174 - - [04/Aug/2008:22:30:12 -0700] "GET /robots.txt HTTP/1.0" 200 36 "-" "Mozilla/5.0 (compatible; Yahoo! Slurp; http://help.yahoo.com/help/us/ysearch/slurp)" "www.fleca.org"
74.6.17.174 - - [04/Aug/2008:22:30:12 -0700] "GET /fleca_membership HTTP/1.0" 404 275 "-" "Mozilla/5.0 (compatible; Yahoo! Slurp; http://help.yahoo.com/help/us/ysearch/slurp)" "www.fleca.org"
74.6.17.174 - - [05/Aug/2008:01:55:16 -0700] "GET /logs/?D=D HTTP/1.0" 200 2215 "-" "Mozilla/5.0 (compatible; Yahoo! Slurp; http://help.yahoo.com/help/us/ysearch/slurp)" "www.fleca.org"
74.6.17.174 - - [05/Aug/2008:03:46:02 -0700] "GET /robots.txt HTTP/1.0" 200 36 "-" "Mozilla/5.0 (compatible; Yahoo! Slurp; http://help.yahoo.com/help/us/ysearch/slurp)" "www.fleca.org"
74.6.17.174 - - [05/Aug/2008:03:46:02 -0700] "GET /logs/?N=D HTTP/1.0" 200 2215 "-" "Mozilla/5.0 (compatible; Yahoo! Slurp; http://help.yahoo.com/help/us/ysearch/slurp)" "www.fleca.org"
74.6.17.151 - - [05/Aug/2008:06:50:34 -0700] "GET /sitemap.xml HTTP/1.0" 200 188 "-" "Mozilla/5.0 (compatible; Yahoo! Slurp; http://help.yahoo.com/help/us/ysearch/slurp)" "fleca.org"
67.195.37.108 - - [05/Aug/2008:07:24:33 -0700] "GET /robots.txt HTTP/1.0" 200 36 "-" "Mozilla/5.0 (compatible; Yahoo! Slurp; http://help.yahoo.com/help/us/ysearch/slurp)" "www.fleca.org"
67.195.37.108 - - [05/Aug/2008:07:25:52 -0700] "GET /aboutus.html HTTP/1.0" 200 8037 "-" "Mozilla/5.0 (X11; U; Linux i686 (x86_64); en-US; rv:1.8.1.4) Gecko/20080721 BonEcho/2.0.0.4" "www.fleca.org"
80.77.81.200 - - [05/Aug/2008:07:37:30 -0700] "GET / HTTP/1.1" 200 3283 "" "Mozilla/5.0 (Windows; U; Windows NT 5.1; en-US; rv:1.8.0.4) Gecko/20060508 Firefox/1.5.0.4" "www.fleca.org"
80.77.81.200 - - [05/Aug/2008:07:37:30 -0700] "GET / HTTP/1.1" 200 3283 "" "Mozilla/5.0 (Windows; U; Windows NT 5.1; en-US; rv:1.8.0.4) Gecko/20060508 Firefox/1.5.0.4" "www.fleca.org"
208.80.193.35 - - [05/Aug/2008:08:55:57 -0700] "GET / HTTP/1.0" 200 3283 "-" "Mozilla/4.0 (compatible; MSIE 7.0; Windows NT 5.1; GameBar; .NET CLR 2.0.50215)" "www.fleca.org"
70.149.86.99 - - [05/Aug/2008:09:56:49 -0700] "GET / HTTP/1.1" 200 3283 "http://www.cfbnetwork.com/links.html" "Mozilla/5.0 (Windows; U; Windows NT 6.0; en-US; rv:1.8.1.16) Gecko/20080702 Firefox/2.0.0.16" "www.fleca.org"
70.149.86.99 - - [05/Aug/2008:09:56:51 -0700] "GET /clipart/images/sidebars/blueSquareFadedColumn.gif HTTP/1.1" 200 3111 "http://www.fleca.org/" "Mozilla/5.0 (Windows; U; Windows NT 6.0; en-US; rv:1.8.1.16) Gecko/20080702 Firefox/2.0.0.16" "www.fleca.org"
70.149.86.99 - - [05/Aug/2008:09:56:52 -0700] "GET /clipart/images/sidebars/blueSquareFadedColumnLeft.gif HTTP/1.1" 200 2778 "http://www.fleca.org/" "Mozilla/5.0 (Windows; U; Windows NT 6.0; en-US; rv:1.8.1.16) Gecko/20080702 Firefox/2.0.0.16" "www.fleca.org"
70.149.86.99 - - [05/Aug/2008:09:56:52 -0700] "GET /sitebuilder/images/1symbolfleca-265x414.jpg HTTP/1.1" 200 20702 "http://www.fleca.org/" "Mozilla/5.0 (Windows; U; Windows NT 6.0; en-US; rv:1.8.1.16) Gecko/20080702 Firefox/2.0.0.16" "www.fleca.org"
70.149.86.99 - - [05/Aug/2008:09:56:57 -0700] "GET /aboutus.html HTTP/1.1" 200 8037 "http://www.fleca.org/" "Mozilla/5.0 (Windows; U; Windows NT 6.0; en-US; rv:1.8.1.16) Gecko/20080702 Firefox/2.0.0.16" "www.fleca.org"
70.149.86.99 - - [05/Aug/2008:09:56:57 -0700] "GET /sitebuilder/images/1symbol-164x213.jpg HTTP/1.1" 200 6902 "http://www.fleca.org/aboutus.html" "Mozilla/5.0 (Windows; U; Windows NT 6.0; en-US; rv:1.8.1.16) Gecko/20080702 Firefox/2.0.0.16" "www.fleca.org"
70.149.86.99 - - [05/Aug/2008:09:56:57 -0700] "GET /images/police_silhouette.jpg HTTP/1.1" 200 3614 "http://www.fleca.org/aboutus.html" "Mozilla/5.0 (Windows; U; Windows NT 6.0; en-US; rv:1.8.1.16) Gecko/20080702 Firefox/2.0.0.16" "www.fleca.org"
70.149.86.99 - - [05/Aug/2008:09:56:57 -0700] "GET /sitebuilder/images/garrity-1-active-70742.png HTTP/1.1" 200 3081 "http://www.fleca.org/aboutus.html" "Mozilla/5.0 (Windows; U; Windows NT 6.0; en-US; rv:1.8.1.16) Gecko/20080702 Firefox/2.0.0.16" "www.fleca.org"
70.149.86.99 - - [05/Aug/2008:09:56:57 -0700] "GET /sitebuilder/images/garrity-0-inactive-70387.png HTTP/1.1" 200 3154 "http://www.fleca.org/aboutus.html" "Mozilla/5.0 (Windows; U; Windows NT 6.0; en-US; rv:1.8.1.16) Gecko/20080702 Firefox/2.0.0.16" "www.fleca.org"
70.149.86.99 - - [05/Aug/2008:09:56:57 -0700] "GET /sitebuilder/images/blueline2-117x102.png HTTP/1.1" 200 264 "http://www.fleca.org/aboutus.html" "Mozilla/5.0 (Windows; U; Windows NT 6.0; en-US; rv:1.8.1.16) Gecko/20080702 Firefox/2.0.0.16" "www.fleca.org"
70.149.86.99 - - [05/Aug/2008:09:56:57 -0700] "GET /clipart/pageHeaders/ladyJusticeBlueClouds.jpg HTTP/1.1" 200 12537 "http://www.fleca.org/aboutus.html" "Mozilla/5.0 (Windows; U; Windows NT 6.0; en-US; rv:1.8.1.16) Gecko/20080702 Firefox/2.0.0.16" "www.fleca.org"
70.149.86.99 - - [05/Aug/2008:09:56:57 -0700] "GET /sitebuilder/images/scalesBLK-118x84.png HTTP/1.1" 200 3518 "http://www.fleca.org/aboutus.html" "Mozilla/5.0 (Windows; U; Windows NT 6.0; en-US; rv:1.8.1.16) Gecko/20080702 Firefox/2.0.0.16" "www.fleca.org"
70.149.86.99 - - [05/Aug/2008:09:56:57 -0700] "GET /sitebuilder/images/garrity-2-inactive-70931.png HTTP/1.1" 200 3363 "http://www.fleca.org/aboutus.html" "Mozilla/5.0 (Windows; U; Windows NT 6.0; en-US; rv:1.8.1.16) Gecko/20080702 Firefox/2.0.0.16" "www.fleca.org"
70.149.86.99 - - [05/Aug/2008:09:56:57 -0700] "GET /sitebuilder/images/garrity-3-inactive-71211.png HTTP/1.1" 200 3329 "http://www.fleca.org/aboutus.html" "Mozilla/5.0 (Windows; U; Windows NT 6.0; en-US; rv:1.8.1.16) Gecko/20080702 Firefox/2.0.0.16" "www.fleca.org"
70.149.86.99 - - [05/Aug/2008:09:56:57 -0700] "GET /sitebuilder/images/garrity-4-inactive-71515.png HTTP/1.1" 200 3347 "http://www.fleca.org/aboutus.html" "Mozilla/5.0 (Windows; U; Windows NT 6.0; en-US; rv:1.8.1.16) Gecko/20080702 Firefox/2.0.0.16" "www.fleca.org"
70.149.86.99 - - [05/Aug/2008:09:56:57 -0700] "GET /sitebuilder/images/garrity-5-inactive-71794.png HTTP/1.1" 200 3558 "http://www.fleca.org/aboutus.html" "Mozilla/5.0 (Windows; U; Windows NT 6.0; en-US; rv:1.8.1.16) Gecko/20080702 Firefox/2.0.0.16" "www.fleca.org"
70.149.86.99 - - [05/Aug/2008:09:56:57 -0700] "GET /sitebuilder/images/garrity-6-inactive-72095.png HTTP/1.1" 200 3154 "http://www.fleca.org/aboutus.html" "Mozilla/5.0 (Windows; U; Windows NT 6.0; en-US; rv:1.8.1.16) Gecko/20080702 Firefox/2.0.0.16" "www.fleca.org"
70.149.86.99 - - [05/Aug/2008:09:56:57 -0700] "GET /sitebuilder/images/garrity-7-inactive-72352.png HTTP/1.1" 200 3360 "http://www.fleca.org/aboutus.html" "Mozilla/5.0 (Windows; U; Windows NT 6.0; en-US; rv:1.8.1.16) Gecko/20080702 Firefox/2.0.0.16" "www.fleca.org"
70.149.86.99 - - [05/Aug/2008:09:56:57 -0700] "GET /sitebuilder/images/garrity-8-inactive-50060.png HTTP/1.1" 200 3423 "http://www.fleca.org/aboutus.html" "Mozilla/5.0 (Windows; U; Windows NT 6.0; en-US; rv:1.8.1.16) Gecko/20080702 Firefox/2.0.0.16" "www.fleca.org"
70.149.86.99 - - [05/Aug/2008:09:56:57 -0700] "GET /sitebuilder/images/1symbolfleca-172x239.jpg HTTP/1.1" 200 10875 "http://www.fleca.org/aboutus.html" "Mozilla/5.0 (Windows; U; Windows NT 6.0; en-US; rv:1.8.1.16) Gecko/20080702 Firefox/2.0.0.16" "www.fleca.org"
70.149.86.99 - - [05/Aug/2008:09:56:58 -0700] "GET /favicon.ico HTTP/1.1" 404 275 "-" "Mozilla/5.0 (Windows; U; Windows NT 6.0; en-US; rv:1.8.1.16) Gecko/20080702 Firefox/2.0.0.16" "www.fleca.org"
70.149.86.99 - - [05/Aug/2008:09:56:59 -0700] "GET /sitebuilder/images/garrity-6-mouseOver-72265.png HTTP/1.1" 200 2896 "http://www.fleca.org/aboutus.html" "Mozilla/5.0 (Windows; U; Windows NT 6.0; en-US; rv:1.8.1.16) Gecko/20080702 Firefox/2.0.0.16" "www.fleca.org"
70.149.86.99 - - [05/Aug/2008:09:56:59 -0700] "GET /Links.html HTTP/1.1" 200 12159 "http://www.fleca.org/aboutus.html" "Mozilla/5.0 (Windows; U; Windows NT 6.0; en-US; rv:1.8.1.16) Gecko/20080702 Firefox/2.0.0.16" "www.fleca.org"
70.149.86.99 - - [05/Aug/2008:09:56:59 -0700] "GET /sitebuilder/images/1symbolfleca-124x209.jpg HTTP/1.1" 200 8150 "http://www.fleca.org/Links.html" "Mozilla/5.0 (Windows; U; Windows NT 6.0; en-US; rv:1.8.1.16) Gecko/20080702 Firefox/2.0.0.16" "www.fleca.org"
70.149.86.99 - - [05/Aug/2008:09:56:59 -0700] "GET /sitebuilder/images/ttlogo-199x71.jpg HTTP/1.1" 200 4460 "http://www.fleca.org/Links.html" "Mozilla/5.0 (Windows; U; Windows NT 6.0; en-US; rv:1.8.1.16) Gecko/20080702 Firefox/2.0.0.16" "www.fleca.org"
70.149.86.99 - - [05/Aug/2008:09:56:59 -0700] "GET /images/justice.jpg HTTP/1.1" 200 1608 "http://www.fleca.org/Links.html" "Mozilla/5.0 (Windows; U; Windows NT 6.0; en-US; rv:1.8.1.16) Gecko/20080702 Firefox/2.0.0.16" "www.fleca.org"
70.149.86.99 - - [05/Aug/2008:09:57:00 -0700] "GET /sitebuilder/images/policetraining-251x56.jpg HTTP/1.1" 200 4095 "http://www.fleca.org/Links.html" "Mozilla/5.0 (Windows; U; Windows NT 6.0; en-US; rv:1.8.1.16) Gecko/20080702 Firefox/2.0.0.16" "www.fleca.org"
70.149.86.99 - - [05/Aug/2008:09:57:00 -0700] "GET /sitebuilder/images/security_badge-108x161.jpg HTTP/1.1" 200 6973 "http://www.fleca.org/Links.html" "Mozilla/5.0 (Windows; U; Windows NT 6.0; en-US; rv:1.8.1.16) Gecko/20080702 Firefox/2.0.0.16" "www.fleca.org"
70.149.86.99 - - [05/Aug/2008:09:57:00 -0700] "GET /images/casket.jpg HTTP/1.1" 200 7968 "http://www.fleca.org/Links.html" "Mozilla/5.0 (Windows; U; Windows NT 6.0; en-US; rv:1.8.1.16) Gecko/20080702 Firefox/2.0.0.16" "www.fleca.org"
70.149.86.99 - - [05/Aug/2008:09:57:00 -0700] "GET /sitebuilder/images/garrity-1-inactive-70646.png HTTP/1.1" 200 3357 "http://www.fleca.org/Links.html" "Mozilla/5.0 (Windows; U; Windows NT 6.0; en-US; rv:1.8.1.16) Gecko/20080702 Firefox/2.0.0.16" "www.fleca.org"
70.149.86.99 - - [05/Aug/2008:09:57:00 -0700] "GET /sitebuilder/images/taserinternational-159x63.jpg HTTP/1.1" 200 2460 "http://www.fleca.org/Links.html" "Mozilla/5.0 (Windows; U; Windows NT 6.0; en-US; rv:1.8.1.16) Gecko/20080702 Firefox/2.0.0.16" "www.fleca.org"
70.149.86.99 - - [05/Aug/2008:09:57:00 -0700] "GET /sitebuilder/images/garrity-6-active-72178.png HTTP/1.1" 200 2847 "http://www.fleca.org/Links.html" "Mozilla/5.0 (Windows; U; Windows NT 6.0; en-US; rv:1.8.1.16) Gecko/20080702 Firefox/2.0.0.16" "www.fleca.org"
70.149.86.99 - - [05/Aug/2008:09:57:00 -0700] "GET /sitebuilder/images/taser-159x137.jpg HTTP/1.1" 200 4250 "http://www.fleca.org/Links.html" "Mozilla/5.0 (Windows; U; Windows NT 6.0; en-US; rv:1.8.1.16) Gecko/20080702 Firefox/2.0.0.16" "www.fleca.org"
70.149.86.99 - - [05/Aug/2008:09:57:00 -0700] "GET /sitebuilder/images/dgg-236x93.jpg HTTP/1.1" 200 5963 "http://www.fleca.org/Links.html" "Mozilla/5.0 (Windows; U; Windows NT 6.0; en-US; rv:1.8.1.16) Gecko/20080702 Firefox/2.0.0.16" "www.fleca.org"
70.149.86.99 - - [05/Aug/2008:09:57:00 -0700] "GET /sitebuilder/images/vipre-178x107.jpg HTTP/1.1" 200 4673 "http://www.fleca.org/Links.html" "Mozilla/5.0 (Windows; U; Windows NT 6.0; en-US; rv:1.8.1.16) Gecko/20080702 Firefox/2.0.0.16" "www.fleca.org"
70.149.86.99 - - [05/Aug/2008:09:57:14 -0700] "GET /sounds/Dierks_Bentley_-_Long_Trip_Alone_.wav HTTP/1.1" 200 5735380 "http://www.fleca.org/" "Mozilla/5.0 (Windows; U; Windows NT 6.0; en-US; rv:1.8.1.16) Gecko/20080702 Firefox/2.0.0.16" "www.fleca.org"
70.149.86.99 - - [05/Aug/2008:10:20:47 -0700] "GET /sitebuilder/images/garrity-8-mouseOver-50277.png HTTP/1.1" 200 3220 "http://www.fleca.org/Links.html" "Mozilla/5.0 (Windows; U; Windows NT 6.0; en-US; rv:1.8.1.16) Gecko/20080702 Firefox/2.0.0.16" "www.fleca.org"
70.149.86.99 - - [05/Aug/2008:10:20:47 -0700] "GET /sitebuilder/images/garrity-7-mouseOver-72545.png HTTP/1.1" 200 3363 "http://www.fleca.org/Links.html" "Mozilla/5.0 (Windows; U; Windows NT 6.0; en-US; rv:1.8.1.16) Gecko/20080702 Firefox/2.0.0.16" "www.fleca.org"
70.149.86.99 - - [05/Aug/2008:10:21:04 -0700] "GET /contactus.html HTTP/1.1" 200 22004 "http://www.fleca.org/Links.html" "Mozilla/5.0 (Windows; U; Windows NT 6.0; en-US; rv:1.8.1.16) Gecko/20080702 Firefox/2.0.0.16" "www.fleca.org"
70.149.86.99 - - [05/Aug/2008:10:21:04 -0700] "GET /sitebuilder/images/1symbolfleca-122x206.jpg HTTP/1.1" 200 7937 "http://www.fleca.org/contactus.html" "Mozilla/5.0 (Windows; U; Windows NT 6.0; en-US; rv:1.8.1.16) Gecko/20080702 Firefox/2.0.0.16" "www.fleca.org"
70.149.86.99 - - [05/Aug/2008:10:21:04 -0700] "GET /images/cockgun.jpg HTTP/1.1" 200 3177 "http://www.fleca.org/contactus.html" "Mozilla/5.0 (Windows; U; Windows NT 6.0; en-US; rv:1.8.1.16) Gecko/20080702 Firefox/2.0.0.16" "www.fleca.org"
70.149.86.99 - - [05/Aug/2008:10:21:04 -0700] "GET /sitebuilder/images/chargerlightning-103x88.jpg HTTP/1.1" 200 2416 "http://www.fleca.org/contactus.html" "Mozilla/5.0 (Windows; U; Windows NT 6.0; en-US; rv:1.8.1.16) Gecko/20080702 Firefox/2.0.0.16" "www.fleca.org"
70.149.86.99 - - [05/Aug/2008:10:21:04 -0700] "GET /sitebuilder/images/jailpassage-99x91.jpg HTTP/1.1" 200 3033 "http://www.fleca.org/contactus.html" "Mozilla/5.0 (Windows; U; Windows NT 6.0; en-US; rv:1.8.1.16) Gecko/20080702 Firefox/2.0.0.16" "www.fleca.org"
70.149.86.99 - - [05/Aug/2008:10:21:04 -0700] "GET /sitebuilder/images/leomemorial-103x71.jpg HTTP/1.1" 200 3196 "http://www.fleca.org/contactus.html" "Mozilla/5.0 (Windows; U; Windows NT 6.0; en-US; rv:1.8.1.16) Gecko/20080702 Firefox/2.0.0.16" "www.fleca.org"
70.149.86.99 - - [05/Aug/2008:10:21:04 -0700] "GET /sitebuilder/images/redbluehandcuffs-99x78.jpg HTTP/1.1" 200 2700 "http://www.fleca.org/contactus.html" "Mozilla/5.0 (Windows; U; Windows NT 6.0; en-US; rv:1.8.1.16) Gecko/20080702 Firefox/2.0.0.16" "www.fleca.org"
70.149.86.99 - - [05/Aug/2008:10:21:04 -0700] "GET /sitebuilder/images/garrity-8-active-50174.png HTTP/1.1" 200 3221 "http://www.fleca.org/contactus.html" "Mozilla/5.0 (Windows; U; Windows NT 6.0; en-US; rv:1.8.1.16) Gecko/20080702 Firefox/2.0.0.16" "www.fleca.org"
70.149.86.99 - - [05/Aug/2008:10:21:06 -0700] "GET /sitebuilder/applets/TimeStamp.class HTTP/1.1" 200 6829 "-" "Mozilla/4.0 (Windows Vista 6.0) Java/1.6.0_03" "www.fleca.org"
70.149.86.99 - - [05/Aug/2008:10:21:19 -0700] "GET /services.html HTTP/1.1" 200 6929 "http://www.fleca.org/contactus.html" "Mozilla/5.0 (Windows; U; Windows NT 6.0; en-US; rv:1.8.1.16) Gecko/20080702 Firefox/2.0.0.16" "www.fleca.org"
70.149.86.99 - - [05/Aug/2008:10:21:19 -0700] "GET /sitebuilder/images/garrity-2-active-71024.png HTTP/1.1" 200 2883 "http://www.fleca.org/services.html" "Mozilla/5.0 (Windows; U; Windows NT 6.0; en-US; rv:1.8.1.16) Gecko/20080702 Firefox/2.0.0.16" "www.fleca.org"
70.149.86.99 - - [05/Aug/2008:10:21:19 -0700] "GET /images/policecrash.jpg HTTP/1.1" 200 4366 "http://www.fleca.org/services.html" "Mozilla/5.0 (Windows; U; Windows NT 6.0; en-US; rv:1.8.1.16) Gecko/20080702 Firefox/2.0.0.16" "www.fleca.org"
70.149.86.99 - - [05/Aug/2008:10:21:19 -0700] "GET /sitebuilder/images/copshooting-147x88.jpg HTTP/1.1" 200 3766 "http://www.fleca.org/services.html" "Mozilla/5.0 (Windows; U; Windows NT 6.0; en-US; rv:1.8.1.16) Gecko/20080702 Firefox/2.0.0.16" "www.fleca.org"
70.149.86.99 - - [05/Aug/2008:10:21:19 -0700] "GET /sitebuilder/images/inmateinjury-142x128.jpg HTTP/1.1" 200 5064 "http://www.fleca.org/services.html" "Mozilla/5.0 (Windows; U; Windows NT 6.0; en-US; rv:1.8.1.16) Gecko/20080702 Firefox/2.0.0.16" "www.fleca.org"
70.149.86.99 - - [05/Aug/2008:10:21:19 -0700] "GET /sitebuilder/images/1symbolfleca-113x193.jpg HTTP/1.1" 200 7106 "http://www.fleca.org/services.html" "Mozilla/5.0 (Windows; U; Windows NT 6.0; en-US; rv:1.8.1.16) Gecko/20080702 Firefox/2.0.0.16" "www.fleca.org"
70.149.86.99 - - [05/Aug/2008:10:21:19 -0700] "GET /sitebuilder/images/1015-138x115.jpg HTTP/1.1" 200 3740 "http://www.fleca.org/services.html" "Mozilla/5.0 (Windows; U; Windows NT 6.0; en-US; rv:1.8.1.16) Gecko/20080702 Firefox/2.0.0.16" "www.fleca.org"
70.149.86.99 - - [05/Aug/2008:10:21:22 -0700] "GET /index.html HTTP/1.1" 200 3283 "http://www.fleca.org/services.html" "Mozilla/5.0 (Windows; U; Windows NT 6.0; en-US; rv:1.8.1.16) Gecko/20080702 Firefox/2.0.0.16" "www.fleca.org"
70.149.86.99 - - [05/Aug/2008:10:21:44 -0700] "GET /sitebuilder/images/garrity-5-mouseOver-71995.png HTTP/1.1" 200 3349 "http://www.fleca.org/contactus.html" "Mozilla/5.0 (Windows; U; Windows NT 6.0; en-US; rv:1.8.1.16) Gecko/20080702 Firefox/2.0.0.16" "www.fleca.org"
70.149.86.99 - - [05/Aug/2008:10:21:47 -0700] "GET /membership.html HTTP/1.1" 200 25801 "http://www.fleca.org/contactus.html" "Mozilla/5.0 (Windows; U; Windows NT 6.0; en-US; rv:1.8.1.16) Gecko/20080702 Firefox/2.0.0.16" "www.fleca.org"
70.149.86.99 - - [05/Aug/2008:10:21:47 -0700] "GET /sitebuilder/images/garrity-7-active-72448.png HTTP/1.1" 200 3233 "http://www.fleca.org/membership.html" "Mozilla/5.0 (Windows; U; Windows NT 6.0; en-US; rv:1.8.1.16) Gecko/20080702 Firefox/2.0.0.16" "www.fleca.org"
70.149.86.99 - - [05/Aug/2008:10:21:47 -0700] "GET /sitebuilder/images/cockgun-133x112.jpg HTTP/1.1" 200 3497 "http://www.fleca.org/membership.html" "Mozilla/5.0 (Windows; U; Windows NT 6.0; en-US; rv:1.8.1.16) Gecko/20080702 Firefox/2.0.0.16" "www.fleca.org"
70.149.86.99 - - [05/Aug/2008:10:21:47 -0700] "GET /sitebuilder/images/doc-125x119.jpg HTTP/1.1" 200 4611 "http://www.fleca.org/membership.html" "Mozilla/5.0 (Windows; U; Windows NT 6.0; en-US; rv:1.8.1.16) Gecko/20080702 Firefox/2.0.0.16" "www.fleca.org"
70.149.86.99 - - [05/Aug/2008:10:21:47 -0700] "GET /sitebuilder/images/badgeshiny-131x117.jpg HTTP/1.1" 200 5143 "http://www.fleca.org/membership.html" "Mozilla/5.0 (Windows; U; Windows NT 6.0; en-US; rv:1.8.1.16) Gecko/20080702 Firefox/2.0.0.16" "www.fleca.org"
70.149.86.99 - - [05/Aug/2008:10:21:47 -0700] "GET /sitebuilder/images/security_badge-89x123.jpg HTTP/1.1" 200 4997 "http://www.fleca.org/membership.html" "Mozilla/5.0 (Windows; U; Windows NT 6.0; en-US; rv:1.8.1.16) Gecko/20080702 Firefox/2.0.0.16" "www.fleca.org"
70.149.86.99 - - [05/Aug/2008:10:21:47 -0700] "GET /sitebuilder/images/sheriff-128x105.jpg HTTP/1.1" 200 3781 "http://www.fleca.org/membership.html" "Mozilla/5.0 (Windows; U; Windows NT 6.0; en-US; rv:1.8.1.16) Gecko/20080702 Firefox/2.0.0.16" "www.fleca.org"
74.6.17.174 - - [05/Aug/2008:10:48:19 -0700] "GET /logs/access_080301.log HTTP/1.0" 200 92270 "-" "Mozilla/5.0 (compatible; Yahoo! Slurp; http://help.yahoo.com/help/us/ysearch/slurp)" "www.fleca.org"
71.101.44.142 - - [05/Aug/2008:11:45:25 -0700] "GET /favicon.ico HTTP/1.1" 404 275 "-" "Mozilla/4.0 (compatible; MSIE 7.0; Windows NT 6.0; SLCC1; .NET CLR 2.0.50727; .NET CLR 3.0.04506; .NET CLR 1.1.4322)" "www.fleca.org"
71.101.44.142 - - [05/Aug/2008:11:45:25 -0700] "GET / HTTP/1.1" 200 3283 "http://www.cfbnetwork.com/links.html" "Mozilla/4.0 (compatible; MSIE 7.0; Windows NT 6.0; SLCC1; .NET CLR 2.0.50727; .NET CLR 3.0.04506; .NET CLR 1.1.4322)" "www.fleca.org"
71.101.44.142 - - [05/Aug/2008:11:45:26 -0700] "GET /clipart/images/sidebars/blueSquareFadedColumnLeft.gif HTTP/1.1" 200 2778 "http://www.fleca.org/" "Mozilla/4.0 (compatible; MSIE 7.0; Windows NT 6.0; SLCC1; .NET CLR 2.0.50727; .NET CLR 3.0.04506; .NET CLR 1.1.4322)" "www.fleca.org"
71.101.44.142 - - [05/Aug/2008:11:45:26 -0700] "GET /clipart/images/sidebars/blueSquareFadedColumn.gif HTTP/1.1" 200 3111 "http://www.fleca.org/" "Mozilla/4.0 (compatible; MSIE 7.0; Windows NT 6.0; SLCC1; .NET CLR 2.0.50727; .NET CLR 3.0.04506; .NET CLR 1.1.4322)" "www.fleca.org"
71.101.44.142 - - [05/Aug/2008:11:45:26 -0700] "GET /sitebuilder/images/1symbolfleca-265x414.jpg HTTP/1.1" 200 20702 "http://www.fleca.org/" "Mozilla/4.0 (compatible; MSIE 7.0; Windows NT 6.0; SLCC1; .NET CLR 2.0.50727; .NET CLR 3.0.04506; .NET CLR 1.1.4322)" "www.fleca.org"
71.101.44.142 - - [05/Aug/2008:11:45:42 -0700] "GET /sounds/Dierks_Bentley_-_Long_Trip_Alone_.wav HTTP/1.1" 200 5735380 "http://www.fleca.org/" "Mozilla/4.0 (compatible; MSIE 7.0; Windows NT 6.0; SLCC1; .NET CLR 2.0.50727; .NET CLR 3.0.04506; .NET CLR 1.1.4322)" "www.fleca.org"
71.101.44.142 - - [05/Aug/2008:11:48:55 -0700] "GET / HTTP/1.1" 304 - "http://www.cfbnetwork.com/links.html" "Mozilla/4.0 (compatible; MSIE 7.0; Windows NT 6.0; SLCC1; .NET CLR 2.0.50727; .NET CLR 3.0.04506; .NET CLR 1.1.4322)" "www.fleca.org"
71.101.44.142 - - [05/Aug/2008:11:48:55 -0700] "GET /sounds/Dierks_Bentley_-_Long_Trip_Alone_.wav HTTP/1.1" 304 - "http://www.fleca.org/" "Mozilla/4.0 (compatible; MSIE 7.0; Windows NT 6.0; SLCC1; .NET CLR 2.0.50727; .NET CLR 3.0.04506; .NET CLR 1.1.4322)" "www.fleca.org"
71.101.44.142 - - [05/Aug/2008:11:49:27 -0700] "GET / HTTP/1.1" 304 - "http://www.cfbnetwork.com/links.html" "Mozilla/4.0 (compatible; MSIE 7.0; Windows NT 6.0; SLCC1; .NET CLR 2.0.50727; .NET CLR 3.0.04506; .NET CLR 1.1.4322)" "www.fleca.org"
71.101.44.142 - - [05/Aug/2008:11:49:27 -0700] "GET /sounds/Dierks_Bentley_-_Long_Trip_Alone_.wav HTTP/1.1" 304 - "http://www.fleca.org/" "Mozilla/4.0 (compatible; MSIE 7.0; Windows NT 6.0; SLCC1; .NET CLR 2.0.50727; .NET CLR 3.0.04506; .NET CLR 1.1.4322)" "www.fleca.org"
71.101.44.142 - - [05/Aug/2008:11:49:28 -0700] "GET /sounds/Dierks_Bentley_-_Long_Trip_Alone_.wav HTTP/1.1" 304 - "http://www.fleca.org/" "Mozilla/4.0 (compatible; MSIE 7.0; Windows NT 6.0; SLCC1; .NET CLR 2.0.50727; .NET CLR 3.0.04506; .NET CLR 1.1.4322)" "www.fleca.org"
71.101.44.142 - - [05/Aug/2008:11:49:43 -0700] "GET /aboutus.html HTTP/1.1" 200 8037 "http://www.fleca.org/" "Mozilla/4.0 (compatible; MSIE 7.0; Windows NT 6.0; SLCC1; .NET CLR 2.0.50727; .NET CLR 3.0.04506; .NET CLR 1.1.4322)" "www.fleca.org"
71.101.44.142 - - [05/Aug/2008:11:49:43 -0700] "GET /images/police_silhouette.jpg HTTP/1.1" 200 3614 "http://www.fleca.org/aboutus.html" "Mozilla/4.0 (compatible; MSIE 7.0; Windows NT 6.0; SLCC1; .NET CLR 2.0.50727; .NET CLR 3.0.04506; .NET CLR 1.1.4322)" "www.fleca.org"
71.101.44.142 - - [05/Aug/2008:11:49:43 -0700] "GET /sitebuilder/images/1symbol-164x213.jpg HTTP/1.1" 200 6902 "http://www.fleca.org/aboutus.html" "Mozilla/4.0 (compatible; MSIE 7.0; Windows NT 6.0; SLCC1; .NET CLR 2.0.50727; .NET CLR 3.0.04506; .NET CLR 1.1.4322)" "www.fleca.org"
71.101.44.142 - - [05/Aug/2008:11:49:43 -0700] "GET /sitebuilder/images/scalesBLK-118x84.png HTTP/1.1" 200 3518 "http://www.fleca.org/aboutus.html" "Mozilla/4.0 (compatible; MSIE 7.0; Windows NT 6.0; SLCC1; .NET CLR 2.0.50727; .NET CLR 3.0.04506; .NET CLR 1.1.4322)" "www.fleca.org"
71.101.44.142 - - [05/Aug/2008:11:49:43 -0700] "GET /sitebuilder/images/blueline2-117x102.png HTTP/1.1" 200 264 "http://www.fleca.org/aboutus.html" "Mozilla/4.0 (compatible; MSIE 7.0; Windows NT 6.0; SLCC1; .NET CLR 2.0.50727; .NET CLR 3.0.04506; .NET CLR 1.1.4322)" "www.fleca.org"
