74.6.18.233 - - [08/Jun/2008:01:39:50 -0700] "GET / HTTP/1.0" 200 763 "-" "Mozilla/5.0 (compatible; Yahoo! Slurp; http://help.yahoo.com/help/us/ysearch/slurp)" "www.fleca.org"
74.6.18.233 - - [08/Jun/2008:03:04:58 -0700] "GET /logs/access_080601.log HTTP/1.0" 200 3956 "-" "Mozilla/5.0 (compatible; Yahoo! Slurp; http://help.yahoo.com/help/us/ysearch/slurp)" "www.fleca.org"
74.6.18.233 - - [08/Jun/2008:03:24:04 -0700] "GET /logs/access_080531.log HTTP/1.0" 200 199161 "-" "Mozilla/5.0 (compatible; Yahoo! Slurp; http://help.yahoo.com/help/us/ysearch/slurp)" "www.fleca.org"
74.6.18.233 - - [08/Jun/2008:03:26:03 -0700] "GET /logs/access_080301.log HTTP/1.0" 200 92270 "-" "Mozilla/5.0 (compatible; Yahoo! Slurp; http://help.yahoo.com/help/us/ysearch/slurp)" "www.fleca.org"
66.231.10.210 - - [08/Jun/2008:05:03:45 -0700] "GET /tmp/ HTTP/1.1" 200 520 "http://www.google.com/search?hl=en&client=firefox-a&channel=s&rls=org.mozilla:en-US:official&hs=fpy&q=%22index+of%22+%5Ctmp&start=40&sa=N" "Mozilla/5.0 (Windows; U; Windows NT 5.1; en-US; rv:1.8.1.14) Gecko/20080404 Firefox/2.0.0.14" "www.fleca.org"
66.231.10.210 - - [08/Jun/2008:05:03:45 -0700] "GET /favicon.ico HTTP/1.1" 404 275 "-" "Mozilla/5.0 (Windows; U; Windows NT 5.1; en-US; rv:1.8.1.14) Gecko/20080404 Firefox/2.0.0.14" "www.fleca.org"
213.52.224.47 - - [08/Jun/2008:05:34:33 -0700] "GET / HTTP/1.0" 200 763 "-" "Mozilla/4.0 (compatible; MSIE 7.0; Windows NT 5.1; .NET CLR 2.0.50727; .NET CLR 1.1.4322)" "www.fleca.org"
213.52.224.47 - - [08/Jun/2008:05:34:33 -0700] "GET /?N=http%3A%2F%2Fmojazubarka.sk%2Ftest%2Fadmin%2Fsicaqe%2Fjufoxir%2F HTTP/1.0" 200 763 "-" "Mozilla/4.0 (compatible; MSIE 7.0; Windows NT 5.1; .NET CLR 2.0.50727; .NET CLR 1.1.4322)" "www.fleca.org"
213.52.224.47 - - [08/Jun/2008:05:34:34 -0700] "GET /?N=http%3A%2F%2Fwww.unduetretoccaate.it%2Fcodice%2Ffog%2Fbiko%2F HTTP/1.0" 200 763 "-" "Mozilla/4.0 (compatible; MSIE 7.0; Windows NT 5.1; .NET CLR 2.0.50727; .NET CLR 1.1.4322)" "www.fleca.org"
213.52.224.47 - - [08/Jun/2008:05:34:34 -0700] "GET /?N=http%3A%2F%2Fwww.blankner.ocps.net%2Fmedia%2Fyeloc%2Frepaw%2F HTTP/1.0" 200 763 "-" "Mozilla/4.0 (compatible; MSIE 7.0; Windows NT 5.1; .NET CLR 2.0.50727; .NET CLR 1.1.4322)" "www.fleca.org"
213.52.224.47 - - [08/Jun/2008:05:34:34 -0700] "GET /?S=http%3A%2F%2Fkamini.biz%2Fa%2Fonodin%2Fbb%2Faqileka%2Fseleyuy%2F HTTP/1.0" 200 763 "-" "Mozilla/4.0 (compatible; MSIE 7.0; Windows NT 5.1; .NET CLR 2.0.50727; .NET CLR 1.1.4322)" "www.fleca.org"
213.52.224.47 - - [08/Jun/2008:05:34:34 -0700] "GET /?S=http%3A%2F%2Fwww.filter-international.com%2Fwebservice%2Faro%2Fpefosi%2F HTTP/1.0" 200 763 "-" "Mozilla/4.0 (compatible; MSIE 7.0; Windows NT 5.1; .NET CLR 2.0.50727; .NET CLR 1.1.4322)" "www.fleca.org"
213.52.224.47 - - [08/Jun/2008:05:34:34 -0700] "GET /?S=http%3A%2F%2Fwww.jyvaskylankirjastot.fi%2Fyhteistyo%2Fwd%2Fmuji%2Frenula%2Fxejado%2F HTTP/1.0" 200 763 "-" "Mozilla/4.0 (compatible; MSIE 7.0; Windows NT 5.1; .NET CLR 2.0.50727; .NET CLR 1.1.4322)" "www.fleca.org"
213.52.224.47 - - [08/Jun/2008:05:34:35 -0700] "GET /?D=http%3A%2F%2Fsans-packing.ru%2Fimg%2Fjipeqap%2Fehudute%2F HTTP/1.0" 200 763 "-" "Mozilla/4.0 (compatible; MSIE 7.0; Windows NT 5.1; .NET CLR 2.0.50727; .NET CLR 1.1.4322)" "www.fleca.org"
213.52.224.47 - - [08/Jun/2008:05:34:35 -0700] "GET /?D=http%3A%2F%2Fwww.obrasmecanicasch.com%2Fomch%2Fimg%2Fanawuho%2Fohuhiru%2F HTTP/1.0" 200 763 "-" "Mozilla/4.0 (compatible; MSIE 7.0; Windows NT 5.1; .NET CLR 2.0.50727; .NET CLR 1.1.4322)" "www.fleca.org"
213.52.224.47 - - [08/Jun/2008:05:34:35 -0700] "GET /?D=http%3A%2F%2Fwww.oriolmanya.net%2Fnautilus%2FphpBB2%2Flanguage%2Flang_english%2Fifekeri%2Fcekogah%2F HTTP/1.0" 200 763 "-" "Mozilla/4.0 (compatible; MSIE 7.0; Windows NT 5.1; .NET CLR 2.0.50727; .NET CLR 1.1.4322)" "www.fleca.org"
213.52.224.47 - - [08/Jun/2008:05:34:35 -0700] "GET /?M=http%3A%2F%2Fchyngachanga.ru%2Fcontent%2Fwuge%2Fokup%2F HTTP/1.0" 200 763 "-" "Mozilla/4.0 (compatible; MSIE 7.0; Windows NT 5.1; .NET CLR 2.0.50727; .NET CLR 1.1.4322)" "www.fleca.org"
213.52.224.47 - - [08/Jun/2008:05:34:36 -0700] "GET /?M=http%3A%2F%2Fwww.landi-sempach-emmen.ch%2Faktionen%2Fimage%2Fzafecez%2Froxovef%2F HTTP/1.0" 200 763 "-" "Mozilla/4.0 (compatible; MSIE 7.0; Windows NT 5.1; .NET CLR 2.0.50727; .NET CLR 1.1.4322)" "www.fleca.org"
213.52.224.47 - - [08/Jun/2008:05:34:36 -0700] "GET /?M=http%3A%2F%2Fkamini.biz%2Fa%2Fonodin%2Fbb%2Faqileka%2Fseleyuy%2F HTTP/1.0" 200 763 "-" "Mozilla/4.0 (compatible; MSIE 7.0; Windows NT 5.1; .NET CLR 2.0.50727; .NET CLR 1.1.4322)" "www.fleca.org"
213.52.224.47 - - [08/Jun/2008:05:34:36 -0700] "GET /tmp/ HTTP/1.0" 200 504 "-" "Mozilla/4.0 (compatible; MSIE 7.0; Windows NT 5.1; .NET CLR 2.0.50727; .NET CLR 1.1.4322)" "www.fleca.org"
213.52.224.47 - - [08/Jun/2008:05:34:36 -0700] "GET /?N=D HTTP/1.0" 200 763 "-" "Mozilla/4.0 (compatible; MSIE 7.0; Windows NT 5.1; .NET CLR 2.0.50727; .NET CLR 1.1.4322)" "www.fleca.org"
213.52.224.47 - - [08/Jun/2008:05:34:37 -0700] "GET /?S=A HTTP/1.0" 200 763 "-" "Mozilla/4.0 (compatible; MSIE 7.0; Windows NT 5.1; .NET CLR 2.0.50727; .NET CLR 1.1.4322)" "www.fleca.org"
213.52.224.47 - - [08/Jun/2008:05:34:37 -0700] "GET /?D=A HTTP/1.0" 200 763 "-" "Mozilla/4.0 (compatible; MSIE 7.0; Windows NT 5.1; .NET CLR 2.0.50727; .NET CLR 1.1.4322)" "www.fleca.org"
213.52.224.47 - - [08/Jun/2008:05:34:37 -0700] "GET /logs/ HTTP/1.0" 200 1786 "-" "Mozilla/4.0 (compatible; MSIE 7.0; Windows NT 5.1; .NET CLR 2.0.50727; .NET CLR 1.1.4322)" "www.fleca.org"
213.52.224.47 - - [08/Jun/2008:05:34:37 -0700] "GET /?M=A HTTP/1.0" 200 763 "-" "Mozilla/4.0 (compatible; MSIE 7.0; Windows NT 5.1; .NET CLR 2.0.50727; .NET CLR 1.1.4322)" "www.fleca.org"
213.52.224.47 - - [08/Jun/2008:05:34:38 -0700] "GET /tmp/?N=D HTTP/1.0" 200 504 "-" "Mozilla/4.0 (compatible; MSIE 7.0; Windows NT 5.1; .NET CLR 2.0.50727; .NET CLR 1.1.4322)" "www.fleca.org"
213.52.224.47 - - [08/Jun/2008:05:34:38 -0700] "GET /tmp/?S=A HTTP/1.0" 200 504 "-" "Mozilla/4.0 (compatible; MSIE 7.0; Windows NT 5.1; .NET CLR 2.0.50727; .NET CLR 1.1.4322)" "www.fleca.org"
213.52.224.47 - - [08/Jun/2008:05:34:38 -0700] "GET /?N=A HTTP/1.0" 200 763 "-" "Mozilla/4.0 (compatible; MSIE 7.0; Windows NT 5.1; .NET CLR 2.0.50727; .NET CLR 1.1.4322)" "www.fleca.org"
213.52.224.47 - - [08/Jun/2008:05:34:38 -0700] "GET /?S=D HTTP/1.0" 200 763 "-" "Mozilla/4.0 (compatible; MSIE 7.0; Windows NT 5.1; .NET CLR 2.0.50727; .NET CLR 1.1.4322)" "www.fleca.org"
213.52.224.47 - - [08/Jun/2008:05:34:39 -0700] "GET /?D=D HTTP/1.0" 200 763 "-" "Mozilla/4.0 (compatible; MSIE 7.0; Windows NT 5.1; .NET CLR 2.0.50727; .NET CLR 1.1.4322)" "www.fleca.org"
213.52.224.47 - - [08/Jun/2008:05:34:39 -0700] "GET /logs/?D=A HTTP/1.0" 200 1786 "-" "Mozilla/4.0 (compatible; MSIE 7.0; Windows NT 5.1; .NET CLR 2.0.50727; .NET CLR 1.1.4322)" "www.fleca.org"
213.52.224.47 - - [08/Jun/2008:05:34:39 -0700] "GET /logs/?S=A HTTP/1.0" 200 1786 "-" "Mozilla/4.0 (compatible; MSIE 7.0; Windows NT 5.1; .NET CLR 2.0.50727; .NET CLR 1.1.4322)" "www.fleca.org"
213.52.224.47 - - [08/Jun/2008:05:34:39 -0700] "GET /?M=D HTTP/1.0" 200 763 "-" "Mozilla/4.0 (compatible; MSIE 7.0; Windows NT 5.1; .NET CLR 2.0.50727; .NET CLR 1.1.4322)" "www.fleca.org"
213.52.224.47 - - [08/Jun/2008:05:34:40 -0700] "GET /tmp/?N=A HTTP/1.0" 200 504 "-" "Mozilla/4.0 (compatible; MSIE 7.0; Windows NT 5.1; .NET CLR 2.0.50727; .NET CLR 1.1.4322)" "www.fleca.org"
213.52.224.47 - - [08/Jun/2008:05:34:40 -0700] "GET /tmp/?S=D HTTP/1.0" 200 504 "-" "Mozilla/4.0 (compatible; MSIE 7.0; Windows NT 5.1; .NET CLR 2.0.50727; .NET CLR 1.1.4322)" "www.fleca.org"
213.52.224.47 - - [08/Jun/2008:05:34:40 -0700] "GET /logs/?D=D HTTP/1.0" 200 1786 "-" "Mozilla/4.0 (compatible; MSIE 7.0; Windows NT 5.1; .NET CLR 2.0.50727; .NET CLR 1.1.4322)" "www.fleca.org"
213.52.224.47 - - [08/Jun/2008:05:34:40 -0700] "GET /logs/?S=D HTTP/1.0" 200 1786 "-" "Mozilla/4.0 (compatible; MSIE 7.0; Windows NT 5.1; .NET CLR 2.0.50727; .NET CLR 1.1.4322)" "www.fleca.org"
85.0.168.69 - - [08/Jun/2008:05:44:12 -0700] "GET /logs/access_080401.log HTTP/1.1" 200 3059 "-" "Mozilla/4.0 (compatible; MSIE 6.0; Windows NT 5.1;1813)" "www.fleca.org"
69.11.121.166 - - [08/Jun/2008:06:24:58 -0700] "GET / HTTP/1.1" 200 779 "-" "Mozilla/4.0 (compatible ; MSIE 6.0; Windows NT 5.1)" "www.fleca.org"
69.11.121.166 - - [08/Jun/2008:06:27:31 -0700] "GET / HTTP/1.1" 200 779 "-" "Mozilla/4.0 (compatible ; MSIE 6.0; Windows NT 5.1)" "www.fleca.org"
74.6.18.233 - - [08/Jun/2008:08:09:45 -0700] "GET /logs/?N=D HTTP/1.0" 200 1786 "-" "Mozilla/5.0 (compatible; Yahoo! Slurp; http://help.yahoo.com/help/us/ysearch/slurp)" "www.fleca.org"
208.80.193.39 - - [08/Jun/2008:09:09:03 -0700] "GET / HTTP/1.0" 200 763 "-" "Mozilla/4.0 (compatible; MSIE 7.0; Windows NT 5.1; FunWebProducts; .NET CLR 1.1.4322; .NET CLR 2.0.50727; ImageShack Toolbar 4.0.2)" "www.fleca.org"
74.6.18.233 - - [08/Jun/2008:10:51:33 -0700] "GET /logs/access_080501.log HTTP/1.0" 200 200392 "-" "Mozilla/5.0 (compatible; Yahoo! Slurp; http://help.yahoo.com/help/us/ysearch/slurp)" "www.fleca.org"
66.249.72.17 - - [08/Jun/2008:15:49:31 -0700] "GET /robots.txt HTTP/1.1" 404 275 "-" "Mozilla/5.0 (compatible; Googlebot/2.1; +http://www.google.com/bot.html)" "www.fleca.org"
66.249.72.17 - - [08/Jun/2008:15:49:31 -0700] "GET /logs/access_080331.log HTTP/1.1" 304 - "-" "Mozilla/5.0 (compatible; Googlebot/2.1; +http://www.google.com/bot.html)" "www.fleca.org"
65.55.213.74 - - [08/Jun/2008:16:56:09 -0700] "GET /robots.txt HTTP/1.0" 404 275 "-" "msnbot-media/1.0 (+http://search.msn.com/msnbot.htm)" "www.fleca.org"
65.55.213.74 - - [08/Jun/2008:16:56:09 -0700] "GET /logs/ HTTP/1.0" 200 1786 "-" "msnbot-media/1.0 (+http://search.msn.com/msnbot.htm)" "www.fleca.org"
65.55.213.74 - - [08/Jun/2008:17:08:15 -0700] "GET /?D=A HTTP/1.0" 200 763 "-" "msnbot-media/1.0 (+http://search.msn.com/msnbot.htm)" "www.fleca.org"
74.6.18.233 - - [09/Jun/2008:01:49:34 -0700] "GET /robots.txt HTTP/1.0" 404 275 "-" "Mozilla/5.0 (compatible; Yahoo! Slurp; http://help.yahoo.com/help/us/ysearch/slurp)" "www.fleca.org"
74.6.18.233 - - [09/Jun/2008:01:49:34 -0700] "GET /logs/ HTTP/1.0" 200 1786 "-" "Mozilla/5.0 (compatible; Yahoo! Slurp; http://help.yahoo.com/help/us/ysearch/slurp)" "www.fleca.org"
134.155.241.28 - - [09/Jun/2008:03:58:42 -0700] "GET /logs/access_080401.log HTTP/1.1" 200 3059 "-" "Mozilla/4.0 (compatible; MSIE 7.0; Windows NT 5.1; Avant Browser; .NET CLR 2.0.50727; .NET CLR 3.0.04506.30; .NET CLR 1.1.4322)" "www.fleca.org"
134.155.241.28 - - [09/Jun/2008:03:59:14 -0700] "GET /logs/access_080401.log HTTP/1.1" 200 3059 "-" "Mozilla/4.0 (compatible; MSIE 7.0; Windows NT 5.1; Avant Browser; .NET CLR 2.0.50727; .NET CLR 3.0.04506.30; .NET CLR 1.1.4322)" "www.fleca.org"
134.155.241.28 - - [09/Jun/2008:03:59:32 -0700] "GET /logs/access_080401.log HTTP/1.1" 200 3059 "-" "Mozilla/4.0 (compatible; MSIE 7.0; Windows NT 5.1; Avant Browser; .NET CLR 2.0.50727; .NET CLR 3.0.04506.30; .NET CLR 1.1.4322)" "www.fleca.org"
134.155.241.28 - - [09/Jun/2008:03:59:49 -0700] "GET /logs/access_080401.log HTTP/1.1" 200 3059 "-" "Mozilla/4.0 (compatible; MSIE 7.0; Windows NT 5.1; Avant Browser; .NET CLR 2.0.50727; .NET CLR 3.0.04506.30; .NET CLR 1.1.4322)" "www.fleca.org"
74.6.18.233 - - [09/Jun/2008:04:10:23 -0700] "GET /logs/access_080331.log HTTP/1.0" 200 2482 "-" "Mozilla/5.0 (compatible; Yahoo! Slurp; http://help.yahoo.com/help/us/ysearch/slurp)" "www.fleca.org"
134.155.241.28 - - [09/Jun/2008:04:37:00 -0700] "GET /logs/access_080331.log HTTP/1.1" 200 2482 "-" "Mozilla/4.0 (compatible; MSIE 7.0; Windows NT 5.1; Avant Browser; .NET CLR 2.0.50727; .NET CLR 3.0.04506.30; .NET CLR 1.1.4322)" "www.fleca.org"
134.155.241.28 - - [09/Jun/2008:04:39:38 -0700] "GET /logs/access_080401.log HTTP/1.1" 200 3059 "-" "Mozilla/4.0 (compatible; MSIE 7.0; Windows NT 5.1; Avant Browser; .NET CLR 2.0.50727; .NET CLR 3.0.04506.30; .NET CLR 1.1.4322)" "www.fleca.org"
134.155.241.28 - - [09/Jun/2008:04:39:55 -0700] "GET /logs/access_080401.log HTTP/1.1" 200 3059 "-" "Mozilla/4.0 (compatible; MSIE 7.0; Windows NT 5.1; Avant Browser; .NET CLR 2.0.50727; .NET CLR 3.0.04506.30; .NET CLR 1.1.4322)" "www.fleca.org"
134.155.241.28 - - [09/Jun/2008:04:40:12 -0700] "GET /logs/access_080401.log HTTP/1.1" 200 3059 "-" "Mozilla/4.0 (compatible; MSIE 7.0; Windows NT 5.1; Avant Browser; .NET CLR 2.0.50727; .NET CLR 3.0.04506.30; .NET CLR 1.1.4322)" "www.fleca.org"
134.155.241.28 - - [09/Jun/2008:04:40:29 -0700] "GET /logs/access_080401.log HTTP/1.1" 200 3059 "-" "Mozilla/4.0 (compatible; MSIE 7.0; Windows NT 5.1; Avant Browser; .NET CLR 2.0.50727; .NET CLR 3.0.04506.30; .NET CLR 1.1.4322)" "www.fleca.org"
74.6.8.100 - - [09/Jun/2008:09:41:09 -0700] "GET /robots.txt HTTP/1.0" 404 275 "-" "Mozilla/5.0 (compatible; Yahoo! Slurp; http://help.yahoo.com/help/us/ysearch/slurp)" "www.fleca.org"
67.195.51.178 - - [09/Jun/2008:09:41:17 -0700] "GET /tmp/?M=A HTTP/1.0" 200 504 "-" "Mozilla/5.0 (compatible; Yahoo! Slurp; http://help.yahoo.com/help/us/ysearch/slurp)" "www.fleca.org"
67.195.54.57 - - [09/Jun/2008:09:43:15 -0700] "GET /tmp/?S=A HTTP/1.0" 200 504 "-" "Mozilla/5.0 (compatible; Yahoo! Slurp; http://help.yahoo.com/help/us/ysearch/slurp)" "www.fleca.org"
67.195.51.180 - - [09/Jun/2008:09:43:23 -0700] "GET /tmp/?M=D HTTP/1.0" 200 504 "-" "Mozilla/5.0 (compatible; Yahoo! Slurp; http://help.yahoo.com/help/us/ysearch/slurp)" "www.fleca.org"
67.195.52.62 - - [09/Jun/2008:09:44:19 -0700] "GET /tmp/?D=A HTTP/1.0" 200 504 "-" "Mozilla/5.0 (compatible; Yahoo! Slurp; http://help.yahoo.com/help/us/ysearch/slurp)" "www.fleca.org"
67.195.51.179 - - [09/Jun/2008:10:23:29 -0700] "GET /tmp/?N=A HTTP/1.0" 200 504 "-" "Mozilla/5.0 (compatible; Yahoo! Slurp; http://help.yahoo.com/help/us/ysearch/slurp)" "www.fleca.org"
134.155.241.28 - - [09/Jun/2008:15:01:35 -0700] "GET /logs/access_080401.log HTTP/1.1" 200 3059 "-" "Mozilla/4.0 (compatible; MSIE 7.0; Windows NT 5.1; Avant Browser; .NET CLR 2.0.50727; .NET CLR 3.0.04506.30; .NET CLR 1.1.4322)" "www.fleca.org"
134.155.241.28 - - [09/Jun/2008:15:02:35 -0700] "GET /logs/access_080401.log HTTP/1.1" 200 3059 "-" "Mozilla/4.0 (compatible; MSIE 7.0; Windows NT 5.1; Avant Browser; .NET CLR 2.0.50727; .NET CLR 3.0.04506.30; .NET CLR 1.1.4322)" "www.fleca.org"
134.155.241.28 - - [09/Jun/2008:15:03:16 -0700] "GET /logs/access_080401.log HTTP/1.1" 200 3059 "-" "Mozilla/4.0 (compatible; MSIE 7.0; Windows NT 5.1; Avant Browser; .NET CLR 2.0.50727; .NET CLR 3.0.04506.30; .NET CLR 1.1.4322)" "www.fleca.org"
216.189.169.60 - - [09/Jun/2008:15:04:41 -0700] "HEAD / HTTP/1.1" 200 0 "-" "Linkbot" "www.fleca.org"
77.91.224.14 - - [09/Jun/2008:15:19:13 -0700] "GET /robots.txt HTTP/1.1" 404 275 "-" "WebAlta Crawler/2.0 (http://www.webalta.net/ru/about_webmaster.html) (Windows; U; Windows NT 5.1; ru-RU)" "www.fleca.org"
77.91.224.14 - - [09/Jun/2008:15:19:14 -0700] "GET / HTTP/1.1" 200 779 "-" "WebAlta Crawler/2.0 (http://www.webalta.net/ru/about_webmaster.html) (Windows; U; Windows NT 5.1; ru-RU)" "www.fleca.org"
65.55.213.74 - - [09/Jun/2008:15:53:43 -0700] "GET /robots.txt HTTP/1.0" 404 275 "-" "msnbot-media/1.0 (+http://search.msn.com/msnbot.htm)" "www.fleca.org"
65.55.213.74 - - [09/Jun/2008:15:53:43 -0700] "GET /logs/access_080601.log HTTP/1.0" 200 3956 "-" "msnbot-media/1.0 (+http://search.msn.com/msnbot.htm)" "www.fleca.org"
65.55.213.74 - - [09/Jun/2008:15:53:46 -0700] "GET /logs/?D=A HTTP/1.0" 200 1786 "-" "msnbot-media/1.0 (+http://search.msn.com/msnbot.htm)" "www.fleca.org"
65.55.213.74 - - [09/Jun/2008:15:53:47 -0700] "GET /logs/access_080329.log HTTP/1.0" 200 245526 "-" "msnbot-media/1.0 (+http://search.msn.com/msnbot.htm)" "www.fleca.org"
65.55.213.74 - - [09/Jun/2008:15:55:55 -0700] "GET /logs/access_080330.log HTTP/1.0" 200 2304 "-" "msnbot-media/1.0 (+http://search.msn.com/msnbot.htm)" "www.fleca.org"
70.255.174.246 - - [09/Jun/2008:16:01:25 -0700] "GET /logs/ HTTP/1.0" 200 1786 "-" "Wget/1.5.3.1" "fleca.org"
70.255.174.246 - - [09/Jun/2008:16:01:25 -0700] "GET /robots.txt HTTP/1.0" 404 275 "-" "Wget/1.5.3.1" "fleca.org"
70.255.174.246 - - [09/Jun/2008:16:01:25 -0700] "GET /logs/access.log HTTP/1.0" 200 65777 "http://fleca.org/logs/" "Wget/1.5.3.1" "fleca.org"
74.6.18.233 - - [09/Jun/2008:17:01:11 -0700] "GET /tmp/?M=A HTTP/1.0" 200 504 "-" "Mozilla/5.0 (compatible; Yahoo! Slurp; http://help.yahoo.com/help/us/ysearch/slurp)" "www.fleca.org"
66.249.72.17 - - [09/Jun/2008:20:58:16 -0700] "GET /robots.txt HTTP/1.1" 404 275 "-" "Mozilla/5.0 (compatible; Googlebot/2.1; +http://www.google.com/bot.html)" "www.fleca.org"
66.249.72.17 - - [09/Jun/2008:20:58:16 -0700] "GET /logs/access_080501.log HTTP/1.1" 304 - "-" "Mozilla/5.0 (compatible; Googlebot/2.1; +http://www.google.com/bot.html)" "www.fleca.org"
66.249.72.17 - - [09/Jun/2008:22:07:35 -0700] "GET /logs/ HTTP/1.1" 200 1802 "-" "Mozilla/5.0 (compatible; Googlebot/2.1; +http://www.google.com/bot.html)" "www.fleca.org"
74.6.18.233 - - [09/Jun/2008:22:30:18 -0700] "GET /robots.txt HTTP/1.0" 404 275 "-" "Mozilla/5.0 (compatible; Yahoo! Slurp; http://help.yahoo.com/help/us/ysearch/slurp)" "www.fleca.org"
74.6.18.233 - - [09/Jun/2008:22:30:19 -0700] "GET /logs/?N=A HTTP/1.0" 200 1786 "-" "Mozilla/5.0 (compatible; Yahoo! Slurp; http://help.yahoo.com/help/us/ysearch/slurp)" "www.fleca.org"
66.249.72.17 - - [09/Jun/2008:23:05:04 -0700] "GET /logs/access.log HTTP/1.1" 200 67233 "-" "Mozilla/5.0 (compatible; Googlebot/2.1; +http://www.google.com/bot.html)" "www.fleca.org"
208.223.208.181 - - [10/Jun/2008:03:11:13 -0700] "GET / HTTP/1.0" 200 763 "-" "shelob v1.0" "www.fleca.org"
74.6.18.233 - - [10/Jun/2008:05:10:18 -0700] "GET /robots.txt HTTP/1.0" 404 275 "-" "Mozilla/5.0 (compatible; Yahoo! Slurp; http://help.yahoo.com/help/us/ysearch/slurp)" "www.fleca.org"
74.6.18.233 - - [10/Jun/2008:05:10:18 -0700] "GET /logs/?D=A HTTP/1.0" 200 1786 "-" "Mozilla/5.0 (compatible; Yahoo! Slurp; http://help.yahoo.com/help/us/ysearch/slurp)" "www.fleca.org"
74.6.17.188 - - [10/Jun/2008:06:11:54 -0700] "GET /robots.txt HTTP/1.0" 404 275 "-" "Mozilla/5.0 (compatible; Yahoo! Slurp; http://help.yahoo.com/help/us/ysearch/slurp)" "fleca.org"
74.6.17.188 - - [10/Jun/2008:06:11:55 -0700] "GET /sitemap.xml HTTP/1.0" 404 275 "-" "Mozilla/5.0 (compatible; Yahoo! Slurp; http://help.yahoo.com/help/us/ysearch/slurp)" "fleca.org"
66.249.72.17 - - [10/Jun/2008:06:58:56 -0700] "GET /robots.txt HTTP/1.1" 404 275 "-" "Mozilla/5.0 (compatible; Googlebot/2.1; +http://www.google.com/bot.html)" "fleca.org"
66.249.72.17 - - [10/Jun/2008:06:58:56 -0700] "GET /sitemap.xml HTTP/1.1" 404 275 "-" "Mozilla/5.0 (compatible; Googlebot/2.1; +http://www.google.com/bot.html)" "fleca.org"
74.6.18.233 - - [10/Jun/2008:08:28:22 -0700] "GET /logs/?S=A HTTP/1.0" 200 1786 "-" "Mozilla/5.0 (compatible; Yahoo! Slurp; http://help.yahoo.com/help/us/ysearch/slurp)" "www.fleca.org"
74.6.17.188 - - [10/Jun/2008:08:55:43 -0700] "GET /message_board HTTP/1.0" 404 275 "-" "Mozilla/5.0 (compatible; Yahoo! Slurp; http://help.yahoo.com/help/us/ysearch/slurp)" "fleca.org"
74.6.18.233 - - [10/Jun/2008:09:42:28 -0700] "GET /?N=D HTTP/1.0" 200 763 "-" "Mozilla/5.0 (compatible; Yahoo! Slurp; http://help.yahoo.com/help/us/ysearch/slurp)" "www.fleca.org"
74.6.22.186 - - [10/Jun/2008:09:47:57 -0700] "GET /robots.txt HTTP/1.0" 404 275 "-" "Mozilla/5.0 (compatible; Yahoo! Slurp; http://help.yahoo.com/help/us/ysearch/slurp)" "www.fleca.org"
67.195.52.33 - - [10/Jun/2008:09:48:05 -0700] "GET / HTTP/1.0" 200 763 "-" "Mozilla/5.0 (compatible; Yahoo! Slurp; http://help.yahoo.com/help/us/ysearch/slurp)" "www.fleca.org"
74.6.8.105 - - [10/Jun/2008:09:49:25 -0700] "GET /robots.txt HTTP/1.0" 404 275 "-" "Mozilla/5.0 (compatible; Yahoo! Slurp; http://help.yahoo.com/help/us/ysearch/slurp)" "www.fleca.org"
74.6.17.184 - - [10/Jun/2008:09:50:03 -0700] "GET /robots.txt HTTP/1.0" 404 275 "-" "Mozilla/5.0 (compatible; Yahoo! Slurp; http://help.yahoo.com/help/us/ysearch/slurp)" "www.fleca.org"
67.195.51.174 - - [10/Jun/2008:09:50:04 -0700] "GET /?S=A HTTP/1.0" 200 763 "-" "Mozilla/5.0 (compatible; Yahoo! Slurp; http://help.yahoo.com/help/us/ysearch/slurp)" "www.fleca.org"
67.195.51.232 - - [10/Jun/2008:09:50:05 -0700] "GET /?D=A HTTP/1.0" 200 763 "-" "Mozilla/5.0 (compatible; Yahoo! Slurp; http://help.yahoo.com/help/us/ysearch/slurp)" "www.fleca.org"
74.6.22.110 - - [10/Jun/2008:09:51:03 -0700] "GET /robots.txt HTTP/1.0" 404 275 "-" "Mozilla/5.0 (compatible; Yahoo! Slurp; http://help.yahoo.com/help/us/ysearch/slurp)" "www.fleca.org"
67.195.51.115 - - [10/Jun/2008:09:51:11 -0700] "GET /?N=D HTTP/1.0" 200 763 "-" "Mozilla/5.0 (compatible; Yahoo! Slurp; http://help.yahoo.com/help/us/ysearch/slurp)" "www.fleca.org"
74.6.18.233 - - [10/Jun/2008:10:16:03 -0700] "GET /?N=A HTTP/1.0" 200 763 "-" "Mozilla/5.0 (compatible; Yahoo! Slurp; http://help.yahoo.com/help/us/ysearch/slurp)" "www.fleca.org"
74.6.18.227 - - [10/Jun/2008:10:30:58 -0700] "GET /robots.txt HTTP/1.0" 404 275 "-" "Mozilla/5.0 (compatible; Yahoo! Slurp; http://help.yahoo.com/help/us/ysearch/slurp)" "www.fleca.org"
74.6.17.188 - - [10/Jun/2008:10:31:41 -0700] "GET /?S=A HTTP/1.0" 200 763 "-" "Mozilla/5.0 (compatible; Yahoo! Slurp; http://help.yahoo.com/help/us/ysearch/slurp)" "fleca.org"
74.6.17.188 - - [10/Jun/2008:12:24:14 -0700] "GET /robots.txt HTTP/1.0" 404 275 "-" "Mozilla/5.0 (compatible; Yahoo! Slurp; http://help.yahoo.com/help/us/ysearch/slurp)" "fleca.org"
74.6.17.188 - - [10/Jun/2008:12:24:14 -0700] "GET /tmp/ HTTP/1.0" 200 504 "-" "Mozilla/5.0 (compatible; Yahoo! Slurp; http://help.yahoo.com/help/us/ysearch/slurp)" "fleca.org"
74.6.18.233 - - [10/Jun/2008:12:33:59 -0700] "GET /contact_us HTTP/1.0" 404 275 "-" "Mozilla/5.0 (compatible; Yahoo! Slurp; http://help.yahoo.com/help/us/ysearch/slurp)" "www.fleca.org"
98.216.120.252 - - [10/Jun/2008:12:42:07 -0700] "GET / HTTP/1.1" 200 779 "http://www.policetraining.net/browse/about" "Mozilla/4.0 (compatible; MSIE 7.0; Windows NT 6.0; SLCC1; .NET CLR 2.0.50727; Media Center PC 5.0; .NET CLR 3.0.04506)" "www.fleca.org"
98.216.120.252 - - [10/Jun/2008:12:42:07 -0700] "GET /favicon.ico HTTP/1.1" 404 275 "-" "Mozilla/4.0 (compatible; MSIE 7.0; Windows NT 6.0; SLCC1; .NET CLR 2.0.50727; Media Center PC 5.0; .NET CLR 3.0.04506)" "www.fleca.org"
98.216.120.252 - - [10/Jun/2008:12:42:11 -0700] "GET / HTTP/1.1" 200 779 "http://www.fleca.org/" "Mozilla/4.0 (compatible; MSIE 7.0; Windows NT 6.0; SLCC1; .NET CLR 2.0.50727; Media Center PC 5.0; .NET CLR 3.0.04506)" "www.fleca.org"
207.171.180.101 - - [10/Jun/2008:13:51:47 -0700] "GET /logs/access.log HTTP/1.1" 200 72423 "http://www.google.com/search?hl=en&q=74.6.8.95&btnG=Search" "Mozilla/5.0 (Windows; U; Windows NT 5.1; en-US; rv:1.8.1.14) Gecko/20080404 Firefox/2.0.0.14" "www.fleca.org"
207.171.180.101 - - [10/Jun/2008:13:51:47 -0700] "GET /favicon.ico HTTP/1.1" 404 275 "-" "Mozilla/5.0 (Windows; U; Windows NT 5.1; en-US; rv:1.8.1.14) Gecko/20080404 Firefox/2.0.0.14" "www.fleca.org"
207.171.180.101 - - [10/Jun/2008:13:51:47 -0700] "GET /favicon.ico HTTP/1.1" 404 275 "-" "Mozilla/5.0 (compatible; Google Desktop)" "www.fleca.org"
207.171.180.101 - - [10/Jun/2008:13:57:10 -0700] "GET /favicon.ico HTTP/1.1" 404 275 "-" "Mozilla/5.0 (Windows; U; Windows NT 5.1; en-US; rv:1.8.1.14) Gecko/20080404 Firefox/2.0.0.14" "www.fleca.org"
70.238.66.172 - - [10/Jun/2008:16:01:22 -0700] "GET /logs/ HTTP/1.0" 200 1786 "-" "Wget/1.5.3.1" "fleca.org"
70.238.66.172 - - [10/Jun/2008:16:01:22 -0700] "GET /robots.txt HTTP/1.0" 404 275 "-" "Wget/1.5.3.1" "fleca.org"
70.238.66.172 - - [10/Jun/2008:16:01:22 -0700] "GET /logs/access.log HTTP/1.0" 200 73234 "http://fleca.org/logs/" "Wget/1.5.3.1" "fleca.org"
65.55.213.74 - - [10/Jun/2008:16:33:36 -0700] "GET /robots.txt HTTP/1.0" 404 275 "-" "msnbot-media/1.0 (+http://search.msn.com/msnbot.htm)" "www.fleca.org"
65.55.213.74 - - [10/Jun/2008:16:33:36 -0700] "GET /logs/?D=D HTTP/1.0" 200 1786 "-" "msnbot-media/1.0 (+http://search.msn.com/msnbot.htm)" "www.fleca.org"
96.33.88.0 - - [10/Jun/2008:16:49:05 -0700] "GET /tmp/ HTTP/1.1" 200 520 "http://www.google.com/search?hl=en&client=firefox-a&rls=org.mozilla:en-US:official&hs=4cD&q=%3Findex.of.tmp%3F&start=20&sa=N" "Mozilla/5.0 (Windows; U; Windows NT 5.1; en-US; rv:1.8.1.14) Gecko/20080404 Firefox/2.0.0.14" "www.fleca.org"
96.33.88.0 - - [10/Jun/2008:16:49:06 -0700] "GET /favicon.ico HTTP/1.1" 404 275 "-" "Mozilla/5.0 (Windows; U; Windows NT 5.1; en-US; rv:1.8.1.14) Gecko/20080404 Firefox/2.0.0.14" "www.fleca.org"
96.33.88.0 - - [10/Jun/2008:16:49:15 -0700] "GET /favicon.ico HTTP/1.1" 404 275 "-" "Mozilla/5.0 (Windows; U; Windows NT 5.1; en-US; rv:1.8.1.14) Gecko/20080404 Firefox/2.0.0.14" "www.fleca.org"
66.249.72.17 - - [10/Jun/2008:16:53:56 -0700] "GET /robots.txt HTTP/1.1" 404 275 "-" "Mozilla/5.0 (compatible; Googlebot/2.1; +http://www.google.com/bot.html)" "www.fleca.org"
66.249.72.17 - - [10/Jun/2008:16:53:56 -0700] "GET / HTTP/1.1" 200 779 "-" "Mozilla/5.0 (compatible; Googlebot/2.1; +http://www.google.com/bot.html)" "www.fleca.org"
74.6.18.233 - - [10/Jun/2008:17:28:19 -0700] "GET /robots.txt HTTP/1.0" 404 275 "-" "Mozilla/5.0 (compatible; Yahoo! Slurp; http://help.yahoo.com/help/us/ysearch/slurp)" "www.fleca.org"
74.6.18.233 - - [10/Jun/2008:18:41:01 -0700] "GET /?D=A HTTP/1.0" 200 763 "-" "Mozilla/5.0 (compatible; Yahoo! Slurp; http://help.yahoo.com/help/us/ysearch/slurp)" "www.fleca.org"
74.6.17.188 - - [10/Jun/2008:18:46:35 -0700] "GET / HTTP/1.0" 200 763 "-" "Mozilla/5.0 (compatible; Yahoo! Slurp; http://help.yahoo.com/help/us/ysearch/slurp)" "fleca.org"
74.6.22.186 - - [10/Jun/2008:19:11:46 -0700] "GET /robots.txt HTTP/1.0" 404 275 "-" "Mozilla/5.0 (compatible; Yahoo! Slurp; http://help.yahoo.com/help/us/ysearch/slurp)" "www.fleca.org"
67.195.51.189 - - [10/Jun/2008:19:11:59 -0700] "GET /logs/ HTTP/1.0" 200 1786 "-" "Mozilla/5.0 (compatible; Yahoo! Slurp; http://help.yahoo.com/help/us/ysearch/slurp)" "www.fleca.org"
67.195.52.116 - - [10/Jun/2008:19:13:28 -0700] "GET /logs/access_080601.log HTTP/1.0" 200 3956 "-" "Mozilla/5.0 (compatible; Yahoo! Slurp; http://help.yahoo.com/help/us/ysearch/slurp)" "www.fleca.org"
67.195.52.37 - - [10/Jun/2008:19:13:47 -0700] "GET /logs/access_080531.log HTTP/1.0" 200 199161 "-" "Mozilla/5.0 (compatible; Yahoo! Slurp; http://help.yahoo.com/help/us/ysearch/slurp)" "www.fleca.org"
67.195.51.228 - - [10/Jun/2008:19:13:47 -0700] "GET /logs/access_080329.log HTTP/1.0" 200 245526 "-" "Mozilla/5.0 (compatible; Yahoo! Slurp; http://help.yahoo.com/help/us/ysearch/slurp)" "www.fleca.org"
67.195.52.119 - - [10/Jun/2008:19:13:56 -0700] "GET /logs/access.log HTTP/1.0" 200 76466 "-" "Mozilla/5.0 (compatible; Yahoo! Slurp; http://help.yahoo.com/help/us/ysearch/slurp)" "www.fleca.org"
67.195.51.126 - - [10/Jun/2008:19:14:07 -0700] "GET /logs/access_080301.log HTTP/1.0" 200 92270 "-" "Mozilla/5.0 (compatible; Yahoo! Slurp; http://help.yahoo.com/help/us/ysearch/slurp)" "www.fleca.org"
67.195.51.122 - - [10/Jun/2008:19:14:23 -0700] "GET /logs/?M=A HTTP/1.0" 200 1786 "-" "Mozilla/5.0 (compatible; Yahoo! Slurp; http://help.yahoo.com/help/us/ysearch/slurp)" "www.fleca.org"
67.195.51.230 - - [10/Jun/2008:19:14:57 -0700] "GET /logs/access_080401.log HTTP/1.0" 200 3059 "-" "Mozilla/5.0 (compatible; Yahoo! Slurp; http://help.yahoo.com/help/us/ysearch/slurp)" "www.fleca.org"
67.195.52.92 - - [10/Jun/2008:19:17:34 -0700] "GET /logs/?N=D HTTP/1.0" 200 1786 "-" "Mozilla/5.0 (compatible; Yahoo! Slurp; http://help.yahoo.com/help/us/ysearch/slurp)" "www.fleca.org"
67.195.51.187 - - [10/Jun/2008:19:17:41 -0700] "GET /logs/?S=A HTTP/1.0" 200 1786 "-" "Mozilla/5.0 (compatible; Yahoo! Slurp; http://help.yahoo.com/help/us/ysearch/slurp)" "www.fleca.org"
74.6.22.154 - - [10/Jun/2008:19:30:25 -0700] "GET /robots.txt HTTP/1.0" 404 275 "-" "Mozilla/5.0 (compatible; Yahoo! Slurp; http://help.yahoo.com/help/us/ysearch/slurp)" "www.fleca.org"
67.195.52.98 - - [10/Jun/2008:19:31:42 -0700] "GET /logs/access_080331.log HTTP/1.0" 200 2482 "-" "Mozilla/5.0 (compatible; Yahoo! Slurp; http://help.yahoo.com/help/us/ysearch/slurp)" "www.fleca.org"
67.195.52.62 - - [10/Jun/2008:21:08:34 -0700] "GET /tmp/?D=A HTTP/1.0" 200 504 "-" "Mozilla/5.0 (compatible; Yahoo! Slurp; http://help.yahoo.com/help/us/ysearch/slurp)" "www.fleca.org"
74.6.18.233 - - [10/Jun/2008:22:04:29 -0700] "GET /upcoming_classes HTTP/1.0" 404 275 "-" "Mozilla/5.0 (compatible; Yahoo! Slurp; http://help.yahoo.com/help/us/ysearch/slurp)" "www.fleca.org"
74.6.22.186 - - [11/Jun/2008:01:49:24 -0700] "GET /robots.txt HTTP/1.0" 404 275 "-" "Mozilla/5.0 (compatible; Yahoo! Slurp; http://help.yahoo.com/help/us/ysearch/slurp)" "www.fleca.org"
67.195.52.41 - - [11/Jun/2008:01:49:38 -0700] "GET /?M=A HTTP/1.0" 200 763 "-" "Mozilla/5.0 (compatible; Yahoo! Slurp; http://help.yahoo.com/help/us/ysearch/slurp)" "www.fleca.org"
74.6.17.186 - - [11/Jun/2008:01:52:06 -0700] "GET /robots.txt HTTP/1.0" 404 275 "-" "Mozilla/5.0 (compatible; Yahoo! Slurp; http://help.yahoo.com/help/us/ysearch/slurp)" "www.fleca.org"
67.195.52.34 - - [11/Jun/2008:01:52:19 -0700] "GET /tmp/ HTTP/1.0" 200 504 "-" "Mozilla/5.0 (compatible; Yahoo! Slurp; http://help.yahoo.com/help/us/ysearch/slurp)" "www.fleca.org"
67.195.52.125 - - [11/Jun/2008:01:52:24 -0700] "GET /?N=A HTTP/1.0" 200 763 "-" "Mozilla/5.0 (compatible; Yahoo! Slurp; http://help.yahoo.com/help/us/ysearch/slurp)" "www.fleca.org"
67.195.51.183 - - [11/Jun/2008:01:53:01 -0700] "GET /?M=D HTTP/1.0" 200 763 "-" "Mozilla/5.0 (compatible; Yahoo! Slurp; http://help.yahoo.com/help/us/ysearch/slurp)" "www.fleca.org"
67.195.54.52 - - [11/Jun/2008:05:36:49 -0700] "GET /tmp/?N=D HTTP/1.0" 200 504 "-" "Mozilla/5.0 (compatible; Yahoo! Slurp; http://help.yahoo.com/help/us/ysearch/slurp)" "www.fleca.org"
74.6.18.233 - - [11/Jun/2008:06:02:14 -0700] "GET /logs/?M=A HTTP/1.0" 200 1786 "-" "Mozilla/5.0 (compatible; Yahoo! Slurp; http://help.yahoo.com/help/us/ysearch/slurp)" "www.fleca.org"
216.145.54.196 - - [11/Jun/2008:08:10:55 -0700] "GET / HTTP/1.1" 200 779 "-" "Mozilla/4.0 (compatible; MSIE 6.0; Windows NT 5.1)" "fleca.org"
67.195.52.84 - - [11/Jun/2008:08:34:15 -0700] "GET /logs/?D=A HTTP/1.0" 200 1786 "-" "Mozilla/5.0 (compatible; Yahoo! Slurp; http://help.yahoo.com/help/us/ysearch/slurp)" "www.fleca.org"
67.195.51.179 - - [11/Jun/2008:09:14:01 -0700] "GET /tmp/?N=A HTTP/1.0" 200 504 "-" "Mozilla/5.0 (compatible; Yahoo! Slurp; http://help.yahoo.com/help/us/ysearch/slurp)" "www.fleca.org"
208.80.193.54 - - [11/Jun/2008:11:28:04 -0700] "GET / HTTP/1.0" 200 763 "-" "Mozilla/4.0 (compatible; MSIE 6.0; Windows NT 5.1; SV1; FunWebProducts; YPC 3.2.0; .NET CLR 1.1.4322; HbTools 4.8.7; yplus 5.1.03b)" "www.fleca.org"
74.6.18.223 - - [11/Jun/2008:12:24:26 -0700] "GET /robots.txt HTTP/1.0" 404 275 "-" "Mozilla/5.0 (compatible; Yahoo! Slurp; http://help.yahoo.com/help/us/ysearch/slurp)" "www.fleca.org"
74.6.18.223 - - [11/Jun/2008:12:24:26 -0700] "GET /tmp/ HTTP/1.0" 200 504 "-" "Mozilla/5.0 (compatible; Yahoo! Slurp; http://help.yahoo.com/help/us/ysearch/slurp)" "www.fleca.org"
74.6.18.223 - - [11/Jun/2008:12:54:40 -0700] "GET /logs/access.log HTTP/1.0" 200 80966 "-" "Mozilla/5.0 (compatible; Yahoo! Slurp; http://help.yahoo.com/help/us/ysearch/slurp)" "www.fleca.org"
70.238.66.172 - - [11/Jun/2008:16:02:03 -0700] "GET /logs/ HTTP/1.0" 200 1786 "-" "Wget/1.5.3.1" "fleca.org"
70.238.66.172 - - [11/Jun/2008:16:02:03 -0700] "GET /robots.txt HTTP/1.0" 404 275 "-" "Wget/1.5.3.1" "fleca.org"
70.238.66.172 - - [11/Jun/2008:16:02:03 -0700] "GET /logs/access.log HTTP/1.0" 200 81159 "http://fleca.org/logs/" "Wget/1.5.3.1" "fleca.org"
74.6.17.188 - - [11/Jun/2008:16:14:31 -0700] "GET /robots.txt HTTP/1.0" 404 275 "-" "Mozilla/5.0 (compatible; Yahoo! Slurp; http://help.yahoo.com/help/us/ysearch/slurp)" "fleca.org"
74.6.17.188 - - [11/Jun/2008:16:14:32 -0700] "GET /?N=D HTTP/1.0" 200 763 "-" "Mozilla/5.0 (compatible; Yahoo! Slurp; http://help.yahoo.com/help/us/ysearch/slurp)" "fleca.org"
74.6.22.186 - - [11/Jun/2008:16:22:22 -0700] "GET /robots.txt HTTP/1.0" 404 275 "-" "Mozilla/5.0 (compatible; Yahoo! Slurp; http://help.yahoo.com/help/us/ysearch/slurp)" "www.fleca.org"
67.195.52.82 - - [11/Jun/2008:16:23:03 -0700] "GET /logs/access_080330.log HTTP/1.0" 200 2304 "-" "Mozilla/5.0 (compatible; Yahoo! Slurp; http://help.yahoo.com/help/us/ysearch/slurp)" "www.fleca.org"
66.249.72.17 - - [11/Jun/2008:17:36:35 -0700] "GET /robots.txt HTTP/1.1" 404 275 "-" "Mozilla/5.0 (compatible; Googlebot/2.1; +http://www.google.com/bot.html)" "www.fleca.org"
66.249.72.17 - - [11/Jun/2008:17:36:35 -0700] "GET /logs/access_080601.log HTTP/1.1" 304 - "-" "Mozilla/5.0 (compatible; Googlebot/2.1; +http://www.google.com/bot.html)" "www.fleca.org"
74.6.18.223 - - [11/Jun/2008:20:08:23 -0700] "GET /robots.txt HTTP/1.0" 404 275 "-" "Mozilla/5.0 (compatible; Yahoo! Slurp; http://help.yahoo.com/help/us/ysearch/slurp)" "www.fleca.org"
74.6.18.223 - - [11/Jun/2008:20:08:23 -0700] "GET /logs/?S=D HTTP/1.0" 200 1786 "-" "Mozilla/5.0 (compatible; Yahoo! Slurp; http://help.yahoo.com/help/us/ysearch/slurp)" "www.fleca.org"
65.55.213.74 - - [11/Jun/2008:20:12:07 -0700] "GET /robots.txt HTTP/1.0" 404 275 "-" "msnbot-media/1.0 (+http://search.msn.com/msnbot.htm)" "www.fleca.org"
65.55.213.74 - - [11/Jun/2008:20:12:07 -0700] "GET /logs/access_080531.log HTTP/1.0" 200 199161 "-" "msnbot-media/1.0 (+http://search.msn.com/msnbot.htm)" "www.fleca.org"
65.55.213.74 - - [11/Jun/2008:20:12:25 -0700] "GET /logs/access.log HTTP/1.0" 200 83327 "-" "msnbot-media/1.0 (+http://search.msn.com/msnbot.htm)" "www.fleca.org"
74.6.18.223 - - [12/Jun/2008:01:55:47 -0700] "GET /robots.txt HTTP/1.0" 404 275 "-" "Mozilla/5.0 (compatible; Yahoo! Slurp; http://help.yahoo.com/help/us/ysearch/slurp)" "www.fleca.org"
74.6.18.223 - - [12/Jun/2008:01:55:47 -0700] "GET / HTTP/1.0" 200 763 "-" "Mozilla/5.0 (compatible; Yahoo! Slurp; http://help.yahoo.com/help/us/ysearch/slurp)" "www.fleca.org"
74.6.18.223 - - [12/Jun/2008:02:27:33 -0700] "GET /logs/?M=D HTTP/1.0" 200 1786 "-" "Mozilla/5.0 (compatible; Yahoo! Slurp; http://help.yahoo.com/help/us/ysearch/slurp)" "www.fleca.org"
74.6.17.188 - - [12/Jun/2008:06:06:31 -0700] "GET /robots.txt HTTP/1.0" 404 275 "-" "Mozilla/5.0 (compatible; Yahoo! Slurp; http://help.yahoo.com/help/us/ysearch/slurp)" "fleca.org"
74.6.17.188 - - [12/Jun/2008:06:06:31 -0700] "GET /?D=A HTTP/1.0" 200 763 "-" "Mozilla/5.0 (compatible; Yahoo! Slurp; http://help.yahoo.com/help/us/ysearch/slurp)" "fleca.org"
74.6.18.223 - - [12/Jun/2008:11:17:26 -0700] "GET /logs/?D=D HTTP/1.0" 200 1786 "-" "Mozilla/5.0 (compatible; Yahoo! Slurp; http://help.yahoo.com/help/us/ysearch/slurp)" "www.fleca.org"
217.122.53.115 - - [12/Jun/2008:13:12:13 -0700] "GET /tmp/ HTTP/1.1" 200 520 "http://www.google.com/search?num=100&hl=en&lr=&q=%22Index+of+%2Ftmp%22&btnG=Search" "Mozilla/5.0 (X11; U; Linux i686; en-US; rv:1.9) Gecko/2008060309 Firefox/3.0" "www.fleca.org"
217.122.53.115 - - [12/Jun/2008:13:12:16 -0700] "GET /favicon.ico HTTP/1.1" 404 275 "-" "Mozilla/5.0 (X11; U; Linux i686; en-US; rv:1.9) Gecko/2008060309 Firefox/3.0" "www.fleca.org"
217.122.53.115 - - [12/Jun/2008:13:12:17 -0700] "GET / HTTP/1.1" 200 779 "http://www.fleca.org/tmp/" "Mozilla/5.0 (X11; U; Linux i686; en-US; rv:1.9) Gecko/2008060309 Firefox/3.0" "www.fleca.org"
70.238.66.172 - - [12/Jun/2008:16:01:20 -0700] "GET /logs/ HTTP/1.0" 200 1786 "-" "Wget/1.5.3.1" "fleca.org"
70.238.66.172 - - [12/Jun/2008:16:01:20 -0700] "GET /robots.txt HTTP/1.0" 404 275 "-" "Wget/1.5.3.1" "fleca.org"
70.238.66.172 - - [12/Jun/2008:16:01:21 -0700] "GET /logs/access.log HTTP/1.0" 200 85218 "http://fleca.org/logs/" "Wget/1.5.3.1" "fleca.org"
208.96.54.73 - - [12/Jun/2008:16:10:05 -0700] "GET /robots.txt HTTP/1.1" 404 275 "-" "Mozilla/5.0 (compatible; discobot/1.0; +http://discoveryengine.com/discobot.html)" "www.fleca.org"
89.136.186.168 - - [12/Jun/2008:16:15:41 -0700] "GET /logs/access_080601.log HTTP/1.1" 200 3956 "-" "Mozilla/4.0 (compatible; MSIE 6.0; Windows NT 5.1;1813)" "www.fleca.org"
67.195.37.90 - - [12/Jun/2008:19:59:17 -0700] "GET /robots.txt HTTP/1.0" 404 275 "-" "Mozilla/5.0 (compatible; Yahoo! Slurp; http://help.yahoo.com/help/us/ysearch/slurp)" "www.fleca.org"
67.195.37.90 - - [12/Jun/2008:19:59:55 -0700] "GET /tmp/?S=A HTTP/1.0" 200 504 "-" "Mozilla/5.0 (compatible; Yahoo! Slurp/3.0; http://help.yahoo.com/help/us/ysearch/slurp)" "www.fleca.org"
66.249.65.169 - - [13/Jun/2008:00:26:07 -0700] "GET /robots.txt HTTP/1.1" 404 275 "-" "Mozilla/5.0 (compatible; Googlebot/2.1; +http://www.google.com/bot.html)" "www.fleca.org"
66.249.65.169 - - [13/Jun/2008:00:26:07 -0700] "GET /logs/access_080601.log HTTP/1.1" 304 - "-" "Mozilla/5.0 (compatible; Googlebot/2.1; +http://www.google.com/bot.html)" "www.fleca.org"
74.6.18.223 - - [13/Jun/2008:00:49:53 -0700] "GET /robots.txt HTTP/1.0" 404 275 "-" "Mozilla/5.0 (compatible; Yahoo! Slurp; http://help.yahoo.com/help/us/ysearch/slurp)" "www.fleca.org"
74.6.18.223 - - [13/Jun/2008:00:49:53 -0700] "GET /logs/ HTTP/1.0" 200 1786 "-" "Mozilla/5.0 (compatible; Yahoo! Slurp; http://help.yahoo.com/help/us/ysearch/slurp)" "www.fleca.org"
67.195.37.90 - - [13/Jun/2008:02:14:48 -0700] "GET /robots.txt HTTP/1.0" 404 275 "-" "Mozilla/5.0 (compatible; Yahoo! Slurp; http://help.yahoo.com/help/us/ysearch/slurp)" "www.fleca.org"
67.195.37.90 - - [13/Jun/2008:02:14:48 -0700] "GET /tmp/?D=A HTTP/1.0" 200 504 "-" "Mozilla/5.0 (compatible; Yahoo! Slurp/3.0; http://help.yahoo.com/help/us/ysearch/slurp)" "www.fleca.org"
74.6.17.188 - - [13/Jun/2008:02:28:10 -0700] "GET /robots.txt HTTP/1.0" 404 275 "-" "Mozilla/5.0 (compatible; Yahoo! Slurp; http://help.yahoo.com/help/us/ysearch/slurp)" "fleca.org"
74.6.17.188 - - [13/Jun/2008:02:28:10 -0700] "GET /?M=A HTTP/1.0" 200 763 "-" "Mozilla/5.0 (compatible; Yahoo! Slurp; http://help.yahoo.com/help/us/ysearch/slurp)" "fleca.org"
74.6.18.223 - - [13/Jun/2008:02:53:09 -0700] "GET /robots.txt HTTP/1.0" 404 275 "-" "Mozilla/5.0 (compatible; Yahoo! Slurp; http://help.yahoo.com/help/us/ysearch/slurp)" "www.fleca.org"
74.6.18.223 - - [13/Jun/2008:02:53:09 -0700] "GET /tmp/?N=D HTTP/1.0" 200 504 "-" "Mozilla/5.0 (compatible; Yahoo! Slurp; http://help.yahoo.com/help/us/ysearch/slurp)" "www.fleca.org"
74.6.18.223 - - [13/Jun/2008:04:35:41 -0700] "GET /tmp/?S=A HTTP/1.0" 200 504 "-" "Mozilla/5.0 (compatible; Yahoo! Slurp; http://help.yahoo.com/help/us/ysearch/slurp)" "www.fleca.org"
83.94.131.244 - - [13/Jun/2008:04:46:57 -0700] "GET /logs/access_080601.log HTTP/1.1" 200 3956 "-" "Mozilla/4.0 (compatible; MSIE 6.0; Windows NT 5.1; SV1)" "www.fleca.org"
66.249.65.169 - - [13/Jun/2008:05:51:42 -0700] "GET /logs/access_080531.log HTTP/1.1" 304 - "-" "Mozilla/5.0 (compatible; Googlebot/2.1; +http://www.google.com/bot.html)" "www.fleca.org"
208.80.193.42 - - [13/Jun/2008:10:34:27 -0700] "GET / HTTP/1.0" 200 763 "-" "Mozilla/4.0 (compatible; MSIE 7.0; Windows NT 5.1; .NET CLR 1.1.4322; .NET CLR 2.0.50727; Zango 10.0.275.0)" "www.fleca.org"
67.195.37.90 - - [13/Jun/2008:11:24:15 -0700] "GET / HTTP/1.0" 200 763 "-" "Mozilla/5.0 (compatible; Yahoo! Slurp/3.0; http://help.yahoo.com/help/us/ysearch/slurp)" "www.fleca.org"
67.195.37.90 - - [13/Jun/2008:11:28:15 -0700] "GET /?M=A HTTP/1.0" 200 763 "-" "Mozilla/5.0 (compatible; Yahoo! Slurp/3.0; http://help.yahoo.com/help/us/ysearch/slurp)" "www.fleca.org"
64.13.160.34 - - [13/Jun/2008:15:03:47 -0700] "GET /robots.txt HTTP/1.1" 404 275 "-" "Mozilla/5.0 (compatible; ScoutJet; +http://www.scoutjet.com/)" "www.fleca.org"
64.13.160.34 - - [13/Jun/2008:15:03:52 -0700] "GET / HTTP/1.1" 200 779 "-" "Mozilla/5.0 (compatible; ScoutJet; +http://www.scoutjet.com/)" "www.fleca.org"
64.13.160.34 - - [13/Jun/2008:15:03:57 -0700] "GET /favicon.ico HTTP/1.1" 404 275 "-" "Mozilla/5.0 (compatible; ScoutJet; +http://www.scoutjet.com/)" "www.fleca.org"
209.26.153.3 - - [13/Jun/2008:15:12:21 -0700] "GET / HTTP/1.1" 200 779 "-" "Mozilla/4.0 (compatible; MSIE 6.0; Windows NT 5.1; SV1; .NET CLR 1.1.4322; .NET CLR 2.0.50727)" "www.fleca.org"
74.6.22.126 - - [13/Jun/2008:15:18:10 -0700] "GET /robots.txt HTTP/1.0" 404 275 "-" "Mozilla/5.0 (compatible; Yahoo! Slurp; http://help.yahoo.com/help/us/ysearch/slurp)" "www.fleca.org"
74.6.22.126 - - [13/Jun/2008:15:18:10 -0700] "GET /tmp/?N=A HTTP/1.0" 200 504 "-" "Mozilla/5.0 (compatible; Yahoo! Slurp; http://help.yahoo.com/help/us/ysearch/slurp)" "www.fleca.org"
70.238.66.172 - - [13/Jun/2008:16:00:48 -0700] "GET /logs/ HTTP/1.0" 200 1786 "-" "Wget/1.5.3.1" "fleca.org"
70.238.66.172 - - [13/Jun/2008:16:00:48 -0700] "GET /robots.txt HTTP/1.0" 404 275 "-" "Wget/1.5.3.1" "fleca.org"
70.238.66.172 - - [13/Jun/2008:16:00:48 -0700] "GET /logs/access.log HTTP/1.0" 200 90308 "http://fleca.org/logs/" "Wget/1.5.3.1" "fleca.org"
70.238.66.172 - - [13/Jun/2008:16:22:18 -0700] "GET /robots.txt HTTP/1.0" 404 275 "-" "Wget/1.5.3.1" "fleca.org"
70.238.66.172 - - [13/Jun/2008:16:22:18 -0700] "GET /logs/contactus.html HTTP/1.0" 404 275 "http://smlstudios.com/logs/" "Wget/1.5.3.1" "fleca.org"
70.238.66.172 - - [13/Jun/2008:16:22:18 -0700] "GET /logs/print.html HTTP/1.0" 404 275 "http://smlstudios.com/logs/" "Wget/1.5.3.1" "fleca.org"
67.195.37.90 - - [13/Jun/2008:16:52:07 -0700] "GET /robots.txt HTTP/1.0" 404 275 "-" "Mozilla/5.0 (compatible; Yahoo! Slurp; http://help.yahoo.com/help/us/ysearch/slurp)" "www.fleca.org"
67.195.37.90 - - [13/Jun/2008:16:52:34 -0700] "GET /?N=A HTTP/1.0" 200 763 "-" "Mozilla/5.0 (compatible; Yahoo! Slurp/3.0; http://help.yahoo.com/help/us/ysearch/slurp)" "www.fleca.org"
64.214.231.142 - - [13/Jun/2008:17:14:39 -0700] "GET /logs/access_080501.log HTTP/1.1" 200 200392 "http://www.altavista.com/web/results?itag=ody&pg=aq&aqmode=s&aqa=danny++++++++++yahoo.com&aqp=&aqo=&aqn=&kgs=0&kls=0&d2=0&dt=dtrange&dfr%5Bd%5D=25&dfr%5Bm%5D=3&dfr%5By%5D=2008&dto%5Bd%5D=13&dto%5Bm%5D=6&dto%5By%5D=2008&filetype=text&rc=dmn&swd=&lh=&nbq=10" "Mozilla/4.0 (compatible; MSIE 6.0; Windows NT 5.1; SV1; AM Browser 2.0.1)" "www.fleca.org"
192.234.90.30 - - [13/Jun/2008:22:50:01 -0700] "GET / HTTP/1.1" 200 779 "http://www.policetraining.net/browse/whyus" "Mozilla/4.0 (compatible; MSIE 6.0; Windows NT 5.0; .NET CLR 1.0.3705; .NET CLR 1.1.4322; .NET CLR 2.0.50727)" "www.fleca.org"
192.234.90.30 - - [13/Jun/2008:22:50:01 -0700] "GET /favicon.ico HTTP/1.1" 404 275 "-" "Mozilla/4.0 (compatible; MSIE 6.0; Windows NT 5.0; .NET CLR 1.0.3705; .NET CLR 1.1.4322; .NET CLR 2.0.50727)" "www.fleca.org"
192.234.90.30 - - [13/Jun/2008:22:50:10 -0700] "GET / HTTP/1.1" 200 779 "http://www.policetraining.net/browse/whyus" "Mozilla/4.0 (compatible; MSIE 6.0; Windows NT 5.0; .NET CLR 1.0.3705; .NET CLR 1.1.4322; .NET CLR 2.0.50727)" "www.fleca.org"
192.234.90.30 - - [13/Jun/2008:22:50:13 -0700] "GET / HTTP/1.1" 200 779 "http://www.fleca.org/" "Mozilla/4.0 (compatible; MSIE 6.0; Windows NT 5.0; .NET CLR 1.0.3705; .NET CLR 1.1.4322; .NET CLR 2.0.50727)" "www.fleca.org"
192.234.90.30 - - [13/Jun/2008:22:50:16 -0700] "GET /logs/ HTTP/1.1" 200 1802 "http://www.fleca.org/" "Mozilla/4.0 (compatible; MSIE 6.0; Windows NT 5.0; .NET CLR 1.0.3705; .NET CLR 1.1.4322; .NET CLR 2.0.50727)" "www.fleca.org"
192.234.90.30 - - [13/Jun/2008:22:50:18 -0700] "GET /logs/access.log HTTP/1.1" 200 92821 "http://www.fleca.org/logs/" "Mozilla/4.0 (compatible; MSIE 6.0; Windows NT 5.0; .NET CLR 1.0.3705; .NET CLR 1.1.4322; .NET CLR 2.0.50727)" "www.fleca.org"
192.234.90.30 - - [13/Jun/2008:22:50:22 -0700] "GET / HTTP/1.1" 200 779 "http://www.fleca.org/" "Mozilla/4.0 (compatible; MSIE 6.0; Windows NT 5.0; .NET CLR 1.0.3705; .NET CLR 1.1.4322; .NET CLR 2.0.50727)" "www.fleca.org"
66.249.65.169 - - [13/Jun/2008:23:10:02 -0700] "GET /robots.txt HTTP/1.1" 404 275 "-" "Mozilla/5.0 (compatible; Googlebot/2.1; +http://www.google.com/bot.html)" "www.fleca.org"
66.249.65.169 - - [13/Jun/2008:23:10:02 -0700] "GET / HTTP/1.1" 200 779 "-" "Mozilla/5.0 (compatible; Googlebot/2.1; +http://www.google.com/bot.html)" "www.fleca.org"
67.195.37.90 - - [14/Jun/2008:00:50:39 -0700] "GET /robots.txt HTTP/1.0" 404 275 "-" "Mozilla/5.0 (compatible; Yahoo! Slurp; http://help.yahoo.com/help/us/ysearch/slurp)" "www.fleca.org"
67.195.37.90 - - [14/Jun/2008:00:50:55 -0700] "GET /logs/ HTTP/1.0" 200 1786 "-" "Mozilla/5.0 (compatible; Yahoo! Slurp/3.0; http://help.yahoo.com/help/us/ysearch/slurp)" "www.fleca.org"
74.6.18.250 - - [14/Jun/2008:02:04:46 -0700] "GET /robots.txt HTTP/1.0" 404 275 "-" "Mozilla/5.0 (compatible; Yahoo! Slurp; http://help.yahoo.com/help/us/ysearch/slurp)" "www.fleca.org"
74.6.18.250 - - [14/Jun/2008:02:04:46 -0700] "GET /logs/ HTTP/1.0" 200 1786 "-" "Mozilla/5.0 (compatible; Yahoo! Slurp; http://help.yahoo.com/help/us/ysearch/slurp)" "www.fleca.org"
74.6.18.250 - - [14/Jun/2008:05:06:40 -0700] "GET /logs/access_080329.log HTTP/1.0" 200 245526 "-" "Mozilla/5.0 (compatible; Yahoo! Slurp; http://help.yahoo.com/help/us/ysearch/slurp)" "www.fleca.org"
67.195.37.90 - - [14/Jun/2008:07:05:25 -0700] "GET /logs/?M=A HTTP/1.0" 200 1786 "-" "Mozilla/5.0 (compatible; Yahoo! Slurp/3.0; http://help.yahoo.com/help/us/ysearch/slurp)" "www.fleca.org"
74.6.18.250 - - [14/Jun/2008:08:51:27 -0700] "GET /?S=A HTTP/1.0" 200 763 "-" "Mozilla/5.0 (compatible; Yahoo! Slurp; http://help.yahoo.com/help/us/ysearch/slurp)" "www.fleca.org"
208.80.193.35 - - [14/Jun/2008:09:23:42 -0700] "GET / HTTP/1.0" 200 763 "-" "Mozilla/4.0 (compatible; MSIE 6.0; Windows NT)::ELNSB50::000081150480036004800284000000000507000900000000" "www.fleca.org"
38.100.41.102 - - [14/Jun/2008:09:57:43 -0700] "GET / HTTP/1.1" 200 779 "-" "Mozilla/4.0 (compatible; MSIE 7.0; Windows NT 5.2)" "www.fleca.org"
38.100.41.102 - - [14/Jun/2008:09:58:00 -0700] "GET /logs/ HTTP/1.1" 200 1802 "http://www.fleca.org/" "Mozilla/4.0 (compatible; MSIE 7.0; Windows NT 5.2)" "www.fleca.org"
38.100.41.102 - - [14/Jun/2008:09:58:02 -0700] "GET /tmp/ HTTP/1.1" 200 520 "http://www.fleca.org/" "Mozilla/4.0 (compatible; MSIE 7.0; Windows NT 5.2)" "www.fleca.org"
38.100.41.102 - - [14/Jun/2008:09:58:35 -0700] "GET /logs/access_080301.log HTTP/1.1" 200 92270 "http://www.fleca.org/logs/" "Mozilla/4.0 (compatible; MSIE 7.0; Windows NT 5.2)" "www.fleca.org"
38.100.41.102 - - [14/Jun/2008:09:58:37 -0700] "GET /logs/access_080601.log HTTP/1.1" 200 3956 "http://www.fleca.org/logs/" "Mozilla/4.0 (compatible; MSIE 7.0; Windows NT 5.2)" "www.fleca.org"
38.100.41.102 - - [14/Jun/2008:09:58:37 -0700] "GET /logs/access_080501.log HTTP/1.1" 200 200392 "http://www.fleca.org/logs/" "Mozilla/4.0 (compatible; MSIE 7.0; Windows NT 5.2)" "www.fleca.org"
38.100.41.102 - - [14/Jun/2008:09:58:40 -0700] "GET /logs/access.log HTTP/1.1" 200 96449 "http://www.fleca.org/logs/" "Mozilla/4.0 (compatible; MSIE 7.0; Windows NT 5.2)" "www.fleca.org"
38.100.41.102 - - [14/Jun/2008:09:58:42 -0700] "GET /logs/access_080330.log HTTP/1.1" 200 2304 "http://www.fleca.org/logs/" "Mozilla/4.0 (compatible; MSIE 7.0; Windows NT 5.2)" "www.fleca.org"
38.100.41.102 - - [14/Jun/2008:09:58:45 -0700] "GET /logs/access_080531.log HTTP/1.1" 200 199161 "http://www.fleca.org/logs/" "Mozilla/4.0 (compatible; MSIE 7.0; Windows NT 5.2)" "www.fleca.org"
38.100.41.102 - - [14/Jun/2008:09:58:45 -0700] "GET /logs/access_080331.log HTTP/1.1" 200 2482 "http://www.fleca.org/logs/" "Mozilla/4.0 (compatible; MSIE 7.0; Windows NT 5.2)" "www.fleca.org"
38.100.41.102 - - [14/Jun/2008:09:58:48 -0700] "GET /logs/access_080401.log HTTP/1.1" 200 3059 "http://www.fleca.org/logs/" "Mozilla/4.0 (compatible; MSIE 7.0; Windows NT 5.2)" "www.fleca.org"
38.100.41.102 - - [14/Jun/2008:09:58:48 -0700] "GET /logs/access_080329.log HTTP/1.1" 200 65536 "http://www.fleca.org/logs/" "Mozilla/4.0 (compatible; MSIE 7.0; Windows NT 5.2)" "www.fleca.org"
74.6.18.250 - - [14/Jun/2008:10:59:22 -0700] "GET /tmp/ HTTP/1.0" 200 504 "-" "Mozilla/5.0 (compatible; Yahoo! Slurp; http://help.yahoo.com/help/us/ysearch/slurp)" "www.fleca.org"
92.241.169.166 - - [14/Jun/2008:12:33:42 -0700] "GET /logs/access_080329.log HTTP/1.0" 200 245526 "http://www.fleca.org/logs/access_080329.log" "Mozilla/4.0 (compatible; MSIE 6.0; Windows 98; Win 9x 4.90)" "www.fleca.org"
69.64.75.129 - - [14/Jun/2008:14:44:00 -0700] "POST /_vti_bin/_vti_aut/author.dll HTTP/1.1" 404 275 "-" "core-project/1.0" "www.fleca.org"
74.6.18.250 - - [14/Jun/2008:15:35:15 -0700] "GET /robots.txt HTTP/1.0" 404 275 "-" "Mozilla/5.0 (compatible; Yahoo! Slurp; http://help.yahoo.com/help/us/ysearch/slurp)" "www.fleca.org"
74.6.18.250 - - [14/Jun/2008:15:35:15 -0700] "GET /tmp/?D=A HTTP/1.0" 200 504 "-" "Mozilla/5.0 (compatible; Yahoo! Slurp; http://help.yahoo.com/help/us/ysearch/slurp)" "www.fleca.org"
74.6.18.250 - - [14/Jun/2008:15:39:55 -0700] "GET /tmp/?D=D HTTP/1.0" 200 504 "-" "Mozilla/5.0 (compatible; Yahoo! Slurp; http://help.yahoo.com/help/us/ysearch/slurp)" "www.fleca.org"
66.249.65.169 - - [14/Jun/2008:19:04:30 -0700] "GET /robots.txt HTTP/1.1" 404 275 "-" "Mozilla/5.0 (compatible; Googlebot/2.1; +http://www.google.com/bot.html)" "www.fleca.org"
66.249.65.169 - - [14/Jun/2008:19:04:30 -0700] "GET /logs/access_080601.log HTTP/1.1" 304 - "-" "Mozilla/5.0 (compatible; Googlebot/2.1; +http://www.google.com/bot.html)" "www.fleca.org"
66.249.65.169 - - [14/Jun/2008:22:54:24 -0700] "GET /logs/access_080329.log HTTP/1.1" 304 - "-" "Mozilla/5.0 (compatible; Googlebot/2.1; +http://www.google.com/bot.html)" "www.fleca.org"
74.6.18.250 - - [15/Jun/2008:02:06:13 -0700] "GET /logs/ HTTP/1.0" 200 1786 "-" "Mozilla/5.0 (compatible; Yahoo! Slurp; http://help.yahoo.com/help/us/ysearch/slurp)" "www.fleca.org"
74.6.18.250 - - [15/Jun/2008:03:31:13 -0700] "GET /robots.txt HTTP/1.0" 404 275 "-" "Mozilla/5.0 (compatible; Yahoo! Slurp; http://help.yahoo.com/help/us/ysearch/slurp)" "www.fleca.org"
74.6.18.250 - - [15/Jun/2008:03:31:13 -0700] "GET /logs/access_080301.log HTTP/1.0" 200 92270 "-" "Mozilla/5.0 (compatible; Yahoo! Slurp; http://help.yahoo.com/help/us/ysearch/slurp)" "www.fleca.org"
