66.249.66.197 - - [31/May/2008:18:38:43 -0700] "GET /robots.txt HTTP/1.1" 404 275 "-" "Mozilla/5.0 (compatible; Googlebot/2.1; +http://www.google.com/bot.html)" "www.fleca.org"
66.249.66.197 - - [31/May/2008:18:38:43 -0700] "GET /logs/access_080501.log HTTP/1.1" 304 - "-" "Mozilla/5.0 (compatible; Googlebot/2.1; +http://www.google.com/bot.html)" "www.fleca.org"
66.249.66.197 - - [31/May/2008:20:05:52 -0700] "GET /logs/access.log HTTP/1.1" 200 364 "-" "Mozilla/5.0 (compatible; Googlebot/2.1; +http://www.google.com/bot.html)" "www.fleca.org"
74.6.8.95 - - [31/May/2008:20:22:14 -0700] "GET /robots.txt HTTP/1.0" 404 275 "-" "Mozilla/5.0 (compatible; Yahoo! Slurp; http://help.yahoo.com/help/us/ysearch/slurp)" "www.fleca.org"
74.6.8.95 - - [31/May/2008:20:22:14 -0700] "GET / HTTP/1.0" 200 763 "-" "Mozilla/5.0 (compatible; Yahoo! Slurp; http://help.yahoo.com/help/us/ysearch/slurp)" "www.fleca.org"
74.6.8.95 - - [01/Jun/2008:03:00:04 -0700] "GET /robots.txt HTTP/1.0" 404 275 "-" "Mozilla/5.0 (compatible; Yahoo! Slurp; http://help.yahoo.com/help/us/ysearch/slurp)" "www.fleca.org"
74.6.8.95 - - [01/Jun/2008:03:00:04 -0700] "GET /logs/ HTTP/1.0" 200 1786 "-" "Mozilla/5.0 (compatible; Yahoo! Slurp; http://help.yahoo.com/help/us/ysearch/slurp)" "www.fleca.org"
74.6.8.95 - - [01/Jun/2008:03:03:05 -0700] "GET /logs/access_080531.log HTTP/1.0" 200 199161 "-" "Mozilla/5.0 (compatible; Yahoo! Slurp; http://help.yahoo.com/help/us/ysearch/slurp)" "www.fleca.org"
74.6.8.95 - - [01/Jun/2008:03:22:45 -0700] "GET /logs/access_080301.log HTTP/1.0" 200 92270 "-" "Mozilla/5.0 (compatible; Yahoo! Slurp; http://help.yahoo.com/help/us/ysearch/slurp)" "www.fleca.org"
74.6.8.95 - - [01/Jun/2008:04:41:49 -0700] "GET /membership HTTP/1.0" 404 275 "-" "Mozilla/5.0 (compatible; Yahoo! Slurp; http://help.yahoo.com/help/us/ysearch/slurp)" "www.fleca.org"
74.6.8.95 - - [01/Jun/2008:07:32:48 -0700] "GET /logs/?N=D HTTP/1.0" 200 1786 "-" "Mozilla/5.0 (compatible; Yahoo! Slurp; http://help.yahoo.com/help/us/ysearch/slurp)" "www.fleca.org"
72.155.86.234 - - [01/Jun/2008:10:08:17 -0700] "GET /logs/access_080501.log HTTP/1.1" 200 200392 "-" "Mozilla/4.0 (compatible; MSIE 6.0; Windows NT 5.1;1813)" "www.fleca.org"
72.155.86.234 - - [01/Jun/2008:10:08:50 -0700] "GET /logs/access_080501.log HTTP/1.1" 200 200392 "-" "Mozilla/4.0 (compatible; MSIE 6.0; Windows NT 5.1;1813)" "www.fleca.org"
74.6.8.95 - - [01/Jun/2008:10:45:58 -0700] "GET /logs/access_080501.log HTTP/1.0" 200 200392 "-" "Mozilla/5.0 (compatible; Yahoo! Slurp; http://help.yahoo.com/help/us/ysearch/slurp)" "www.fleca.org"
66.249.72.17 - - [01/Jun/2008:12:29:26 -0700] "GET /robots.txt HTTP/1.1" 404 275 "-" "Mozilla/5.0 (compatible; Googlebot/2.1; +http://www.google.com/bot.html)" "www.fleca.org"
66.249.72.17 - - [01/Jun/2008:12:29:27 -0700] "GET / HTTP/1.1" 200 779 "-" "Mozilla/5.0 (compatible; Googlebot/2.1; +http://www.google.com/bot.html)" "www.fleca.org"
74.6.8.95 - - [01/Jun/2008:14:34:00 -0700] "GET /robots.txt HTTP/1.0" 404 275 "-" "Mozilla/5.0 (compatible; Yahoo! Slurp; http://help.yahoo.com/help/us/ysearch/slurp)" "www.fleca.org"
74.6.8.95 - - [01/Jun/2008:14:34:00 -0700] "GET /logs/?M=A HTTP/1.0" 200 1786 "-" "Mozilla/5.0 (compatible; Yahoo! Slurp; http://help.yahoo.com/help/us/ysearch/slurp)" "www.fleca.org"
74.6.8.95 - - [01/Jun/2008:23:22:48 -0700] "GET / HTTP/1.0" 200 763 "-" "Mozilla/5.0 (compatible; Yahoo! Slurp; http://help.yahoo.com/help/us/ysearch/slurp)" "www.fleca.org"
64.246.165.236 - - [02/Jun/2008:01:16:17 -0700] "GET / HTTP/1.1" 200 779 "-" "Mozilla/4.0 (compatible; MSIE 7.0; Windows NT 5.2; .NET CLR 1.1.4322)" "www.fleca.org"
213.189.9.135 - - [02/Jun/2008:07:30:53 -0700] "GET /logs/access_080301.log/?pg=http://www.yogyacardus.com/var/echo.txt?? HTTP/1.1" 404 275 "-" "libwww-perl/5.811" "www.fleca.org"
213.189.9.135 - - [02/Jun/2008:07:30:53 -0700] "GET /?pg=http://www.yogyacardus.com/var/echo.txt?? HTTP/1.1" 200 779 "-" "libwww-perl/5.811" "www.fleca.org"
213.189.9.135 - - [02/Jun/2008:07:30:54 -0700] "GET /logs/?pg=http://www.yogyacardus.com/var/echo.txt?? HTTP/1.1" 200 1802 "-" "libwww-perl/5.811" "www.fleca.org"
70.255.174.246 - - [02/Jun/2008:16:02:05 -0700] "GET /logs/ HTTP/1.0" 200 1786 "-" "Wget/1.5.3.1" "fleca.org"
70.255.174.246 - - [02/Jun/2008:16:02:05 -0700] "GET /robots.txt HTTP/1.0" 404 275 "-" "Wget/1.5.3.1" "fleca.org"
70.255.174.246 - - [02/Jun/2008:16:02:05 -0700] "GET /logs/access.log HTTP/1.0" 200 4131 "http://fleca.org/logs/" "Wget/1.5.3.1" "fleca.org"
74.6.8.95 - - [02/Jun/2008:16:55:36 -0700] "GET /robots.txt HTTP/1.0" 404 275 "-" "Mozilla/5.0 (compatible; Yahoo! Slurp; http://help.yahoo.com/help/us/ysearch/slurp)" "www.fleca.org"
74.6.8.95 - - [02/Jun/2008:16:55:36 -0700] "GET /tmp/?M=A HTTP/1.0" 200 504 "-" "Mozilla/5.0 (compatible; Yahoo! Slurp; http://help.yahoo.com/help/us/ysearch/slurp)" "www.fleca.org"
67.202.37.73 - - [02/Jun/2008:17:29:04 -0700] "HEAD ? HTTP/1.0" 200 0 "-" "-" "www.fleca.org"
74.6.8.95 - - [02/Jun/2008:21:03:40 -0700] "GET /logs/ HTTP/1.0" 200 1786 "-" "Mozilla/5.0 (compatible; Yahoo! Slurp; http://help.yahoo.com/help/us/ysearch/slurp)" "www.fleca.org"
74.6.8.95 - - [02/Jun/2008:22:17:37 -0700] "GET /logs/?N=A HTTP/1.0" 200 1786 "-" "Mozilla/5.0 (compatible; Yahoo! Slurp; http://help.yahoo.com/help/us/ysearch/slurp)" "www.fleca.org"
74.6.8.95 - - [03/Jun/2008:01:23:54 -0700] "GET /robots.txt HTTP/1.0" 404 275 "-" "Mozilla/5.0 (compatible; Yahoo! Slurp; http://help.yahoo.com/help/us/ysearch/slurp)" "www.fleca.org"
74.6.8.95 - - [03/Jun/2008:01:23:54 -0700] "GET / HTTP/1.0" 200 763 "-" "Mozilla/5.0 (compatible; Yahoo! Slurp; http://help.yahoo.com/help/us/ysearch/slurp)" "www.fleca.org"
74.6.8.95 - - [03/Jun/2008:05:07:36 -0700] "GET /logs/?D=A HTTP/1.0" 200 1786 "-" "Mozilla/5.0 (compatible; Yahoo! Slurp; http://help.yahoo.com/help/us/ysearch/slurp)" "www.fleca.org"
70.149.134.249 - - [03/Jun/2008:07:56:41 -0700] "GET /logs/access_080401.log HTTP/1.1" 200 3059 "-" "Mozilla/4.0 (compatible; MSIE 6.0; Windows NT 5.1;1813)" "www.fleca.org"
74.6.8.95 - - [03/Jun/2008:08:23:48 -0700] "GET /logs/?S=A HTTP/1.0" 200 1786 "-" "Mozilla/5.0 (compatible; Yahoo! Slurp; http://help.yahoo.com/help/us/ysearch/slurp)" "www.fleca.org"
74.6.8.95 - - [03/Jun/2008:09:34:21 -0700] "GET /?N=D HTTP/1.0" 200 763 "-" "Mozilla/5.0 (compatible; Yahoo! Slurp; http://help.yahoo.com/help/us/ysearch/slurp)" "www.fleca.org"
74.6.28.96 - - [03/Jun/2008:09:45:38 -0700] "GET /robots.txt HTTP/1.0" 404 275 "-" "Mozilla/5.0 (compatible; Yahoo! Slurp; http://help.yahoo.com/help/us/ysearch/slurp)" "www.fleca.org"
67.195.51.115 - - [03/Jun/2008:09:47:43 -0700] "GET /?N=D HTTP/1.0" 200 763 "-" "Mozilla/5.0 (compatible; Yahoo! Slurp; http://help.yahoo.com/help/us/ysearch/slurp)" "www.fleca.org"
67.195.52.125 - - [03/Jun/2008:09:49:12 -0700] "GET /?N=A HTTP/1.0" 200 763 "-" "Mozilla/5.0 (compatible; Yahoo! Slurp; http://help.yahoo.com/help/us/ysearch/slurp)" "www.fleca.org"
67.195.51.174 - - [03/Jun/2008:09:50:44 -0700] "GET /?S=A HTTP/1.0" 200 763 "-" "Mozilla/5.0 (compatible; Yahoo! Slurp; http://help.yahoo.com/help/us/ysearch/slurp)" "www.fleca.org"
74.6.8.95 - - [03/Jun/2008:10:11:39 -0700] "GET /?N=A HTTP/1.0" 200 763 "-" "Mozilla/5.0 (compatible; Yahoo! Slurp; http://help.yahoo.com/help/us/ysearch/slurp)" "www.fleca.org"
67.195.52.34 - - [03/Jun/2008:10:13:44 -0700] "GET /tmp/ HTTP/1.0" 200 504 "-" "Mozilla/5.0 (compatible; Yahoo! Slurp; http://help.yahoo.com/help/us/ysearch/slurp)" "www.fleca.org"
67.195.54.52 - - [03/Jun/2008:10:15:34 -0700] "GET /tmp/?N=D HTTP/1.0" 200 504 "-" "Mozilla/5.0 (compatible; Yahoo! Slurp; http://help.yahoo.com/help/us/ysearch/slurp)" "www.fleca.org"
67.195.54.57 - - [03/Jun/2008:10:16:06 -0700] "GET /tmp/?S=A HTTP/1.0" 200 504 "-" "Mozilla/5.0 (compatible; Yahoo! Slurp; http://help.yahoo.com/help/us/ysearch/slurp)" "www.fleca.org"
74.6.17.161 - - [03/Jun/2008:10:19:44 -0700] "GET /robots.txt HTTP/1.0" 404 275 "-" "Mozilla/5.0 (compatible; Yahoo! Slurp; http://help.yahoo.com/help/us/ysearch/slurp)" "fleca.org"
74.6.17.161 - - [03/Jun/2008:10:19:45 -0700] "GET / HTTP/1.0" 200 763 "-" "Mozilla/5.0 (compatible; Yahoo! Slurp; http://help.yahoo.com/help/us/ysearch/slurp)" "fleca.org"
67.195.52.62 - - [03/Jun/2008:10:25:13 -0700] "GET /tmp/?D=A HTTP/1.0" 200 504 "-" "Mozilla/5.0 (compatible; Yahoo! Slurp; http://help.yahoo.com/help/us/ysearch/slurp)" "www.fleca.org"
209.234.171.36 - - [03/Jun/2008:11:52:23 -0700] "GET /robots.txt HTTP/1.0" 404 275 "-" "ia_archiver" "www.fleca.org"
209.234.171.36 - - [03/Jun/2008:11:52:23 -0700] "GET / HTTP/1.0" 200 763 "-" "ia_archiver" "www.fleca.org"
74.6.8.95 - - [03/Jun/2008:18:38:36 -0700] "GET /robots.txt HTTP/1.0" 404 275 "-" "Mozilla/5.0 (compatible; Yahoo! Slurp; http://help.yahoo.com/help/us/ysearch/slurp)" "www.fleca.org"
74.6.8.95 - - [03/Jun/2008:18:38:37 -0700] "GET /?D=A HTTP/1.0" 200 763 "-" "Mozilla/5.0 (compatible; Yahoo! Slurp; http://help.yahoo.com/help/us/ysearch/slurp)" "www.fleca.org"
74.6.28.96 - - [03/Jun/2008:18:43:34 -0700] "GET /robots.txt HTTP/1.0" 404 275 "-" "Mozilla/5.0 (compatible; Yahoo! Slurp; http://help.yahoo.com/help/us/ysearch/slurp)" "www.fleca.org"
67.195.51.189 - - [03/Jun/2008:18:43:34 -0700] "GET /logs/ HTTP/1.0" 200 1786 "-" "Mozilla/5.0 (compatible; Yahoo! Slurp; http://help.yahoo.com/help/us/ysearch/slurp)" "www.fleca.org"
67.195.51.122 - - [03/Jun/2008:18:44:56 -0700] "GET /logs/?M=A HTTP/1.0" 200 1786 "-" "Mozilla/5.0 (compatible; Yahoo! Slurp; http://help.yahoo.com/help/us/ysearch/slurp)" "www.fleca.org"
67.195.52.84 - - [03/Jun/2008:18:45:06 -0700] "GET /logs/?D=A HTTP/1.0" 200 1786 "-" "Mozilla/5.0 (compatible; Yahoo! Slurp; http://help.yahoo.com/help/us/ysearch/slurp)" "www.fleca.org"
67.195.52.116 - - [03/Jun/2008:18:46:10 -0700] "GET /logs/access_080601.log HTTP/1.0" 200 3956 "-" "Mozilla/5.0 (compatible; Yahoo! Slurp; http://help.yahoo.com/help/us/ysearch/slurp)" "www.fleca.org"
67.195.52.82 - - [03/Jun/2008:18:46:16 -0700] "GET /logs/access_080330.log HTTP/1.0" 200 2304 "-" "Mozilla/5.0 (compatible; Yahoo! Slurp; http://help.yahoo.com/help/us/ysearch/slurp)" "www.fleca.org"
67.195.51.187 - - [03/Jun/2008:18:46:26 -0700] "GET /logs/?S=A HTTP/1.0" 200 1786 "-" "Mozilla/5.0 (compatible; Yahoo! Slurp; http://help.yahoo.com/help/us/ysearch/slurp)" "www.fleca.org"
67.195.51.230 - - [03/Jun/2008:18:46:42 -0700] "GET /logs/access_080401.log HTTP/1.0" 200 3059 "-" "Mozilla/5.0 (compatible; Yahoo! Slurp; http://help.yahoo.com/help/us/ysearch/slurp)" "www.fleca.org"
67.195.52.87 - - [03/Jun/2008:18:46:49 -0700] "GET /logs/access_080501.log HTTP/1.0" 200 200392 "-" "Mozilla/5.0 (compatible; Yahoo! Slurp; http://help.yahoo.com/help/us/ysearch/slurp)" "www.fleca.org"
67.195.52.119 - - [03/Jun/2008:18:47:07 -0700] "GET /logs/access.log HTTP/1.0" 200 10719 "-" "Mozilla/5.0 (compatible; Yahoo! Slurp; http://help.yahoo.com/help/us/ysearch/slurp)" "www.fleca.org"
67.195.52.37 - - [03/Jun/2008:18:47:11 -0700] "GET /logs/access_080531.log HTTP/1.0" 200 199161 "-" "Mozilla/5.0 (compatible; Yahoo! Slurp; http://help.yahoo.com/help/us/ysearch/slurp)" "www.fleca.org"
67.195.51.228 - - [03/Jun/2008:18:49:25 -0700] "GET /logs/access_080329.log HTTP/1.0" 200 245526 "-" "Mozilla/5.0 (compatible; Yahoo! Slurp; http://help.yahoo.com/help/us/ysearch/slurp)" "www.fleca.org"
67.195.52.98 - - [03/Jun/2008:19:07:19 -0700] "GET /logs/access_080331.log HTTP/1.0" 200 2482 "-" "Mozilla/5.0 (compatible; Yahoo! Slurp; http://help.yahoo.com/help/us/ysearch/slurp)" "www.fleca.org"
67.195.51.126 - - [03/Jun/2008:20:24:35 -0700] "GET /logs/access_080301.log HTTP/1.0" 200 92270 "-" "Mozilla/5.0 (compatible; Yahoo! Slurp; http://help.yahoo.com/help/us/ysearch/slurp)" "www.fleca.org"
67.195.52.92 - - [03/Jun/2008:21:12:53 -0700] "GET /logs/?N=D HTTP/1.0" 200 1786 "-" "Mozilla/5.0 (compatible; Yahoo! Slurp; http://help.yahoo.com/help/us/ysearch/slurp)" "www.fleca.org"
74.6.8.95 - - [04/Jun/2008:00:04:43 -0700] "GET /robots.txt HTTP/1.0" 404 275 "-" "Mozilla/5.0 (compatible; Yahoo! Slurp; http://help.yahoo.com/help/us/ysearch/slurp)" "www.fleca.org"
74.6.8.95 - - [04/Jun/2008:00:04:46 -0700] "GET /logs/ HTTP/1.0" 200 1786 "-" "Mozilla/5.0 (compatible; Yahoo! Slurp; http://help.yahoo.com/help/us/ysearch/slurp)" "www.fleca.org"
74.6.19.108 - - [04/Jun/2008:01:10:40 -0700] "GET /robots.txt HTTP/1.0" 404 275 "-" "Mozilla/5.0 (compatible; Yahoo! Slurp; http://help.yahoo.com/help/us/ysearch/slurp)" "www.fleca.org"
67.195.52.41 - - [04/Jun/2008:01:11:38 -0700] "GET /?M=A HTTP/1.0" 200 763 "-" "Mozilla/5.0 (compatible; Yahoo! Slurp; http://help.yahoo.com/help/us/ysearch/slurp)" "www.fleca.org"
67.195.51.183 - - [04/Jun/2008:01:14:34 -0700] "GET /?M=D HTTP/1.0" 200 763 "-" "Mozilla/5.0 (compatible; Yahoo! Slurp; http://help.yahoo.com/help/us/ysearch/slurp)" "www.fleca.org"
74.6.8.95 - - [04/Jun/2008:03:11:32 -0700] "GET /logs/access.log HTTP/1.0" 200 12821 "-" "Mozilla/5.0 (compatible; Yahoo! Slurp; http://help.yahoo.com/help/us/ysearch/slurp)" "www.fleca.org"
208.62.12.83 - - [04/Jun/2008:10:41:08 -0700] "GET / HTTP/1.1" 200 779 "-" "Mozilla/4.0 (compatible; MSIE 6.0; Windows NT 5.1; .NET CLR 1.1.4322)" "www.fleca.org"
74.6.8.95 - - [04/Jun/2008:12:19:19 -0700] "GET /robots.txt HTTP/1.0" 404 275 "-" "Mozilla/5.0 (compatible; Yahoo! Slurp; http://help.yahoo.com/help/us/ysearch/slurp)" "www.fleca.org"
74.6.8.95 - - [04/Jun/2008:12:19:19 -0700] "GET /tmp/ HTTP/1.0" 200 504 "-" "Mozilla/5.0 (compatible; Yahoo! Slurp; http://help.yahoo.com/help/us/ysearch/slurp)" "www.fleca.org"
74.6.8.95 - - [04/Jun/2008:15:05:45 -0700] "GET /logs/access_080330.log HTTP/1.0" 200 2304 "-" "Mozilla/5.0 (compatible; Yahoo! Slurp; http://help.yahoo.com/help/us/ysearch/slurp)" "www.fleca.org"
67.195.37.90 - - [04/Jun/2008:15:07:16 -0700] "GET /robots.txt HTTP/1.0" 404 275 "-" "Mozilla/5.0 (compatible; Yahoo! Slurp; http://help.yahoo.com/help/us/ysearch/slurp)" "www.fleca.org"
67.195.37.90 - - [04/Jun/2008:15:07:17 -0700] "GET /tmp/?D=A HTTP/1.0" 200 504 "-" "Mozilla/5.0 (compatible; Yahoo! Slurp/3.0; http://help.yahoo.com/help/us/ysearch/slurp)" "www.fleca.org"
70.255.174.246 - - [04/Jun/2008:16:01:19 -0700] "GET /logs/ HTTP/1.0" 200 1786 "-" "Wget/1.5.3.1" "fleca.org"
70.255.174.246 - - [04/Jun/2008:16:01:19 -0700] "GET /robots.txt HTTP/1.0" 404 275 "-" "Wget/1.5.3.1" "fleca.org"
70.255.174.246 - - [04/Jun/2008:16:01:19 -0700] "GET /logs/access.log HTTP/1.0" 200 14110 "http://fleca.org/logs/" "Wget/1.5.3.1" "fleca.org"
41.220.75.3 - - [04/Jun/2008:16:40:25 -0700] "GET /logs/access_080329.log HTTP/1.1" 200 196608 "http://search.yahoo.com/search?n=100&ei=UTF-8&va_vt=any&vo_vt=any&ve_vt=any&vp_vt=any&vd=m3&vst=0&vf=txt&vm=p&fl=0&p=%40yahoo.eg+%222008%22+-webmaster" "Mozilla/4.0 (compatible; MSIE 7.0; Windows NT 5.1; .NET CLR 1.1.4322)" "www.fleca.org"
74.6.22.187 - - [04/Jun/2008:19:19:29 -0700] "GET /robots.txt HTTP/1.0" 404 275 "-" "Mozilla/5.0 (compatible; Yahoo! Slurp; http://help.yahoo.com/help/us/ysearch/slurp)" "fleca.org"
74.6.22.187 - - [04/Jun/2008:19:19:29 -0700] "GET /logs/?S=A HTTP/1.0" 200 1786 "-" "Mozilla/5.0 (compatible; Yahoo! Slurp; http://help.yahoo.com/help/us/ysearch/slurp)" "fleca.org"
74.6.8.95 - - [05/Jun/2008:00:12:56 -0700] "GET /logs/ HTTP/1.0" 200 1786 "-" "Mozilla/5.0 (compatible; Yahoo! Slurp; http://help.yahoo.com/help/us/ysearch/slurp)" "www.fleca.org"
74.6.8.95 - - [05/Jun/2008:01:30:25 -0700] "GET / HTTP/1.0" 200 763 "-" "Mozilla/5.0 (compatible; Yahoo! Slurp; http://help.yahoo.com/help/us/ysearch/slurp)" "www.fleca.org"
66.249.65.143 - - [05/Jun/2008:01:52:13 -0700] "GET /robots.txt HTTP/1.1" 404 275 "-" "Mozilla/5.0 (compatible; Googlebot/2.1; +http://www.google.com/bot.html)" "fleca.org"
66.249.65.143 - - [05/Jun/2008:01:52:13 -0700] "GET /sitemap.xml HTTP/1.1" 404 275 "-" "Mozilla/5.0 (compatible; Googlebot/2.1; +http://www.google.com/bot.html)" "fleca.org"
74.6.8.95 - - [05/Jun/2008:02:18:51 -0700] "GET /logs/?M=D HTTP/1.0" 200 1786 "-" "Mozilla/5.0 (compatible; Yahoo! Slurp; http://help.yahoo.com/help/us/ysearch/slurp)" "www.fleca.org"
213.176.161.208 - - [05/Jun/2008:02:34:06 -0700] "GET /logs/access_080401.log HTTP/1.1" 200 3059 "http://www.google.com/search?hl=ca&lr=&sa=X&oi=spell&resnum=0&ct=result&cd=1&q=mozilla+flecs&spell=1" "Mozilla/5.0 (Windows; U; Windows NT 5.1; ca; rv:1.8.0.12) Gecko/20070508 Firefox/1.5.0.12" "www.fleca.org"
213.176.161.208 - - [05/Jun/2008:02:34:08 -0700] "GET /logs/access_080401.log HTTP/1.1" 206 2542 "http://www.google.com/search?hl=ca&lr=&sa=X&oi=spell&resnum=0&ct=result&cd=1&q=mozilla+flecs&spell=1" "Mozilla/5.0 (Windows; U; Windows NT 5.1; ca; rv:1.8.0.12) Gecko/20070508 Firefox/1.5.0.12" "www.fleca.org"
213.176.161.208 - - [05/Jun/2008:02:34:08 -0700] "GET /logs/access_080401.log HTTP/1.1" 200 3059 "http://www.google.com/search?hl=ca&lr=&sa=X&oi=spell&resnum=0&ct=result&cd=1&q=mozilla+flecs&spell=1" "Mozilla/5.0 (Windows; U; Windows NT 5.1; ca; rv:1.8.0.12) Gecko/20070508 Firefox/1.5.0.12" "www.fleca.org"
213.176.161.208 - - [05/Jun/2008:02:34:10 -0700] "GET /favicon.ico HTTP/1.1" 404 275 "-" "Mozilla/5.0 (Windows; U; Windows NT 5.1; ca; rv:1.8.0.12) Gecko/20070508 Firefox/1.5.0.12" "www.fleca.org"
66.249.72.17 - - [05/Jun/2008:05:15:31 -0700] "GET /robots.txt HTTP/1.1" 404 275 "-" "Mozilla/5.0 (compatible; Googlebot/2.1; +http://www.google.com/bot.html)" "www.fleca.org"
66.249.72.17 - - [05/Jun/2008:05:15:31 -0700] "GET /logs/ HTTP/1.1" 200 1802 "-" "Mozilla/5.0 (compatible; Googlebot/2.1; +http://www.google.com/bot.html)" "www.fleca.org"
82.14.201.30 - - [05/Jun/2008:08:21:38 -0700] "GET /favicon.ico HTTP/1.1" 404 275 "-" "Mozilla/5.0 (Windows; U; Windows NT 6.0; en-GB; rv:1.8.1.14) Gecko/20080404 Firefox/2.0.0.14" "www.fleca.org"
74.6.8.95 - - [05/Jun/2008:08:55:43 -0700] "GET /robots.txt HTTP/1.0" 404 275 "-" "Mozilla/5.0 (compatible; Yahoo! Slurp; http://help.yahoo.com/help/us/ysearch/slurp)" "www.fleca.org"
74.6.8.95 - - [05/Jun/2008:08:55:43 -0700] "GET /?S=A HTTP/1.0" 200 763 "-" "Mozilla/5.0 (compatible; Yahoo! Slurp; http://help.yahoo.com/help/us/ysearch/slurp)" "www.fleca.org"
74.6.8.95 - - [05/Jun/2008:11:05:29 -0700] "GET /logs/?D=D HTTP/1.0" 200 1786 "-" "Mozilla/5.0 (compatible; Yahoo! Slurp; http://help.yahoo.com/help/us/ysearch/slurp)" "www.fleca.org"
66.249.72.17 - - [05/Jun/2008:11:52:23 -0700] "GET /logs/access_080531.log HTTP/1.1" 200 199161 "-" "Mozilla/5.0 (compatible; Googlebot/2.1; +http://www.google.com/bot.html)" "www.fleca.org"
66.249.72.17 - - [05/Jun/2008:13:20:50 -0700] "GET /logs/access_080601.log HTTP/1.1" 200 3956 "-" "Mozilla/5.0 (compatible; Googlebot/2.1; +http://www.google.com/bot.html)" "www.fleca.org"
70.255.174.246 - - [05/Jun/2008:16:01:56 -0700] "GET /logs/ HTTP/1.0" 200 1786 "-" "Wget/1.5.3.1" "fleca.org"
70.255.174.246 - - [05/Jun/2008:16:01:57 -0700] "GET /robots.txt HTTP/1.0" 404 275 "-" "Wget/1.5.3.1" "fleca.org"
70.255.174.246 - - [05/Jun/2008:16:01:57 -0700] "GET /logs/access.log HTTP/1.0" 200 18653 "http://fleca.org/logs/" "Wget/1.5.3.1" "fleca.org"
70.255.174.246 - - [05/Jun/2008:16:20:31 -0700] "GET /robots.txt HTTP/1.0" 404 275 "-" "Wget/1.5.3.1" "fleca.org"
70.255.174.246 - - [05/Jun/2008:16:20:31 -0700] "GET /logs/contactus.html HTTP/1.0" 404 275 "http://smlstudios.com/logs/" "Wget/1.5.3.1" "fleca.org"
70.255.174.246 - - [05/Jun/2008:16:20:31 -0700] "GET /logs/print.html HTTP/1.0" 404 275 "http://smlstudios.com/logs/" "Wget/1.5.3.1" "fleca.org"
209.166.113.10 - - [05/Jun/2008:16:39:39 -0700] "GET /logs/access_080329.log HTTP/1.1" 200 245526 "-" "oqSmbleqypdneyneu3fvx lncb3Shnvi" "www.fleca.org"
74.6.18.233 - - [05/Jun/2008:20:23:00 -0700] "GET /robots.txt HTTP/1.0" 404 275 "-" "Mozilla/5.0 (compatible; Yahoo! Slurp; http://help.yahoo.com/help/us/ysearch/slurp)" "www.fleca.org"
74.6.18.233 - - [05/Jun/2008:20:23:00 -0700] "GET /?M=D HTTP/1.0" 200 763 "-" "Mozilla/5.0 (compatible; Yahoo! Slurp; http://help.yahoo.com/help/us/ysearch/slurp)" "www.fleca.org"
66.249.72.17 - - [05/Jun/2008:23:36:00 -0700] "GET /robots.txt HTTP/1.1" 404 275 "-" "Mozilla/5.0 (compatible; Googlebot/2.1; +http://www.google.com/bot.html)" "www.fleca.org"
66.249.72.17 - - [05/Jun/2008:23:36:00 -0700] "GET / HTTP/1.1" 200 779 "-" "Mozilla/5.0 (compatible; Googlebot/2.1; +http://www.google.com/bot.html)" "www.fleca.org"
66.249.72.17 - - [05/Jun/2008:23:43:10 -0700] "GET /logs/access.log HTTP/1.1" 200 20288 "-" "Mozilla/5.0 (compatible; Googlebot/2.1; +http://www.google.com/bot.html)" "www.fleca.org"
74.6.18.233 - - [06/Jun/2008:01:35:53 -0700] "GET /robots.txt HTTP/1.0" 404 275 "-" "Mozilla/5.0 (compatible; Yahoo! Slurp; http://help.yahoo.com/help/us/ysearch/slurp)" "www.fleca.org"
74.6.18.233 - - [06/Jun/2008:01:35:54 -0700] "GET /logs/ HTTP/1.0" 200 1786 "-" "Mozilla/5.0 (compatible; Yahoo! Slurp; http://help.yahoo.com/help/us/ysearch/slurp)" "www.fleca.org"
74.6.18.233 - - [06/Jun/2008:02:49:16 -0700] "GET /tmp/?N=D HTTP/1.0" 200 504 "-" "Mozilla/5.0 (compatible; Yahoo! Slurp; http://help.yahoo.com/help/us/ysearch/slurp)" "www.fleca.org"
74.6.18.233 - - [06/Jun/2008:02:58:21 -0700] "GET /course_registration HTTP/1.0" 404 275 "-" "Mozilla/5.0 (compatible; Yahoo! Slurp; http://help.yahoo.com/help/us/ysearch/slurp)" "www.fleca.org"
74.6.18.233 - - [06/Jun/2008:04:23:33 -0700] "GET /tmp/?S=A HTTP/1.0" 200 504 "-" "Mozilla/5.0 (compatible; Yahoo! Slurp; http://help.yahoo.com/help/us/ysearch/slurp)" "www.fleca.org"
65.98.70.18 - - [06/Jun/2008:05:45:06 -0700] "GET / HTTP/1.0" 200 763 "-" "Mozilla/4.0 (compatible; MSIE 7.0; Windows NT 5.1; .NET CLR 2.0.50727; .NET CLR 1.1.4322)" "www.fleca.org"
65.98.70.18 - - [06/Jun/2008:05:45:06 -0700] "GET /?M=http%3A%2F%2Fwww.marsbook.co.kr%2Fmain%2Fcreated%2Fproduct%2F2%2Fmumas%2Fsuvoye%2F HTTP/1.0" 200 763 "-" "Mozilla/4.0 (compatible; MSIE 7.0; Windows NT 5.1; .NET CLR 2.0.50727; .NET CLR 1.1.4322)" "www.fleca.org"
65.98.70.18 - - [06/Jun/2008:05:45:06 -0700] "GET /?M=http%3A%2F%2Fwww.polisgrandhotel.gr%2F_cm_admin%2Fmaillist%2Feditor%2Fplugins%2Fcore%2Fdialogs%2Fqunik%2Favacu%2F HTTP/1.0" 200 763 "-" "Mozilla/4.0 (compatible; MSIE 7.0; Windows NT 5.1; .NET CLR 2.0.50727; .NET CLR 1.1.4322)" "www.fleca.org"
65.98.70.18 - - [06/Jun/2008:05:45:06 -0700] "GET /?M=http%3A%2F%2Fwww.cusianagas.com%2Fadministrador%2Fciw%2Fasezu%2F HTTP/1.0" 200 763 "-" "Mozilla/4.0 (compatible; MSIE 7.0; Windows NT 5.1; .NET CLR 2.0.50727; .NET CLR 1.1.4322)" "www.fleca.org"
65.98.70.18 - - [06/Jun/2008:05:45:06 -0700] "GET /?D=http%3A%2F%2Fwww.math.science.cmu.ac.th%2Flms%2Fmoodledata%2F2%2Fmoddata%2Fforum%2Fvata%2Fkewa%2F HTTP/1.0" 200 763 "-" "Mozilla/4.0 (compatible; MSIE 7.0; Windows NT 5.1; .NET CLR 2.0.50727; .NET CLR 1.1.4322)" "www.fleca.org"
65.98.70.18 - - [06/Jun/2008:05:45:06 -0700] "GET /?D=http%3A%2F%2Fwww.vlopezalvarez.com%2FPersonal%2FFotos%2FViajes%2Fxaj%2Focaceg%2F HTTP/1.0" 200 763 "-" "Mozilla/4.0 (compatible; MSIE 7.0; Windows NT 5.1; .NET CLR 2.0.50727; .NET CLR 1.1.4322)" "www.fleca.org"
65.98.70.18 - - [06/Jun/2008:05:45:07 -0700] "GET /?D=http%3A%2F%2Fwww.bowlaw.com%2Fpractice_areas%2Fogi%2Fiteyu%2F HTTP/1.0" 200 763 "-" "Mozilla/4.0 (compatible; MSIE 7.0; Windows NT 5.1; .NET CLR 2.0.50727; .NET CLR 1.1.4322)" "www.fleca.org"
65.98.70.18 - - [06/Jun/2008:05:45:07 -0700] "GET /?N=http%3A%2F%2Fwww.qualitas1988.com%2Fimages%2Feditor%2F.thumbs%2Fsowem%2Fmudi%2F HTTP/1.0" 200 763 "-" "Mozilla/4.0 (compatible; MSIE 7.0; Windows NT 5.1; .NET CLR 2.0.50727; .NET CLR 1.1.4322)" "www.fleca.org"
65.98.70.18 - - [06/Jun/2008:05:45:07 -0700] "GET /?N=http%3A%2F%2Fwww.uxbridgerotary.org%2Fsurvey%2Ftmp%2Fisefa%2Fnowu%2Fyocav%2F HTTP/1.0" 200 763 "-" "Mozilla/4.0 (compatible; MSIE 7.0; Windows NT 5.1; .NET CLR 2.0.50727; .NET CLR 1.1.4322)" "www.fleca.org"
65.98.70.18 - - [06/Jun/2008:05:45:07 -0700] "GET /?N=http%3A%2F%2Fwww.psikolojikyardim.org%2Fetkinlik%2Finclude%2Feto%2Frix%2Fjas%2F HTTP/1.0" 200 763 "-" "Mozilla/4.0 (compatible; MSIE 7.0; Windows NT 5.1; .NET CLR 2.0.50727; .NET CLR 1.1.4322)" "www.fleca.org"
65.98.70.18 - - [06/Jun/2008:05:45:07 -0700] "GET /?S=http%3A%2F%2Fwww.polarflug.de%2Fsources%2Fsinokof%2Fcopaxan%2F HTTP/1.0" 200 763 "-" "Mozilla/4.0 (compatible; MSIE 7.0; Windows NT 5.1; .NET CLR 2.0.50727; .NET CLR 1.1.4322)" "www.fleca.org"
65.98.70.18 - - [06/Jun/2008:05:45:07 -0700] "GET /?S=http%3A%2F%2Fwww.interkonet.com%2Fgaleria%2Fmodules%2Falbumselect%2Fucu%2Fyixipuz%2F HTTP/1.0" 200 763 "-" "Mozilla/4.0 (compatible; MSIE 7.0; Windows NT 5.1; .NET CLR 2.0.50727; .NET CLR 1.1.4322)" "www.fleca.org"
65.98.70.18 - - [06/Jun/2008:05:45:07 -0700] "GET /?S=http%3A%2F%2Fsans-packing.ru%2Fimg%2Fjipeqap%2Fehudute%2F HTTP/1.0" 200 763 "-" "Mozilla/4.0 (compatible; MSIE 7.0; Windows NT 5.1; .NET CLR 2.0.50727; .NET CLR 1.1.4322)" "www.fleca.org"
65.98.70.18 - - [06/Jun/2008:05:45:08 -0700] "GET /?M=A HTTP/1.0" 200 763 "-" "Mozilla/4.0 (compatible; MSIE 7.0; Windows NT 5.1; .NET CLR 2.0.50727; .NET CLR 1.1.4322)" "www.fleca.org"
65.98.70.18 - - [06/Jun/2008:05:45:08 -0700] "GET /tmp/ HTTP/1.0" 200 504 "-" "Mozilla/4.0 (compatible; MSIE 7.0; Windows NT 5.1; .NET CLR 2.0.50727; .NET CLR 1.1.4322)" "www.fleca.org"
65.98.70.18 - - [06/Jun/2008:05:45:08 -0700] "GET /?D=A HTTP/1.0" 200 763 "-" "Mozilla/4.0 (compatible; MSIE 7.0; Windows NT 5.1; .NET CLR 2.0.50727; .NET CLR 1.1.4322)" "www.fleca.org"
65.98.70.18 - - [06/Jun/2008:05:45:08 -0700] "GET /?N=D HTTP/1.0" 200 763 "-" "Mozilla/4.0 (compatible; MSIE 7.0; Windows NT 5.1; .NET CLR 2.0.50727; .NET CLR 1.1.4322)" "www.fleca.org"
65.98.70.18 - - [06/Jun/2008:05:45:08 -0700] "GET /?S=A HTTP/1.0" 200 763 "-" "Mozilla/4.0 (compatible; MSIE 7.0; Windows NT 5.1; .NET CLR 2.0.50727; .NET CLR 1.1.4322)" "www.fleca.org"
65.98.70.18 - - [06/Jun/2008:05:45:08 -0700] "GET /logs/ HTTP/1.0" 200 1786 "-" "Mozilla/4.0 (compatible; MSIE 7.0; Windows NT 5.1; .NET CLR 2.0.50727; .NET CLR 1.1.4322)" "www.fleca.org"
65.98.70.18 - - [06/Jun/2008:05:45:08 -0700] "GET /?M=D HTTP/1.0" 200 763 "-" "Mozilla/4.0 (compatible; MSIE 7.0; Windows NT 5.1; .NET CLR 2.0.50727; .NET CLR 1.1.4322)" "www.fleca.org"
65.98.70.18 - - [06/Jun/2008:05:45:09 -0700] "GET /?N=A HTTP/1.0" 200 763 "-" "Mozilla/4.0 (compatible; MSIE 7.0; Windows NT 5.1; .NET CLR 2.0.50727; .NET CLR 1.1.4322)" "www.fleca.org"
65.98.70.18 - - [06/Jun/2008:05:45:09 -0700] "GET /tmp/?D=A HTTP/1.0" 200 504 "-" "Mozilla/4.0 (compatible; MSIE 7.0; Windows NT 5.1; .NET CLR 2.0.50727; .NET CLR 1.1.4322)" "www.fleca.org"
65.98.70.18 - - [06/Jun/2008:05:45:09 -0700] "GET /tmp/?N=D HTTP/1.0" 200 504 "-" "Mozilla/4.0 (compatible; MSIE 7.0; Windows NT 5.1; .NET CLR 2.0.50727; .NET CLR 1.1.4322)" "www.fleca.org"
65.98.70.18 - - [06/Jun/2008:05:45:09 -0700] "GET /?D=D HTTP/1.0" 200 763 "-" "Mozilla/4.0 (compatible; MSIE 7.0; Windows NT 5.1; .NET CLR 2.0.50727; .NET CLR 1.1.4322)" "www.fleca.org"
65.98.70.18 - - [06/Jun/2008:05:45:09 -0700] "GET /?S=D HTTP/1.0" 200 763 "-" "Mozilla/4.0 (compatible; MSIE 7.0; Windows NT 5.1; .NET CLR 2.0.50727; .NET CLR 1.1.4322)" "www.fleca.org"
65.98.70.18 - - [06/Jun/2008:05:45:09 -0700] "GET /logs/access_080501.log HTTP/1.0" 200 200392 "-" "Mozilla/4.0 (compatible; MSIE 7.0; Windows NT 5.1; .NET CLR 2.0.50727; .NET CLR 1.1.4322)" "www.fleca.org"
65.98.70.18 - - [06/Jun/2008:05:45:10 -0700] "GET /logs/access_080329.log HTTP/1.0" 200 245526 "-" "Mozilla/4.0 (compatible; MSIE 7.0; Windows NT 5.1; .NET CLR 2.0.50727; .NET CLR 1.1.4322)" "www.fleca.org"
65.98.70.18 - - [06/Jun/2008:05:45:10 -0700] "GET /tmp/?N=A HTTP/1.0" 200 504 "-" "Mozilla/4.0 (compatible; MSIE 7.0; Windows NT 5.1; .NET CLR 2.0.50727; .NET CLR 1.1.4322)" "www.fleca.org"
208.62.12.83 - - [06/Jun/2008:08:06:13 -0700] "GET / HTTP/1.1" 200 779 "-" "Mozilla/4.0 (compatible; MSIE 6.0; Windows NT 5.1; .NET CLR 1.1.4322)" "www.fleca.org"
208.80.193.28 - - [06/Jun/2008:08:12:29 -0700] "GET / HTTP/1.0" 200 763 "-" "Mozilla/4.0 (compatible; MSIE 7.0; Windows NT 5.1; FunWebProducts; .NET CLR 1.0.3705; Comcast; Comcast)" "www.fleca.org"
74.6.18.233 - - [06/Jun/2008:09:20:02 -0700] "GET /tmp/?S=D HTTP/1.0" 200 504 "-" "Mozilla/5.0 (compatible; Yahoo! Slurp; http://help.yahoo.com/help/us/ysearch/slurp)" "www.fleca.org"
64.124.85.75 - - [06/Jun/2008:10:54:42 -0700] "GET /robots.txt HTTP/1.1" 404 275 "-" "Mozilla/5.0 (compatible; BecomeBot/3.0; +http://www.become.com/site_owners.html)" "www.fleca.org"
64.124.85.75 - - [06/Jun/2008:10:55:38 -0700] "GET / HTTP/1.1" 200 779 "-" "Mozilla/5.0 (compatible; BecomeBot/3.0; +http://www.become.com/site_owners.html)" "www.fleca.org"
67.195.37.90 - - [06/Jun/2008:11:01:28 -0700] "GET /robots.txt HTTP/1.0" 404 275 "-" "Mozilla/5.0 (compatible; Yahoo! Slurp; http://help.yahoo.com/help/us/ysearch/slurp)" "www.fleca.org"
67.195.37.90 - - [06/Jun/2008:11:01:28 -0700] "GET / HTTP/1.0" 200 763 "-" "Mozilla/5.0 (compatible; Yahoo! Slurp/3.0; http://help.yahoo.com/help/us/ysearch/slurp)" "www.fleca.org"
67.195.37.90 - - [06/Jun/2008:11:07:34 -0700] "GET /?M=A HTTP/1.0" 200 763 "-" "Mozilla/5.0 (compatible; Yahoo! Slurp/3.0; http://help.yahoo.com/help/us/ysearch/slurp)" "www.fleca.org"
67.195.37.90 - - [06/Jun/2008:11:14:33 -0700] "GET /?N=A HTTP/1.0" 200 763 "-" "Mozilla/5.0 (compatible; Yahoo! Slurp/3.0; http://help.yahoo.com/help/us/ysearch/slurp)" "www.fleca.org"
67.195.37.90 - - [06/Jun/2008:11:20:14 -0700] "GET /?M=D HTTP/1.0" 200 763 "-" "Mozilla/5.0 (compatible; Yahoo! Slurp/3.0; http://help.yahoo.com/help/us/ysearch/slurp)" "www.fleca.org"
32.97.110.142 - - [06/Jun/2008:13:41:43 -0700] "GET / HTTP/1.1" 200 779 "-" "Mozilla/4.0 (compatible; MSIE 6.0; Windows NT 5.1)" "fleca.org"
32.97.110.142 - - [06/Jun/2008:13:41:43 -0700] "GET /?N=D HTTP/1.1" 200 779 "-" "Mozilla/4.0 (compatible; MSIE 6.0; Windows NT 5.1; SV1; .NET CLR 1.1.4322; InfoPath.1)" "fleca.org"
32.97.110.142 - - [06/Jun/2008:13:41:44 -0700] "GET /?N=A HTTP/1.1" 200 779 "-" "Mozilla/4.0 (compatible; MSIE 6.0; Windows NT 5.1; SV1; .NET CLR 1.1.4322)" "fleca.org"
32.97.110.142 - - [06/Jun/2008:13:41:45 -0700] "GET /logs/access_080301.log HTTP/1.1" 200 92270 "-" "Mozilla/4.0 (compatible; MSIE 6.0; Windows NT 5.1)" "fleca.org"
32.97.110.142 - - [06/Jun/2008:13:41:47 -0700] "GET /logs/access_080531.log HTTP/1.1" 200 199161 "-" "Mozilla/4.0 (compatible; MSIE 6.0; Windows NT 5.1; SV1; .NET)" "fleca.org"
32.97.110.142 - - [06/Jun/2008:13:41:52 -0700] "GET /logs/access_080329.log HTTP/1.1" 200 245526 "-" "Mozilla/4.0 (compatible; MSIE 6.0; Windows NT 5.1)" "fleca.org"
32.97.110.142 - - [06/Jun/2008:13:41:53 -0700] "GET /logs/?M=A HTTP/1.1" 200 1802 "-" "Mozilla/4.0 (compatible; MSIE 6.0; Windows NT 5.1; SV1; .NET CLR 1.1.4322)" "fleca.org"
32.97.110.142 - - [06/Jun/2008:13:41:54 -0700] "GET /logs/?M=D HTTP/1.1" 200 1802 "-" "Mozilla/5.0 (Windows; U; Windows NT 5.1; en-US; rv:1.8.0.7) Gecko/20060909 Firefox/1.5.0.7" "fleca.org"
32.97.110.142 - - [06/Jun/2008:13:41:54 -0700] "GET /logs/?D=A HTTP/1.1" 200 1802 "-" "Mozilla/4.0 (compatible; MSIE 6.0; Windows NT 5.1)" "fleca.org"
32.97.110.142 - - [06/Jun/2008:13:41:55 -0700] "GET /logs/?D=D HTTP/1.1" 200 1802 "-" "Mozilla/4.0 (compatible; MSIE 6.0; Windows NT 5.1; SV1; .NET CLR 1.1.4322; InfoPath.1)" "fleca.org"
32.97.110.142 - - [06/Jun/2008:13:41:56 -0700] "GET /logs/access.log HTTP/1.1" 200 31113 "-" "Mozilla/5.0 (Windows; U; Windows NT 5.1; en-US; rv:1.8.0.7) Gecko/20060909 Firefox/1.5.0.7" "fleca.org"
32.97.110.142 - - [06/Jun/2008:13:41:57 -0700] "GET /?M=A HTTP/1.1" 200 779 "-" "Mozilla/4.0 (compatible; MSIE 6.0; Windows NT 5.1)" "fleca.org"
32.97.110.142 - - [06/Jun/2008:13:41:57 -0700] "GET /?M=D HTTP/1.1" 200 779 "-" "Mozilla/4.0 (compatible; MSIE 6.0; Windows NT 5.1; SV1; .NET)" "fleca.org"
32.97.110.142 - - [06/Jun/2008:13:41:58 -0700] "GET /tmp/ HTTP/1.1" 200 520 "-" "Mozilla/5.0 (Windows; U; Windows NT 5.1; en-US; rv:1.8.0.7) Gecko/20060909 Firefox/1.5.0.7" "fleca.org"
32.97.110.142 - - [06/Jun/2008:13:41:58 -0700] "GET /tmp/?N=D HTTP/1.1" 200 520 "-" "Mozilla/4.0 (compatible; MSIE 6.0; Windows NT 5.1; SV1; .NET CLR 1.1.4322; .NET CLR 2.0.50727)" "fleca.org"
32.97.110.142 - - [06/Jun/2008:13:41:59 -0700] "GET /tmp/?N=A HTTP/1.1" 200 520 "-" "Mozilla/4.0 (compatible; MSIE 6.0; Windows NT 5.1; SV1; .NET CLR 1.1.4322; InfoPath.1)" "fleca.org"
32.97.110.142 - - [06/Jun/2008:13:42:00 -0700] "GET /tmp/?A HTTP/1.1" 200 520 "-" "Mozilla/4.0 (compatible; MSIE 6.0; Windows NT 5.1; SV1; .NET CLR 1.1.4322)" "fleca.org"
32.97.110.142 - - [06/Jun/2008:13:42:00 -0700] "GET /tmp/?M=A HTTP/1.1" 200 520 "-" "Mozilla/5.0 (Windows; U; Windows NT 5.1; en-US; rv:1.8.0.7) Gecko/20060909 Firefox/1.5.0.7" "fleca.org"
32.97.110.142 - - [06/Jun/2008:13:42:01 -0700] "GET /tmp/?M=D HTTP/1.1" 200 520 "http://fillbest.com" "Mozilla/4.0 (compatible; MSIE 6.0; Windows NT 5.1; SV1; .NET CLR 1.1.4322; .NET CLR 2.0.50727)" "fleca.org"
32.97.110.142 - - [06/Jun/2008:13:42:01 -0700] "GET /tmp/?D=A HTTP/1.1" 200 520 "-" "Mozilla/4.0 (compatible; MSIE 6.0; Windows NT 5.1)" "fleca.org"
32.97.110.142 - - [06/Jun/2008:13:42:02 -0700] "GET /?D=A HTTP/1.1" 200 779 "-" "Mozilla/4.0 (compatible; MSIE 6.0; Windows NT 5.1; SV1; .NET CLR 1.1.4322)" "fleca.org"
32.97.110.142 - - [06/Jun/2008:13:42:03 -0700] "GET /?D=D HTTP/1.1" 200 779 "-" "Mozilla/4.0 (compatible; MSIE 6.0; Windows NT 5.1)" "fleca.org"
32.97.110.142 - - [06/Jun/2008:13:42:03 -0700] "GET /?A HTTP/1.1" 200 779 "-" "Mozilla/4.0 (compatible; MSIE 6.0; Windows NT 5.1; SV1; .NET CLR 1.1.4322; InfoPath.1)" "fleca.org"
32.97.110.142 - - [06/Jun/2008:13:42:04 -0700] "GET /logs/access_080331.log HTTP/1.1" 200 2482 "-" "Mozilla/4.0 (compatible; MSIE 6.0; Windows NT 5.1; SV1; .NET)" "fleca.org"
32.97.110.142 - - [06/Jun/2008:13:42:04 -0700] "GET /logs/access_080401.log HTTP/1.1" 200 3059 "-" "Mozilla/5.0 (Windows; U; Windows NT 5.1; en-US; rv:1.8.0.7) Gecko/20060909 Firefox/1.5.0.7" "fleca.org"
32.97.110.142 - - [06/Jun/2008:13:42:05 -0700] "GET /logs/access_080330.log HTTP/1.1" 200 2304 "-" "Mozilla/4.0 (compatible; MSIE 6.0; Windows NT 5.1)" "fleca.org"
32.97.110.142 - - [06/Jun/2008:13:42:06 -0700] "GET /logs/access_080501.log HTTP/1.1" 200 200392 "-" "Mozilla/4.0 (compatible; MSIE 6.0; Windows NT 5.1; SV1; .NET CLR 1.1.4322)" "fleca.org"
32.97.110.142 - - [06/Jun/2008:13:42:08 -0700] "GET /logs/access_080601.log HTTP/1.1" 200 3956 "-" "Mozilla/4.0 (compatible; MSIE 6.0; Windows NT 5.1; SV1; .NET CLR 1.1.4322; .NET CLR 2.0.50727)" "fleca.org"
32.97.110.142 - - [06/Jun/2008:13:42:08 -0700] "GET /logs/?N=A HTTP/1.1" 200 1802 "-" "Mozilla/4.0 (compatible; MSIE 6.0; Windows NT 5.1; SV1; .NET)" "fleca.org"
32.97.110.142 - - [06/Jun/2008:13:42:09 -0700] "GET /logs/?N=D HTTP/1.1" 200 1802 "-" "Mozilla/4.0 (compatible; MSIE 6.0; Windows NT 5.1; SV1; .NET CLR 1.1.4322)" "fleca.org"
74.6.18.233 - - [06/Jun/2008:14:59:29 -0700] "GET /robots.txt HTTP/1.0" 404 275 "-" "Mozilla/5.0 (compatible; Yahoo! Slurp; http://help.yahoo.com/help/us/ysearch/slurp)" "www.fleca.org"
74.6.18.233 - - [06/Jun/2008:14:59:29 -0700] "GET /?M=A HTTP/1.0" 200 763 "-" "Mozilla/5.0 (compatible; Yahoo! Slurp; http://help.yahoo.com/help/us/ysearch/slurp)" "www.fleca.org"
74.6.18.233 - - [06/Jun/2008:15:01:47 -0700] "GET /tmp/?N=A HTTP/1.0" 200 504 "-" "Mozilla/5.0 (compatible; Yahoo! Slurp; http://help.yahoo.com/help/us/ysearch/slurp)" "www.fleca.org"
70.255.174.246 - - [06/Jun/2008:16:01:18 -0700] "GET /logs/ HTTP/1.0" 200 1786 "-" "Wget/1.5.3.1" "fleca.org"
70.255.174.246 - - [06/Jun/2008:16:01:18 -0700] "GET /robots.txt HTTP/1.0" 404 275 "-" "Wget/1.5.3.1" "fleca.org"
70.255.174.246 - - [06/Jun/2008:16:01:19 -0700] "GET /logs/access.log HTTP/1.0" 200 35216 "http://fleca.org/logs/" "Wget/1.5.3.1" "fleca.org"
67.195.37.90 - - [06/Jun/2008:22:46:15 -0700] "GET /robots.txt HTTP/1.0" 404 275 "-" "Mozilla/5.0 (compatible; Yahoo! Slurp; http://help.yahoo.com/help/us/ysearch/slurp)" "www.fleca.org"
67.195.37.90 - - [06/Jun/2008:22:46:50 -0700] "GET /logs/ HTTP/1.0" 200 1786 "-" "Mozilla/5.0 (compatible; Yahoo! Slurp/3.0; http://help.yahoo.com/help/us/ysearch/slurp)" "www.fleca.org"
67.195.37.90 - - [06/Jun/2008:22:52:20 -0700] "GET /logs/?N=D HTTP/1.0" 200 1786 "-" "Mozilla/5.0 (compatible; Yahoo! Slurp/3.0; http://help.yahoo.com/help/us/ysearch/slurp)" "www.fleca.org"
67.195.37.90 - - [06/Jun/2008:22:57:21 -0700] "GET /logs/access.log HTTP/1.0" 200 36147 "-" "Mozilla/5.0 (compatible; Yahoo! Slurp/3.0; http://help.yahoo.com/help/us/ysearch/slurp)" "www.fleca.org"
74.6.18.233 - - [07/Jun/2008:03:36:39 -0700] "GET /robots.txt HTTP/1.0" 404 275 "-" "Mozilla/5.0 (compatible; Yahoo! Slurp; http://help.yahoo.com/help/us/ysearch/slurp)" "www.fleca.org"
74.6.18.233 - - [07/Jun/2008:03:36:39 -0700] "GET /logs/access_080329.log HTTP/1.0" 200 245526 "-" "Mozilla/5.0 (compatible; Yahoo! Slurp; http://help.yahoo.com/help/us/ysearch/slurp)" "www.fleca.org"
74.6.18.233 - - [07/Jun/2008:03:56:16 -0700] "GET /tmp/?D=A HTTP/1.0" 200 504 "-" "Mozilla/5.0 (compatible; Yahoo! Slurp; http://help.yahoo.com/help/us/ysearch/slurp)" "www.fleca.org"
67.195.37.90 - - [07/Jun/2008:05:03:49 -0700] "GET /robots.txt HTTP/1.0" 404 275 "-" "Mozilla/5.0 (compatible; Yahoo! Slurp; http://help.yahoo.com/help/us/ysearch/slurp)" "www.fleca.org"
67.195.37.90 - - [07/Jun/2008:05:03:49 -0700] "GET /logs/?M=A HTTP/1.0" 200 1786 "-" "Mozilla/5.0 (compatible; Yahoo! Slurp/3.0; http://help.yahoo.com/help/us/ysearch/slurp)" "www.fleca.org"
67.195.37.90 - - [07/Jun/2008:05:12:00 -0700] "GET /logs/access_080301.log HTTP/1.0" 200 92270 "-" "Mozilla/5.0 (compatible; Yahoo! Slurp/3.0; http://help.yahoo.com/help/us/ysearch/slurp)" "www.fleca.org"
67.195.37.90 - - [07/Jun/2008:05:12:45 -0700] "GET /logs/access_080601.log HTTP/1.0" 200 3956 "-" "Mozilla/5.0 (compatible; Yahoo! Slurp/3.0; http://help.yahoo.com/help/us/ysearch/slurp)" "www.fleca.org"
91.190.153.113 - - [07/Jun/2008:05:36:09 -0700] "GET / HTTP/1.0" 200 763 "-" "Mozilla/4.0 (compatible; MSIE 7.0; Windows NT 5.1; .NET CLR 2.0.50727; .NET CLR 1.1.4322)" "www.fleca.org"
91.190.153.113 - - [07/Jun/2008:05:36:09 -0700] "GET /?D=http%3A%2F%2Fwww.service-exposants.com%2Fstore%2Fiyi%2Fzobakiq%2F HTTP/1.0" 200 763 "-" "Mozilla/4.0 (compatible; MSIE 7.0; Windows NT 5.1; .NET CLR 2.0.50727; .NET CLR 1.1.4322)" "www.fleca.org"
91.190.153.113 - - [07/Jun/2008:05:36:09 -0700] "GET /?D=http%3A%2F%2Fmojazubarka.sk%2Ftest%2Fadmin%2Fsicaqe%2Fjufoxir%2F HTTP/1.0" 200 763 "-" "Mozilla/4.0 (compatible; MSIE 7.0; Windows NT 5.1; .NET CLR 2.0.50727; .NET CLR 1.1.4322)" "www.fleca.org"
91.190.153.113 - - [07/Jun/2008:05:36:09 -0700] "GET /?D=http%3A%2F%2Fwww.sfolly.net%2Fchat%2Fdata%2Fpublic%2Fuvudap%2Fome%2F HTTP/1.0" 200 763 "-" "Mozilla/4.0 (compatible; MSIE 7.0; Windows NT 5.1; .NET CLR 2.0.50727; .NET CLR 1.1.4322)" "www.fleca.org"
91.190.153.113 - - [07/Jun/2008:05:36:10 -0700] "GET /?N=http%3A%2F%2Fwww.jyvaskylankirjastot.fi%2Fyhteistyo%2Fwd%2Fmuji%2Frenula%2Fxejado%2F HTTP/1.0" 200 763 "-" "Mozilla/4.0 (compatible; MSIE 7.0; Windows NT 5.1; .NET CLR 2.0.50727; .NET CLR 1.1.4322)" "www.fleca.org"
91.190.153.113 - - [07/Jun/2008:05:36:10 -0700] "GET /?N=http%3A%2F%2Fwww.thoseguysfilms.com%2Fforums%2Ftemplates%2FsubSilver%2Fimages%2Ftimuji%2Fjaborat%2F HTTP/1.0" 200 763 "-" "Mozilla/4.0 (compatible; MSIE 7.0; Windows NT 5.1; .NET CLR 2.0.50727; .NET CLR 1.1.4322)" "www.fleca.org"
91.190.153.113 - - [07/Jun/2008:05:36:10 -0700] "GET /?N=http%3A%2F%2Fwww.tureksfuar.com.tr%2Fyeni%2Faxiyeba%2Ftebe%2F HTTP/1.0" 200 763 "-" "Mozilla/4.0 (compatible; MSIE 7.0; Windows NT 5.1; .NET CLR 2.0.50727; .NET CLR 1.1.4322)" "www.fleca.org"
91.190.153.113 - - [07/Jun/2008:05:36:10 -0700] "GET /?M=http%3A%2F%2Fwww.vlopezalvarez.com%2FPersonal%2FFotos%2FViajes%2Fxaj%2Focaceg%2F HTTP/1.0" 200 763 "-" "Mozilla/4.0 (compatible; MSIE 7.0; Windows NT 5.1; .NET CLR 2.0.50727; .NET CLR 1.1.4322)" "www.fleca.org"
91.190.153.113 - - [07/Jun/2008:05:36:11 -0700] "GET /?M=http%3A%2F%2Fwww.qualitas1988.com%2Fimages%2Feditor%2F.thumbs%2Fsowem%2Fmudi%2F HTTP/1.0" 200 763 "-" "Mozilla/4.0 (compatible; MSIE 7.0; Windows NT 5.1; .NET CLR 2.0.50727; .NET CLR 1.1.4322)" "www.fleca.org"
91.190.153.113 - - [07/Jun/2008:05:36:11 -0700] "GET /?M=http%3A%2F%2Fwww.meijers.com%2Fimages%2Fproducts%2Fubemebe%2Facuj%2F HTTP/1.0" 200 763 "-" "Mozilla/4.0 (compatible; MSIE 7.0; Windows NT 5.1; .NET CLR 2.0.50727; .NET CLR 1.1.4322)" "www.fleca.org"
91.190.153.113 - - [07/Jun/2008:05:36:11 -0700] "GET /?S=http%3A%2F%2Fwww.elettrodataservice.it%2Ffoto_articoli%2Fpivafof%2Fmibi%2F HTTP/1.0" 200 763 "-" "Mozilla/4.0 (compatible; MSIE 7.0; Windows NT 5.1; .NET CLR 2.0.50727; .NET CLR 1.1.4322)" "www.fleca.org"
91.190.153.113 - - [07/Jun/2008:05:36:11 -0700] "GET /?S=http%3A%2F%2Fwww.marsbook.co.kr%2Fmain%2Fcreated%2Fproduct%2F2%2Fmumas%2Fsuvoye%2F HTTP/1.0" 200 763 "-" "Mozilla/4.0 (compatible; MSIE 7.0; Windows NT 5.1; .NET CLR 2.0.50727; .NET CLR 1.1.4322)" "www.fleca.org"
91.190.153.113 - - [07/Jun/2008:05:36:12 -0700] "GET /?S=http%3A%2F%2Fwww.interkonet.com%2Fgaleria%2Fmodules%2Falbumselect%2Fucu%2Fyixipuz%2F HTTP/1.0" 200 763 "-" "Mozilla/4.0 (compatible; MSIE 7.0; Windows NT 5.1; .NET CLR 2.0.50727; .NET CLR 1.1.4322)" "www.fleca.org"
91.190.153.113 - - [07/Jun/2008:05:36:12 -0700] "GET /?D=A HTTP/1.0" 200 763 "-" "Mozilla/4.0 (compatible; MSIE 7.0; Windows NT 5.1; .NET CLR 2.0.50727; .NET CLR 1.1.4322)" "www.fleca.org"
91.190.153.113 - - [07/Jun/2008:05:36:12 -0700] "GET /tmp/ HTTP/1.0" 200 504 "-" "Mozilla/4.0 (compatible; MSIE 7.0; Windows NT 5.1; .NET CLR 2.0.50727; .NET CLR 1.1.4322)" "www.fleca.org"
91.190.153.113 - - [07/Jun/2008:05:36:12 -0700] "GET /?N=D HTTP/1.0" 200 763 "-" "Mozilla/4.0 (compatible; MSIE 7.0; Windows NT 5.1; .NET CLR 2.0.50727; .NET CLR 1.1.4322)" "www.fleca.org"
91.190.153.113 - - [07/Jun/2008:05:36:13 -0700] "GET /?M=A HTTP/1.0" 200 763 "-" "Mozilla/4.0 (compatible; MSIE 7.0; Windows NT 5.1; .NET CLR 2.0.50727; .NET CLR 1.1.4322)" "www.fleca.org"
91.190.153.113 - - [07/Jun/2008:05:36:13 -0700] "GET /logs/ HTTP/1.0" 200 1786 "-" "Mozilla/4.0 (compatible; MSIE 7.0; Windows NT 5.1; .NET CLR 2.0.50727; .NET CLR 1.1.4322)" "www.fleca.org"
91.190.153.113 - - [07/Jun/2008:05:36:13 -0700] "GET /?S=A HTTP/1.0" 200 763 "-" "Mozilla/4.0 (compatible; MSIE 7.0; Windows NT 5.1; .NET CLR 2.0.50727; .NET CLR 1.1.4322)" "www.fleca.org"
91.190.153.113 - - [07/Jun/2008:05:36:13 -0700] "GET /?N=A HTTP/1.0" 200 763 "-" "Mozilla/4.0 (compatible; MSIE 7.0; Windows NT 5.1; .NET CLR 2.0.50727; .NET CLR 1.1.4322)" "www.fleca.org"
91.190.153.113 - - [07/Jun/2008:05:36:14 -0700] "GET /?D=D HTTP/1.0" 200 763 "-" "Mozilla/4.0 (compatible; MSIE 7.0; Windows NT 5.1; .NET CLR 2.0.50727; .NET CLR 1.1.4322)" "www.fleca.org"
91.190.153.113 - - [07/Jun/2008:05:36:14 -0700] "GET /tmp/?D=A HTTP/1.0" 200 504 "-" "Mozilla/4.0 (compatible; MSIE 7.0; Windows NT 5.1; .NET CLR 2.0.50727; .NET CLR 1.1.4322)" "www.fleca.org"
91.190.153.113 - - [07/Jun/2008:05:36:14 -0700] "GET /tmp/?N=D HTTP/1.0" 200 504 "-" "Mozilla/4.0 (compatible; MSIE 7.0; Windows NT 5.1; .NET CLR 2.0.50727; .NET CLR 1.1.4322)" "www.fleca.org"
91.190.153.113 - - [07/Jun/2008:05:36:14 -0700] "GET /?M=D HTTP/1.0" 200 763 "-" "Mozilla/4.0 (compatible; MSIE 7.0; Windows NT 5.1; .NET CLR 2.0.50727; .NET CLR 1.1.4322)" "www.fleca.org"
91.190.153.113 - - [07/Jun/2008:05:36:15 -0700] "GET /logs/?M=A HTTP/1.0" 200 1786 "-" "Mozilla/4.0 (compatible; MSIE 7.0; Windows NT 5.1; .NET CLR 2.0.50727; .NET CLR 1.1.4322)" "www.fleca.org"
91.190.153.113 - - [07/Jun/2008:05:36:15 -0700] "GET /logs/access.log HTTP/1.0" 200 41619 "-" "Mozilla/4.0 (compatible; MSIE 7.0; Windows NT 5.1; .NET CLR 2.0.50727; .NET CLR 1.1.4322)" "www.fleca.org"
91.190.153.113 - - [07/Jun/2008:05:36:15 -0700] "GET /?S=D HTTP/1.0" 200 763 "-" "Mozilla/4.0 (compatible; MSIE 7.0; Windows NT 5.1; .NET CLR 2.0.50727; .NET CLR 1.1.4322)" "www.fleca.org"
91.190.153.113 - - [07/Jun/2008:05:36:16 -0700] "GET /tmp/?N=A HTTP/1.0" 200 504 "-" "Mozilla/4.0 (compatible; MSIE 7.0; Windows NT 5.1; .NET CLR 2.0.50727; .NET CLR 1.1.4322)" "www.fleca.org"
91.190.153.113 - - [07/Jun/2008:05:36:16 -0700] "GET /logs/?M=D HTTP/1.0" 200 1786 "-" "Mozilla/4.0 (compatible; MSIE 7.0; Windows NT 5.1; .NET CLR 2.0.50727; .NET CLR 1.1.4322)" "www.fleca.org"
67.195.37.90 - - [07/Jun/2008:07:00:03 -0700] "GET /logs/?S=A HTTP/1.0" 200 1786 "-" "Mozilla/5.0 (compatible; Yahoo! Slurp/3.0; http://help.yahoo.com/help/us/ysearch/slurp)" "www.fleca.org"
208.80.193.36 - - [07/Jun/2008:07:04:01 -0700] "GET / HTTP/1.0" 200 763 "-" "Mozilla/4.0 (compatible; MSIE 5.5; Windows 98; Win 9x 4.90; FunWebProducts; yplus 4.1.00b)" "www.fleca.org"
67.195.37.90 - - [07/Jun/2008:08:49:50 -0700] "GET /logs/access_080330.log HTTP/1.0" 200 2304 "-" "Mozilla/5.0 (compatible; Yahoo! Slurp/3.0; http://help.yahoo.com/help/us/ysearch/slurp)" "www.fleca.org"
67.195.37.90 - - [07/Jun/2008:09:05:33 -0700] "GET /logs/access_080401.log HTTP/1.0" 200 3059 "-" "Mozilla/5.0 (compatible; Yahoo! Slurp/3.0; http://help.yahoo.com/help/us/ysearch/slurp)" "www.fleca.org"
66.229.208.202 - - [07/Jun/2008:09:16:08 -0700] "GET /favicon.ico HTTP/1.1" 404 275 "-" "Mozilla/4.0 (compatible; MSIE 7.0; Windows NT 5.1; Comcast Install 1.0; .NET CLR 1.1.4322; .NET CLR 2.0.50727; InfoPath.2)" "www.fleca.org"
66.229.208.202 - - [07/Jun/2008:09:16:08 -0700] "GET / HTTP/1.1" 200 779 "http://www.cfbnetwork.com/links.html" "Mozilla/4.0 (compatible; MSIE 7.0; Windows NT 5.1; Comcast Install 1.0; .NET CLR 1.1.4322; .NET CLR 2.0.50727; InfoPath.2)" "www.fleca.org"
194.72.9.24 - - [07/Jun/2008:09:51:32 -0700] "GET /logs/access_080501.log HTTP/1.1" 200 200392 "-" "Mozilla/4.0 (compatible; MSIE 6.0; Windows NT 5.1;1813)" "www.fleca.org"
74.6.18.233 - - [07/Jun/2008:10:15:06 -0700] "GET /logs/access_080401.log HTTP/1.0" 200 3059 "-" "Mozilla/5.0 (compatible; Yahoo! Slurp; http://help.yahoo.com/help/us/ysearch/slurp)" "www.fleca.org"
66.231.189.133 - - [07/Jun/2008:10:31:42 -0700] "GET /robots.txt HTTP/1.0" 404 275 "-" "Gigabot/3.0 (http://www.gigablast.com/spider.html)" "www.fleca.org"
66.231.189.159 - - [07/Jun/2008:10:31:43 -0700] "GET /upcoming_classes HTTP/1.0" 404 275 "-" "Gigabot/3.0 (http://www.gigablast.com/spider.html)" "www.fleca.org"
67.195.37.90 - - [07/Jun/2008:10:51:41 -0700] "GET /logs/access_080329.log HTTP/1.0" 200 245526 "-" "Mozilla/5.0 (compatible; Yahoo! Slurp/3.0; http://help.yahoo.com/help/us/ysearch/slurp)" "www.fleca.org"
74.6.18.233 - - [07/Jun/2008:11:07:59 -0700] "GET /available_courses HTTP/1.0" 404 275 "-" "Mozilla/5.0 (compatible; Yahoo! Slurp; http://help.yahoo.com/help/us/ysearch/slurp)" "www.fleca.org"
74.6.18.233 - - [07/Jun/2008:12:08:42 -0700] "GET /tmp/?D=D HTTP/1.0" 200 504 "-" "Mozilla/5.0 (compatible; Yahoo! Slurp; http://help.yahoo.com/help/us/ysearch/slurp)" "www.fleca.org"
216.189.169.60 - - [07/Jun/2008:12:43:37 -0700] "HEAD / HTTP/1.1" 200 0 "-" "Linkbot" "www.fleca.org"
216.189.169.60 - - [07/Jun/2008:13:22:18 -0700] "HEAD / HTTP/1.1" 200 0 "-" "Linkbot" "www.fleca.org"
77.91.224.14 - - [07/Jun/2008:13:34:20 -0700] "GET /robots.txt HTTP/1.1" 404 275 "-" "WebAlta Crawler/2.0 (http://www.webalta.net/ru/about_webmaster.html) (Windows; U; Windows NT 5.1; ru-RU)" "www.fleca.org"
77.91.224.14 - - [07/Jun/2008:13:34:20 -0700] "GET / HTTP/1.1" 200 779 "-" "WebAlta Crawler/2.0 (http://www.webalta.net/ru/about_webmaster.html) (Windows; U; Windows NT 5.1; ru-RU)" "www.fleca.org"
216.189.169.60 - - [07/Jun/2008:13:43:37 -0700] "HEAD / HTTP/1.1" 200 0 "-" "Linkbot" "www.fleca.org"
69.11.121.166 - - [07/Jun/2008:13:43:52 -0700] "GET / HTTP/1.1" 200 779 "-" "Mozilla/4.0 (compatible ; MSIE 6.0; Windows NT 5.1)" "www.fleca.org"
69.11.121.166 - - [07/Jun/2008:13:44:43 -0700] "GET / HTTP/1.1" 200 779 "-" "Mozilla/4.0 (compatible ; MSIE 6.0; Windows NT 5.1)" "www.fleca.org"
65.55.213.74 - - [07/Jun/2008:14:43:48 -0700] "GET /robots.txt HTTP/1.0" 404 275 "-" "msnbot-media/1.0 (+http://search.msn.com/msnbot.htm)" "www.fleca.org"
65.55.213.74 - - [07/Jun/2008:14:43:48 -0700] "GET / HTTP/1.0" 200 763 "-" "msnbot-media/1.0 (+http://search.msn.com/msnbot.htm)" "www.fleca.org"
66.249.65.7 - - [07/Jun/2008:18:48:41 -0700] "GET /robots.txt HTTP/1.1" 404 275 "-" "Mozilla/5.0 (compatible; Googlebot/2.1; +http://www.google.com/bot.html)" "www.fleca.org"
66.249.65.7 - - [07/Jun/2008:18:48:41 -0700] "GET /logs/access_080401.log HTTP/1.1" 304 - "-" "Mozilla/5.0 (compatible; Googlebot/2.1; +http://www.google.com/bot.html)" "www.fleca.org"
77.91.224.14 - - [07/Jun/2008:19:00:34 -0700] "GET /robots.txt HTTP/1.1" 404 275 "-" "WebAlta Crawler/2.0 (http://www.webalta.net/ru/about_webmaster.html) (Windows; U; Windows NT 5.1; ru-RU)" "www.fleca.org"
77.91.224.14 - - [07/Jun/2008:19:00:34 -0700] "GET / HTTP/1.1" 200 779 "-" "WebAlta Crawler/2.0 (http://www.webalta.net/ru/about_webmaster.html) (Windows; U; Windows NT 5.1; ru-RU)" "www.fleca.org"
67.195.37.90 - - [07/Jun/2008:22:00:30 -0700] "GET /robots.txt HTTP/1.0" 404 275 "-" "Mozilla/5.0 (compatible; Yahoo! Slurp; http://help.yahoo.com/help/us/ysearch/slurp)" "www.fleca.org"
67.195.37.90 - - [07/Jun/2008:22:00:30 -0700] "GET /logs/access_080531.log HTTP/1.0" 200 199161 "-" "Mozilla/5.0 (compatible; Yahoo! Slurp/3.0; http://help.yahoo.com/help/us/ysearch/slurp)" "www.fleca.org"
66.249.72.229 - - [07/Jun/2008:22:38:50 -0700] "GET /logs/access_080329.log HTTP/1.1" 200 245526 "-" "Mozilla/5.0 (compatible; Googlebot/2.1; +http://www.google.com/bot.html)" "www.fleca.org"
69.11.121.166 - - [07/Jun/2008:23:32:11 -0700] "GET / HTTP/1.1" 200 779 "-" "Mozilla/4.0 (compatible ; MSIE 6.0; Windows NT 5.1)" "www.fleca.org"
69.11.121.166 - - [08/Jun/2008:00:27:00 -0700] "GET / HTTP/1.1" 200 779 "-" "Mozilla/4.0 (compatible ; MSIE 6.0; Windows NT 5.1)" "www.fleca.org"
194.72.9.24 - - [08/Jun/2008:01:10:48 -0700] "GET /logs/access_080329.log HTTP/1.1" 200 245526 "-" "c jBdqkymmlf8jxBqijnbq" "www.fleca.org"
74.6.18.233 - - [08/Jun/2008:01:39:50 -0700] "GET /robots.txt HTTP/1.0" 404 275 "-" "Mozilla/5.0 (compatible; Yahoo! Slurp; http://help.yahoo.com/help/us/ysearch/slurp)" "www.fleca.org"
